{"id":3214,"date":"2023-10-13T01:25:18","date_gmt":"2023-10-13T04:25:18","guid":{"rendered":"https:\/\/web.inf.ufpr.br\/pet\/?page_id=3214"},"modified":"2024-03-24T16:22:06","modified_gmt":"2024-03-24T19:22:06","slug":"cafe-do-dinf","status":"publish","type":"page","link":"https:\/\/web.inf.ufpr.br\/pet\/cafe-do-dinf\/","title":{"rendered":"Caf\u00e9 do DINF"},"content":{"rendered":"\t\t<div data-elementor-type=\"wp-page\" data-elementor-id=\"3214\" class=\"elementor elementor-3214\">\n\t\t\t\t\t\t<section class=\"elementor-section elementor-top-section elementor-element elementor-element-d8f89c2 elementor-section-boxed elementor-section-height-default elementor-section-height-default\" data-id=\"d8f89c2\" data-element_type=\"section\" data-e-type=\"section\">\n\t\t\t\t\t\t<div class=\"elementor-container elementor-column-gap-default\">\n\t\t\t\t\t<div class=\"elementor-column elementor-col-100 elementor-top-column elementor-element elementor-element-71b12b8\" data-id=\"71b12b8\" data-element_type=\"column\" data-e-type=\"column\">\n\t\t\t<div class=\"elementor-widget-wrap elementor-element-populated\">\n\t\t\t\t\t\t<div class=\"elementor-element elementor-element-6d61621 elementor-widget elementor-widget-text-editor\" data-id=\"6d61621\" data-element_type=\"widget\" data-e-type=\"widget\" data-widget_type=\"text-editor.default\">\n\t\t\t\t<div class=\"elementor-widget-container\">\n\t\t\t\t\t\t\t\t\t<p>O<strong> Caf\u00e9 do DINF<\/strong>, uma iniciativa inovadora do PET Computa\u00e7\u00e3o em colabora\u00e7\u00e3o com o <strong>Departamento de Inform\u00e1tica<\/strong> e o <strong>Programa de P\u00f3s-Gradua\u00e7\u00e3o em Inform\u00e1tica<\/strong>, prop\u00f5e uma s\u00e9rie de encontros e palestras din\u00e2micas. Estas sess\u00f5es s\u00e3o dedicadas a discutir os projetos de pesquisa e extens\u00e3o liderados pelos professores do departamento, visando estreitar o v\u00ednculo entre os alunos e as diversas \u00e1reas de pesquisa e atividades de extens\u00e3o.<\/p><p>O projeto tem como um de seus principais objetivos oferecer aos estudantes de Ci\u00eancia da Computa\u00e7\u00e3o e Inform\u00e1tica Biom\u00e9dica, sejam eles novatos ou veteranos, a oportunidade de interagir mais estreitamente com os docentes fora do ambiente formal das salas de aula, organizando reuni\u00f5es mensais para tal fim. Al\u00e9m de focar em projetos de pesquisa, as futuras reuni\u00f5es tamb\u00e9m se prop\u00f5em a cobrir uma variedade de t\u00f3picos de interesse acad\u00eamico, incluindo quest\u00f5es educacionais, pol\u00edticas e tecnol\u00f3gicas atuais.<\/p><p>Esses encontros <strong>s\u00e3o abertos tanto para membros da comunidade interna quanto externa da UFPR<\/strong>, e tanto o PET Computa\u00e7\u00e3o quanto o Departamento de Inform\u00e1tica estendem um convite caloroso a todos os interessados para se juntarem a essas discuss\u00f5es enriquecedoras.<\/p>\t\t\t\t\t\t\t\t<\/div>\n\t\t\t\t<\/div>\n\t\t\t\t\t<\/div>\n\t\t<\/div>\n\t\t\t\t\t<\/div>\n\t\t<\/section>\n\t\t\t\t<section class=\"elementor-section elementor-top-section elementor-element elementor-element-645ad8f elementor-section-boxed elementor-section-height-default elementor-section-height-default\" data-id=\"645ad8f\" data-element_type=\"section\" data-e-type=\"section\">\n\t\t\t\t\t\t<div class=\"elementor-container elementor-column-gap-default\">\n\t\t\t\t\t<div class=\"elementor-column elementor-col-100 elementor-top-column elementor-element elementor-element-c58cfb6\" data-id=\"c58cfb6\" data-element_type=\"column\" data-e-type=\"column\">\n\t\t\t<div class=\"elementor-widget-wrap elementor-element-populated\">\n\t\t\t\t\t\t<div class=\"elementor-element elementor-element-53df0aa elementor-widget elementor-widget-heading\" data-id=\"53df0aa\" data-element_type=\"widget\" data-e-type=\"widget\" data-widget_type=\"heading.default\">\n\t\t\t\t<div class=\"elementor-widget-container\">\n\t\t\t\t\t<h3 class=\"elementor-heading-title elementor-size-default\">Pr\u00f3ximos encontros<\/h3>\t\t\t\t<\/div>\n\t\t\t\t<\/div>\n\t\t\t\t\t<\/div>\n\t\t<\/div>\n\t\t\t\t\t<\/div>\n\t\t<\/section>\n\t\t\t\t<section class=\"elementor-section elementor-top-section elementor-element elementor-element-9e483ff elementor-section-boxed elementor-section-height-default elementor-section-height-default\" data-id=\"9e483ff\" data-element_type=\"section\" data-e-type=\"section\">\n\t\t\t\t\t\t<div class=\"elementor-container elementor-column-gap-default\">\n\t\t\t\t\t<div class=\"elementor-column elementor-col-100 elementor-top-column elementor-element elementor-element-45372cc\" data-id=\"45372cc\" data-element_type=\"column\" data-e-type=\"column\">\n\t\t\t<div class=\"elementor-widget-wrap elementor-element-populated\">\n\t\t\t\t\t\t<div class=\"elementor-element elementor-element-b4faa87 elementor-widget elementor-widget-text-editor\" data-id=\"b4faa87\" data-element_type=\"widget\" data-e-type=\"widget\" data-widget_type=\"text-editor.default\">\n\t\t\t\t<div class=\"elementor-widget-container\">\n\t\t\t\t\t\t\t\t\t<div class=\"flex flex-grow flex-col max-w-full\"><div class=\"min-h-[20px] text-message flex flex-col items-start gap-3 whitespace-pre-wrap break-words [.text-message+&amp;]:mt-5 overflow-x-auto\" data-message-author-role=\"assistant\" data-message-id=\"a07cb42a-a81b-4dab-9b51-4929117e7b30\"><div class=\"markdown prose w-full break-words dark:prose-invert dark\"><p>Com a presen\u00e7a dos renomados professores <strong>Roberto Pereira<\/strong>, <strong>Rachel Reis<\/strong> e <strong>Marcos Sunye<\/strong>, o evento ser\u00e1 realizado no dia <strong>25 de mar\u00e7o<\/strong> de 2024, em um local que ser\u00e1 anunciado em breve.<\/p><\/div><p>O <strong>futuro da universidade p\u00fablica<\/strong> se desenha no horizonte como um palco de transforma\u00e7\u00f5es profundas e necess\u00e1rias, onde a inova\u00e7\u00e3o e a inclus\u00e3o devem caminhar lado a lado. Em uma roda de conversa sobre temas que tangenciam a vida acad\u00eamica, especialistas e estudantes se debru\u00e7am sobre as nuances desse futuro, discutindo desde a democratiza\u00e7\u00e3o do acesso \u00e0 educa\u00e7\u00e3o at\u00e9 a integra\u00e7\u00e3o de novas tecnologias no processo de aprendizagem.<\/p><p>Esses di\u00e1logos s\u00e3o essenciais para moldar uma vis\u00e3o coletiva que reconhece a universidade n\u00e3o apenas como um espa\u00e7o de saber, mas tamb\u00e9m como um ambiente din\u00e2mico de trocas culturais, sociais e intelectuais. Assim, o futuro das universidades p\u00fablicas se configura numa busca constante pela excel\u00eancia educacional, sem perder de vista o seu papel fundamental na promo\u00e7\u00e3o da equidade e no desenvolvimento sustent\u00e1vel da sociedade.<\/p><\/div><\/div>\t\t\t\t\t\t\t\t<\/div>\n\t\t\t\t<\/div>\n\t\t\t\t\t<\/div>\n\t\t<\/div>\n\t\t\t\t\t<\/div>\n\t\t<\/section>\n\t\t\t\t<section class=\"elementor-section elementor-top-section elementor-element elementor-element-b9e9d4a elementor-section-boxed elementor-section-height-default elementor-section-height-default\" data-id=\"b9e9d4a\" data-element_type=\"section\" data-e-type=\"section\">\n\t\t\t\t\t\t<div class=\"elementor-container elementor-column-gap-default\">\n\t\t\t\t\t<div class=\"elementor-column elementor-col-33 elementor-top-column elementor-element elementor-element-a06179c\" data-id=\"a06179c\" data-element_type=\"column\" data-e-type=\"column\">\n\t\t\t<div class=\"elementor-widget-wrap elementor-element-populated\">\n\t\t\t\t\t\t<div class=\"elementor-element elementor-element-2485bf0 elementor-widget elementor-widget-image\" data-id=\"2485bf0\" data-element_type=\"widget\" data-e-type=\"widget\" data-widget_type=\"image.default\">\n\t\t\t\t<div class=\"elementor-widget-container\">\n\t\t\t\t\t\t\t\t\t\t\t\t\t\t\t<img fetchpriority=\"high\" decoding=\"async\" width=\"1024\" height=\"1024\" src=\"https:\/\/web.inf.ufpr.br\/pet\/wp-content\/uploads\/sites\/17\/2024\/03\/1-1024x1024.png\" class=\"attachment-large size-large wp-image-3524\" alt=\"\" srcset=\"https:\/\/web.inf.ufpr.br\/pet\/wp-content\/uploads\/sites\/17\/2024\/03\/1-1024x1024.png 1024w, https:\/\/web.inf.ufpr.br\/pet\/wp-content\/uploads\/sites\/17\/2024\/03\/1-300x300.png 300w, https:\/\/web.inf.ufpr.br\/pet\/wp-content\/uploads\/sites\/17\/2024\/03\/1-150x150.png 150w, https:\/\/web.inf.ufpr.br\/pet\/wp-content\/uploads\/sites\/17\/2024\/03\/1-768x768.png 768w, https:\/\/web.inf.ufpr.br\/pet\/wp-content\/uploads\/sites\/17\/2024\/03\/1-1536x1536.png 1536w, https:\/\/web.inf.ufpr.br\/pet\/wp-content\/uploads\/sites\/17\/2024\/03\/1-2048x2048.png 2048w, https:\/\/web.inf.ufpr.br\/pet\/wp-content\/uploads\/sites\/17\/2024\/03\/1-1080x1080.png 1080w\" sizes=\"(max-width: 1024px) 100vw, 1024px\" \/>\t\t\t\t\t\t\t\t\t\t\t\t\t\t\t<\/div>\n\t\t\t\t<\/div>\n\t\t\t\t\t<\/div>\n\t\t<\/div>\n\t\t\t\t<div class=\"elementor-column elementor-col-33 elementor-top-column elementor-element elementor-element-591c134\" data-id=\"591c134\" data-element_type=\"column\" data-e-type=\"column\">\n\t\t\t<div class=\"elementor-widget-wrap elementor-element-populated\">\n\t\t\t\t\t\t<div class=\"elementor-element elementor-element-f6fee6a elementor-widget elementor-widget-image\" data-id=\"f6fee6a\" data-element_type=\"widget\" data-e-type=\"widget\" data-widget_type=\"image.default\">\n\t\t\t\t<div class=\"elementor-widget-container\">\n\t\t\t\t\t\t\t\t\t\t\t\t\t\t\t<img decoding=\"async\" width=\"1024\" height=\"1024\" src=\"https:\/\/web.inf.ufpr.br\/pet\/wp-content\/uploads\/sites\/17\/2024\/03\/2-1024x1024.png\" class=\"attachment-large size-large wp-image-3526\" alt=\"\" srcset=\"https:\/\/web.inf.ufpr.br\/pet\/wp-content\/uploads\/sites\/17\/2024\/03\/2-1024x1024.png 1024w, https:\/\/web.inf.ufpr.br\/pet\/wp-content\/uploads\/sites\/17\/2024\/03\/2-300x300.png 300w, https:\/\/web.inf.ufpr.br\/pet\/wp-content\/uploads\/sites\/17\/2024\/03\/2-150x150.png 150w, https:\/\/web.inf.ufpr.br\/pet\/wp-content\/uploads\/sites\/17\/2024\/03\/2-768x768.png 768w, https:\/\/web.inf.ufpr.br\/pet\/wp-content\/uploads\/sites\/17\/2024\/03\/2-1536x1536.png 1536w, https:\/\/web.inf.ufpr.br\/pet\/wp-content\/uploads\/sites\/17\/2024\/03\/2-2048x2048.png 2048w, https:\/\/web.inf.ufpr.br\/pet\/wp-content\/uploads\/sites\/17\/2024\/03\/2-1080x1080.png 1080w\" sizes=\"(max-width: 1024px) 100vw, 1024px\" \/>\t\t\t\t\t\t\t\t\t\t\t\t\t\t\t<\/div>\n\t\t\t\t<\/div>\n\t\t\t\t\t<\/div>\n\t\t<\/div>\n\t\t\t\t<div class=\"elementor-column elementor-col-33 elementor-top-column elementor-element elementor-element-e85fd0f\" data-id=\"e85fd0f\" data-element_type=\"column\" data-e-type=\"column\">\n\t\t\t<div class=\"elementor-widget-wrap elementor-element-populated\">\n\t\t\t\t\t\t<div class=\"elementor-element elementor-element-5b7011f elementor-widget elementor-widget-image\" data-id=\"5b7011f\" data-element_type=\"widget\" data-e-type=\"widget\" data-widget_type=\"image.default\">\n\t\t\t\t<div class=\"elementor-widget-container\">\n\t\t\t\t\t\t\t\t\t\t\t\t\t\t\t<img decoding=\"async\" width=\"1024\" height=\"1024\" src=\"https:\/\/web.inf.ufpr.br\/pet\/wp-content\/uploads\/sites\/17\/2024\/03\/3-1024x1024.png\" class=\"attachment-large size-large wp-image-3527\" alt=\"\" srcset=\"https:\/\/web.inf.ufpr.br\/pet\/wp-content\/uploads\/sites\/17\/2024\/03\/3-1024x1024.png 1024w, https:\/\/web.inf.ufpr.br\/pet\/wp-content\/uploads\/sites\/17\/2024\/03\/3-300x300.png 300w, https:\/\/web.inf.ufpr.br\/pet\/wp-content\/uploads\/sites\/17\/2024\/03\/3-150x150.png 150w, https:\/\/web.inf.ufpr.br\/pet\/wp-content\/uploads\/sites\/17\/2024\/03\/3-768x768.png 768w, https:\/\/web.inf.ufpr.br\/pet\/wp-content\/uploads\/sites\/17\/2024\/03\/3-1536x1536.png 1536w, https:\/\/web.inf.ufpr.br\/pet\/wp-content\/uploads\/sites\/17\/2024\/03\/3-2048x2048.png 2048w, https:\/\/web.inf.ufpr.br\/pet\/wp-content\/uploads\/sites\/17\/2024\/03\/3-1080x1080.png 1080w\" sizes=\"(max-width: 1024px) 100vw, 1024px\" \/>\t\t\t\t\t\t\t\t\t\t\t\t\t\t\t<\/div>\n\t\t\t\t<\/div>\n\t\t\t\t\t<\/div>\n\t\t<\/div>\n\t\t\t\t\t<\/div>\n\t\t<\/section>\n\t\t\t\t<section class=\"elementor-section elementor-top-section elementor-element elementor-element-aa79a90 elementor-section-boxed elementor-section-height-default elementor-section-height-default\" data-id=\"aa79a90\" data-element_type=\"section\" data-e-type=\"section\">\n\t\t\t\t\t\t<div class=\"elementor-container elementor-column-gap-default\">\n\t\t\t\t\t<div class=\"elementor-column elementor-col-33 elementor-top-column elementor-element elementor-element-21c73b6\" data-id=\"21c73b6\" data-element_type=\"column\" data-e-type=\"column\">\n\t\t\t<div class=\"elementor-widget-wrap elementor-element-populated\">\n\t\t\t\t\t\t<div class=\"elementor-element elementor-element-1e08c6b elementor-widget elementor-widget-image\" data-id=\"1e08c6b\" data-element_type=\"widget\" data-e-type=\"widget\" data-widget_type=\"image.default\">\n\t\t\t\t<div class=\"elementor-widget-container\">\n\t\t\t\t\t\t\t\t\t\t\t\t\t\t\t<img loading=\"lazy\" decoding=\"async\" width=\"1024\" height=\"1024\" src=\"https:\/\/web.inf.ufpr.br\/pet\/wp-content\/uploads\/sites\/17\/2024\/03\/4-1024x1024.png\" class=\"attachment-large size-large wp-image-3528\" alt=\"\" srcset=\"https:\/\/web.inf.ufpr.br\/pet\/wp-content\/uploads\/sites\/17\/2024\/03\/4-1024x1024.png 1024w, https:\/\/web.inf.ufpr.br\/pet\/wp-content\/uploads\/sites\/17\/2024\/03\/4-300x300.png 300w, https:\/\/web.inf.ufpr.br\/pet\/wp-content\/uploads\/sites\/17\/2024\/03\/4-150x150.png 150w, https:\/\/web.inf.ufpr.br\/pet\/wp-content\/uploads\/sites\/17\/2024\/03\/4-768x768.png 768w, https:\/\/web.inf.ufpr.br\/pet\/wp-content\/uploads\/sites\/17\/2024\/03\/4-1536x1536.png 1536w, https:\/\/web.inf.ufpr.br\/pet\/wp-content\/uploads\/sites\/17\/2024\/03\/4-2048x2048.png 2048w, https:\/\/web.inf.ufpr.br\/pet\/wp-content\/uploads\/sites\/17\/2024\/03\/4-1080x1080.png 1080w\" sizes=\"(max-width: 1024px) 100vw, 1024px\" \/>\t\t\t\t\t\t\t\t\t\t\t\t\t\t\t<\/div>\n\t\t\t\t<\/div>\n\t\t\t\t\t<\/div>\n\t\t<\/div>\n\t\t\t\t<div class=\"elementor-column elementor-col-33 elementor-top-column elementor-element elementor-element-d928f1f\" data-id=\"d928f1f\" data-element_type=\"column\" data-e-type=\"column\">\n\t\t\t<div class=\"elementor-widget-wrap elementor-element-populated\">\n\t\t\t\t\t\t<div class=\"elementor-element elementor-element-d76f387 elementor-widget elementor-widget-image\" data-id=\"d76f387\" data-element_type=\"widget\" data-e-type=\"widget\" data-widget_type=\"image.default\">\n\t\t\t\t<div class=\"elementor-widget-container\">\n\t\t\t\t\t\t\t\t\t\t\t\t\t\t\t<img loading=\"lazy\" decoding=\"async\" width=\"1024\" height=\"1024\" src=\"https:\/\/web.inf.ufpr.br\/pet\/wp-content\/uploads\/sites\/17\/2024\/03\/5-1024x1024.png\" class=\"attachment-large size-large wp-image-3529\" alt=\"\" srcset=\"https:\/\/web.inf.ufpr.br\/pet\/wp-content\/uploads\/sites\/17\/2024\/03\/5-1024x1024.png 1024w, https:\/\/web.inf.ufpr.br\/pet\/wp-content\/uploads\/sites\/17\/2024\/03\/5-300x300.png 300w, https:\/\/web.inf.ufpr.br\/pet\/wp-content\/uploads\/sites\/17\/2024\/03\/5-150x150.png 150w, https:\/\/web.inf.ufpr.br\/pet\/wp-content\/uploads\/sites\/17\/2024\/03\/5-768x768.png 768w, https:\/\/web.inf.ufpr.br\/pet\/wp-content\/uploads\/sites\/17\/2024\/03\/5-1536x1536.png 1536w, https:\/\/web.inf.ufpr.br\/pet\/wp-content\/uploads\/sites\/17\/2024\/03\/5-2048x2048.png 2048w, https:\/\/web.inf.ufpr.br\/pet\/wp-content\/uploads\/sites\/17\/2024\/03\/5-1080x1080.png 1080w\" sizes=\"(max-width: 1024px) 100vw, 1024px\" \/>\t\t\t\t\t\t\t\t\t\t\t\t\t\t\t<\/div>\n\t\t\t\t<\/div>\n\t\t\t\t\t<\/div>\n\t\t<\/div>\n\t\t\t\t<div class=\"elementor-column elementor-col-33 elementor-top-column elementor-element elementor-element-ded399a\" data-id=\"ded399a\" data-element_type=\"column\" data-e-type=\"column\">\n\t\t\t<div class=\"elementor-widget-wrap\">\n\t\t\t\t\t\t\t<\/div>\n\t\t<\/div>\n\t\t\t\t\t<\/div>\n\t\t<\/section>\n\t\t\t\t<\/div>\n\t\t","protected":false},"excerpt":{"rendered":"<p>O Caf\u00e9 do DINF, uma iniciativa inovadora do PET Computa\u00e7\u00e3o em colabora\u00e7\u00e3o com o Departamento de Inform\u00e1tica e o Programa de P\u00f3s-Gradua\u00e7\u00e3o em Inform\u00e1tica, prop\u00f5e uma s\u00e9rie de encontros e palestras din\u00e2micas. Estas sess\u00f5es s\u00e3o dedicadas a discutir os projetos de pesquisa e extens\u00e3o liderados pelos professores do departamento, visando estreitar o v\u00ednculo entre os&hellip; <br \/> <a class=\"read-more\" href=\"https:\/\/web.inf.ufpr.br\/pet\/cafe-do-dinf\/\">Leia mais<\/a><\/p>\n","protected":false},"author":26,"featured_media":0,"parent":0,"menu_order":0,"comment_status":"closed","ping_status":"closed","template":"","meta":{"footnotes":""},"class_list":["post-3214","page","type-page","status-publish","hentry"],"_links":{"self":[{"href":"https:\/\/web.inf.ufpr.br\/pet\/wp-json\/wp\/v2\/pages\/3214","targetHints":{"allow":["GET"]}}],"collection":[{"href":"https:\/\/web.inf.ufpr.br\/pet\/wp-json\/wp\/v2\/pages"}],"about":[{"href":"https:\/\/web.inf.ufpr.br\/pet\/wp-json\/wp\/v2\/types\/page"}],"author":[{"embeddable":true,"href":"https:\/\/web.inf.ufpr.br\/pet\/wp-json\/wp\/v2\/users\/26"}],"replies":[{"embeddable":true,"href":"https:\/\/web.inf.ufpr.br\/pet\/wp-json\/wp\/v2\/comments?post=3214"}],"version-history":[{"count":35,"href":"https:\/\/web.inf.ufpr.br\/pet\/wp-json\/wp\/v2\/pages\/3214\/revisions"}],"predecessor-version":[{"id":3535,"href":"https:\/\/web.inf.ufpr.br\/pet\/wp-json\/wp\/v2\/pages\/3214\/revisions\/3535"}],"wp:attachment":[{"href":"https:\/\/web.inf.ufpr.br\/pet\/wp-json\/wp\/v2\/media?parent=3214"}],"curies":[{"name":"wp","href":"https:\/\/api.w.org\/{rel}","templated":true}]}}