{"id":144,"date":"2018-06-29T09:30:23","date_gmt":"2018-06-29T12:30:23","guid":{"rendered":"http:\/\/web.inf.ufpr.br\/pet\/?page_id=144"},"modified":"2024-09-13T09:04:20","modified_gmt":"2024-09-13T12:04:20","slug":"adega","status":"publish","type":"page","link":"https:\/\/web.inf.ufpr.br\/pet\/projetos\/adega\/","title":{"rendered":"ADEGA"},"content":{"rendered":"\t\t<div data-elementor-type=\"wp-post\" data-elementor-id=\"144\" class=\"elementor elementor-144\">\n\t\t\t\t\t\t<section class=\"elementor-section elementor-top-section elementor-element elementor-element-7fc33f0 elementor-section-boxed elementor-section-height-default elementor-section-height-default\" data-id=\"7fc33f0\" data-element_type=\"section\" data-e-type=\"section\">\n\t\t\t\t\t\t<div class=\"elementor-container elementor-column-gap-default\">\n\t\t\t\t\t<div class=\"elementor-column elementor-col-100 elementor-top-column elementor-element elementor-element-d8c7e26\" data-id=\"d8c7e26\" data-element_type=\"column\" data-e-type=\"column\">\n\t\t\t<div class=\"elementor-widget-wrap elementor-element-populated\">\n\t\t\t\t\t\t<div class=\"elementor-element elementor-element-74e25ce elementor-widget elementor-widget-text-editor\" data-id=\"74e25ce\" data-element_type=\"widget\" data-e-type=\"widget\" data-widget_type=\"text-editor.default\">\n\t\t\t\t<div class=\"elementor-widget-container\">\n\t\t\t\t\t\t\t\t\t<p>A sigla ADEGA (An\u00e1lise de Dados Estat\u00edsticos da Grade Acad\u00eamica) define o sistema web desenvolvido para auxiliar coordenadores de cursos na administra\u00e7\u00e3o de processos de gradua\u00e7\u00e3o.<\/p><p>O sistema oferece an\u00e1lises como o \u00cdndice de Rendimento Acad\u00eamico (IRA) m\u00e9dio dos cursos, a taxa de reprova\u00e7\u00e3o das disciplinas e as m\u00e9tricas evas\u00e3o por semestre. Com os dados em m\u00e3os, \u00e9 poss\u00edvel que a sua an\u00e1lise auxilie o corpo educacional a identificar problemas na grade curricular dos cursos e monitorar, de forma mais eficiente, o desempenho dos discentes.<\/p><p>O desenvolvimento inicial do projeto foi feito se utilizando de Python e Django, j\u00e1 atualmente est\u00e1 sendo reestruturado em Ruby on Rails, sob orienta\u00e7\u00e3o do professor Bruno Muller Jr.<\/p>\t\t\t\t\t\t\t\t<\/div>\n\t\t\t\t<\/div>\n\t\t\t\t\t<\/div>\n\t\t<\/div>\n\t\t\t\t\t<\/div>\n\t\t<\/section>\n\t\t\t\t<section class=\"elementor-section elementor-top-section elementor-element elementor-element-27c3835 elementor-section-boxed elementor-section-height-default elementor-section-height-default\" data-id=\"27c3835\" data-element_type=\"section\" data-e-type=\"section\">\n\t\t\t\t\t\t<div class=\"elementor-container elementor-column-gap-default\">\n\t\t\t\t\t<div class=\"elementor-column elementor-col-100 elementor-top-column elementor-element elementor-element-1df8c7b\" data-id=\"1df8c7b\" data-element_type=\"column\" data-e-type=\"column\">\n\t\t\t<div class=\"elementor-widget-wrap elementor-element-populated\">\n\t\t\t\t\t\t<div class=\"elementor-element elementor-element-e4eec3b elementor-tabs-view-horizontal elementor-widget elementor-widget-tabs\" data-id=\"e4eec3b\" data-element_type=\"widget\" data-e-type=\"widget\" data-widget_type=\"tabs.default\">\n\t\t\t\t<div class=\"elementor-widget-container\">\n\t\t\t\t\t\t\t<div class=\"elementor-tabs\">\n\t\t\t<div class=\"elementor-tabs-wrapper\" role=\"tablist\" >\n\t\t\t\t\t\t\t\t\t<div id=\"elementor-tab-title-2401\" class=\"elementor-tab-title elementor-tab-desktop-title\" aria-selected=\"true\" data-tab=\"1\" role=\"tab\" tabindex=\"0\" aria-controls=\"elementor-tab-content-2401\" aria-expanded=\"false\">Objetivos<\/div>\n\t\t\t\t\t\t\t\t\t<div id=\"elementor-tab-title-2402\" class=\"elementor-tab-title elementor-tab-desktop-title\" aria-selected=\"false\" data-tab=\"2\" role=\"tab\" tabindex=\"-1\" aria-controls=\"elementor-tab-content-2402\" aria-expanded=\"false\">Metodologia<\/div>\n\t\t\t\t\t\t\t\t\t<div id=\"elementor-tab-title-2403\" class=\"elementor-tab-title elementor-tab-desktop-title\" aria-selected=\"false\" data-tab=\"3\" role=\"tab\" tabindex=\"-1\" aria-controls=\"elementor-tab-content-2403\" aria-expanded=\"false\">C\u00f3digo Fonte e Sistema<\/div>\n\t\t\t\t\t\t\t\t\t<div id=\"elementor-tab-title-2404\" class=\"elementor-tab-title elementor-tab-desktop-title\" aria-selected=\"false\" data-tab=\"4\" role=\"tab\" tabindex=\"-1\" aria-controls=\"elementor-tab-content-2404\" aria-expanded=\"false\">Equipe<\/div>\n\t\t\t\t\t\t\t\t\t<div id=\"elementor-tab-title-2405\" class=\"elementor-tab-title elementor-tab-desktop-title\" aria-selected=\"false\" data-tab=\"5\" role=\"tab\" tabindex=\"-1\" aria-controls=\"elementor-tab-content-2405\" aria-expanded=\"false\">Contibuintes<\/div>\n\t\t\t\t\t\t\t<\/div>\n\t\t\t<div class=\"elementor-tabs-content-wrapper\" role=\"tablist\" aria-orientation=\"vertical\">\n\t\t\t\t\t\t\t\t\t<div class=\"elementor-tab-title elementor-tab-mobile-title\" aria-selected=\"true\" data-tab=\"1\" role=\"tab\" tabindex=\"0\" aria-controls=\"elementor-tab-content-2401\" aria-expanded=\"false\">Objetivos<\/div>\n\t\t\t\t\t<div id=\"elementor-tab-content-2401\" class=\"elementor-tab-content elementor-clearfix\" data-tab=\"1\" role=\"tabpanel\" aria-labelledby=\"elementor-tab-title-2401\" tabindex=\"0\" hidden=\"false\"><ul>\n<li><span style=\"font-family: trebuchet ms, geneva, sans-serif\">Proporcionar aos membros do projeto o aprendizado de ferramentas de an\u00e1lise de dados;<\/span><\/li>\n<li><span style=\"font-family: trebuchet ms, geneva, sans-serif\">Auxiliar as coordena\u00e7\u00f5es nas an\u00e1lises estat\u00edsticas para o desenvolvimento eficaz de plano educacional;<\/span><\/li>\n<li><span style=\"font-family: trebuchet ms, geneva, sans-serif\">Diminuir a taxa de evas\u00e3o dos cursos de Ci\u00eancia da Computa\u00e7\u00e3o e Inform\u00e1tica Biom\u00e9dica;<\/span><\/li>\n<li><span style=\"font-family: 'trebuchet ms', geneva, sans-serif\">Desenvolver an\u00e1lises elaboradas;<\/span><\/li>\n<li><span style=\"font-family: 'trebuchet ms', geneva, sans-serif\">Otimizar o tempo computacional das an\u00e1lises;<\/span><\/li>\n<li><span style=\"font-family: 'trebuchet ms', geneva, sans-serif\">Expans\u00e3o do projeto para outros cursos e desenvolvimento de sub-projetos.<\/span><\/li>\n<\/ul><\/div>\n\t\t\t\t\t\t\t\t\t<div class=\"elementor-tab-title elementor-tab-mobile-title\" aria-selected=\"false\" data-tab=\"2\" role=\"tab\" tabindex=\"-1\" aria-controls=\"elementor-tab-content-2402\" aria-expanded=\"false\">Metodologia<\/div>\n\t\t\t\t\t<div id=\"elementor-tab-content-2402\" class=\"elementor-tab-content elementor-clearfix\" data-tab=\"2\" role=\"tabpanel\" aria-labelledby=\"elementor-tab-title-2402\" tabindex=\"0\" hidden=\"hidden\"><div class=\"elementor-section-wrap ui-sortable\">\n<section class=\"elementor-element elementor-element-edit-mode elementor-element-6966216a elementor-section elementor-top-section elementor-section-boxed elementor-section-height-default\" data-id=\"6966216a\" data-element_type=\"section\" data-model-cid=\"c22\">\n<div class=\"elementor-container elementor-column-gap-default\">\n<div class=\"elementor-row ui-sortable\">\n<div class=\"elementor-element elementor-element-edit-mode elementor-element-58f6af32 elementor-element--toggle-edit-tools elementor-column elementor-top-column ui-resizable\" data-id=\"58f6af32\" data-element_type=\"column\" data-col=\"100\" data-model-cid=\"c23\">\n<div class=\"elementor-column-wrap elementor-element-populated\">\n<div class=\"elementor-widget-wrap ui-sortable\">\n<div class=\"elementor-element elementor-element-edit-mode elementor-element-1d33865d elementor-element--toggle-edit-tools elementor-widget elementor-widget-text-editor\" data-id=\"1d33865d\" data-element_type=\"widget\" data-model-cid=\"c24\" data-widget_type=\"text-editor.default\">\n<div class=\"elementor-widget-container\">\n<div class=\"elementor-text-editor elementor-clearfix elementor-inline-editing\" data-elementor-setting-key=\"editor\" data-elementor-inline-editing-toolbar=\"advanced\">\n<div class=\"level3\">A metodologia do projeto envolve o contato inicial de cada membro do projeto com Ruby on Rails por meio do desenvolvimento de projetos pessoais que envolvam o framework para que, esses, sejam familiarizados com a tecnologia. Uma vez que conhecimentos tenham sido postos em pr\u00e1tica, \u00e9 iniciado o desenvolvimento ativo de partes faltantes do projeto, orientado pelo professor Bruno Muller Jr e auxiliado pelos demais PETianos.<\/div><div class=\"level3\"><br><\/div>\n<\/div>\n<div>\u00c9 imprescind\u00edvel que ressaltemos que os PETianos respons\u00e1veis pelo desenvolvimento do sistema n\u00e3o entram em contato com os dados reais de gradua\u00e7\u00e3o, sendo esses sigilosos. Os dados disponibilizados pelos coordenadores s\u00e3o <strong>anonimizados<\/strong> para que apenas as contas criadas no sistema para coordenadores possam acess\u00e1-las de maneira \u00edntegra.<\/div>\n<\/div>\n<\/div>\n<\/div>\n<\/div>\n<\/div>\n<\/div>\n<\/div>\n<\/section>\n<\/div><\/div>\n\t\t\t\t\t\t\t\t\t<div class=\"elementor-tab-title elementor-tab-mobile-title\" aria-selected=\"false\" data-tab=\"3\" role=\"tab\" tabindex=\"-1\" aria-controls=\"elementor-tab-content-2403\" aria-expanded=\"false\">C\u00f3digo Fonte e Sistema<\/div>\n\t\t\t\t\t<div id=\"elementor-tab-content-2403\" class=\"elementor-tab-content elementor-clearfix\" data-tab=\"3\" role=\"tabpanel\" aria-labelledby=\"elementor-tab-title-2403\" tabindex=\"0\" hidden=\"hidden\"><p>C\u00f3digo<\/p><p><a href=\"https:\/\/gitlab.c3sl.ufpr.br\/adega\/adega\">https:\/\/gitlab.c3sl.ufpr.br\/adega\/adega<\/a><\/p><p>Sistema (antigo):<\/p><p><a href=\"https:\/\/adega.c3sl.ufpr.br\">https:\/\/adega.c3sl.ufpr.br<\/a><\/p><p><\/p><\/div>\n\t\t\t\t\t\t\t\t\t<div class=\"elementor-tab-title elementor-tab-mobile-title\" aria-selected=\"false\" data-tab=\"4\" role=\"tab\" tabindex=\"-1\" aria-controls=\"elementor-tab-content-2404\" aria-expanded=\"false\">Equipe<\/div>\n\t\t\t\t\t<div id=\"elementor-tab-content-2404\" class=\"elementor-tab-content elementor-clearfix\" data-tab=\"4\" role=\"tabpanel\" aria-labelledby=\"elementor-tab-title-2404\" tabindex=\"0\" hidden=\"hidden\"><ul><li>Laisa Marcelino Santos Rodrigues<strong> (l\u00edder)<\/strong><\/li><li>Milena Lagner Mello<\/li><li>Phillip Yagyu Moribayashi<\/li><li>Sofia Barbosa Candiotto<\/li><li>Vinicius Leon Paula <\/li><\/ul><p><strong>ORIENTADOR: <\/strong>Bruno M\u00fcller Junior<\/p><\/div>\n\t\t\t\t\t\t\t\t\t<div class=\"elementor-tab-title elementor-tab-mobile-title\" aria-selected=\"false\" data-tab=\"5\" role=\"tab\" tabindex=\"-1\" aria-controls=\"elementor-tab-content-2405\" aria-expanded=\"false\">Contibuintes<\/div>\n\t\t\t\t\t<div id=\"elementor-tab-content-2405\" class=\"elementor-tab-content elementor-clearfix\" data-tab=\"5\" role=\"tabpanel\" aria-labelledby=\"elementor-tab-title-2405\" tabindex=\"0\" hidden=\"hidden\"><div><ul><li>Bruno Henrique Meyer<\/li><li>Daniel Dutra Rufasto<\/li><li>David Lucas Pereira Gomes<\/li><li>Davisson Henrique Paulino<\/li><li>Eduardo Henrique Trevisan<\/li><li>Felipe Lopes Pereira<\/li><li>Fernando Aoyagui Shinohata<\/li><li>Gianfranco de Souza Harres<\/li><li>Jo\u00e3o Denis Rodrigues Cabral<\/li><li>Jo\u00e3o Pedro Picolo<\/li><li>Jomaro Corr\u00eaa Rodrigues<\/li><li>Legton Vicente de Souza<\/li><li>Leonardo Buscarons Campetti<\/li><li>Luis Eduardo Mochenski Floriano<\/li><li>Maria Silva Ribeiro Ruy<\/li><li>Mariana Carmin<\/li><li>Odair Mario Ditkun Junior<\/li><li>Pedro Demarchi Gomes<\/li><li>Pedro Pasqualini de Andrade<\/li><li>Pietra Doro Spindola<\/li><li>Raul Gomes Pimentel de Almeida<\/li><li>Vin\u00edcius Fontoura de Abreu<\/li><li>Vin\u00edcius Mioto<\/li><li>Wellington Gabriel Vicente de Souza<\/li><\/ul><\/div><\/div>\n\t\t\t\t\t\t\t<\/div>\n\t\t<\/div>\n\t\t\t\t\t\t<\/div>\n\t\t\t\t<\/div>\n\t\t\t\t\t<\/div>\n\t\t<\/div>\n\t\t\t\t\t<\/div>\n\t\t<\/section>\n\t\t\t\t<\/div>\n\t\t","protected":false},"excerpt":{"rendered":"<p>A sigla ADEGA (An\u00e1lise de Dados Estat\u00edsticos da Grade Acad\u00eamica) define o sistema web desenvolvido para auxiliar coordenadores de cursos na administra\u00e7\u00e3o de processos de gradua\u00e7\u00e3o. O sistema oferece an\u00e1lises como o \u00cdndice de Rendimento Acad\u00eamico (IRA) m\u00e9dio dos cursos, a taxa de reprova\u00e7\u00e3o das disciplinas e as m\u00e9tricas evas\u00e3o por semestre. Com os dados&hellip; <br \/> <a class=\"read-more\" href=\"https:\/\/web.inf.ufpr.br\/pet\/projetos\/adega\/\">Leia mais<\/a><\/p>\n","protected":false},"author":26,"featured_media":0,"parent":106,"menu_order":0,"comment_status":"closed","ping_status":"closed","template":"","meta":{"footnotes":""},"class_list":["post-144","page","type-page","status-publish","hentry"],"_links":{"self":[{"href":"https:\/\/web.inf.ufpr.br\/pet\/wp-json\/wp\/v2\/pages\/144","targetHints":{"allow":["GET"]}}],"collection":[{"href":"https:\/\/web.inf.ufpr.br\/pet\/wp-json\/wp\/v2\/pages"}],"about":[{"href":"https:\/\/web.inf.ufpr.br\/pet\/wp-json\/wp\/v2\/types\/page"}],"author":[{"embeddable":true,"href":"https:\/\/web.inf.ufpr.br\/pet\/wp-json\/wp\/v2\/users\/26"}],"replies":[{"embeddable":true,"href":"https:\/\/web.inf.ufpr.br\/pet\/wp-json\/wp\/v2\/comments?post=144"}],"version-history":[{"count":100,"href":"https:\/\/web.inf.ufpr.br\/pet\/wp-json\/wp\/v2\/pages\/144\/revisions"}],"predecessor-version":[{"id":3756,"href":"https:\/\/web.inf.ufpr.br\/pet\/wp-json\/wp\/v2\/pages\/144\/revisions\/3756"}],"up":[{"embeddable":true,"href":"https:\/\/web.inf.ufpr.br\/pet\/wp-json\/wp\/v2\/pages\/106"}],"wp:attachment":[{"href":"https:\/\/web.inf.ufpr.br\/pet\/wp-json\/wp\/v2\/media?parent=144"}],"curies":[{"name":"wp","href":"https:\/\/api.w.org\/{rel}","templated":true}]}}