{"id":2,"date":"2017-06-21T09:19:27","date_gmt":"2017-06-21T12:19:27","guid":{"rendered":"http:\/\/web.inf.ufpr.br\/menotti2\/?page_id=2"},"modified":"2022-10-31T08:40:10","modified_gmt":"2022-10-31T11:40:10","slug":"pagina-exemplo","status":"publish","type":"page","link":"https:\/\/web.inf.ufpr.br\/menotti\/","title":{"rendered":"About"},"content":{"rendered":"<p><img fetchpriority=\"high\" decoding=\"async\" class=\" wp-image-28 alignleft\" src=\"http:\/\/web.inf.ufpr.br\/menotti2\/wp-content\/uploads\/sites\/8\/2019\/09\/menottiw250.jpg\" alt=\"\" width=\"267\" height=\"324\" srcset=\"https:\/\/web.inf.ufpr.br\/menotti\/wp-content\/uploads\/sites\/8\/2019\/09\/menottiw250.jpg 250w, https:\/\/web.inf.ufpr.br\/menotti\/wp-content\/uploads\/sites\/8\/2019\/09\/menottiw250-248x300.jpg 248w, https:\/\/web.inf.ufpr.br\/menotti\/wp-content\/uploads\/sites\/8\/2019\/09\/menottiw250-223x270.jpg 223w\" sizes=\"(max-width: 267px) 100vw, 267px\" \/>Federal University of Paran\u00e1<br \/><a class=\"wiki external\" href=\"http:\/\/www.inf.ufpr.br\/dinf\/\" target=\"_blank\" rel=\"external noopener noreferrer\">Department of Informatics<\/a><\/p>\n<p>Current Address:<\/p>\n<p>Rua Cel. Francisco Her\u00e1clito dos Santos, 100<br \/>Centro Polit\u00e9cnico &#8211; Jardim das Am\u00e9ricas<br \/>81531-990 &#8211; Curitiba, PR, Brasil<br \/>P.O. UFPR &#8211; 19061 (old 19097)<br \/>Room 85<br \/>Phone: +55 41 3361-3206<br \/>menottid AT gmail.com \/ menotti AT inf.ufpr.br \/\u00a0 \/ menotti AT ufpr.br<\/p>\n<p><a class=\"wiki external\" href=\"http:\/\/lattes.cnpq.br\/6692968437800167\" target=\"_blank\" rel=\"external noopener noreferrer\">Lattes CV (in Portuguese)<\/a>,\u00a0<a class=\"wiki external\" href=\"https:\/\/scholar.google.com.br\/citations?user=Ipu5_-gAAAAJ&amp;hl=en\" target=\"_blank\" rel=\"external noopener noreferrer\">Citations by Google Scholar<\/a>, <a class=\"wiki external\" href=\"https:\/\/www.researchgate.net\/profile\/David-Menotti\" target=\"_blank\" rel=\"external noopener noreferrer\">Research Gate<\/a>, \u00a0<a class=\"wiki external\" href=\"http:\/\/dblp.uni-trier.de\/pers\/hd\/m\/Menotti:David\" target=\"_blank\" rel=\"external noopener noreferrer\">DBLP database<\/a><\/p>\n\n\n<p><\/p>\n","protected":false},"excerpt":{"rendered":"<p>Federal University of Paran\u00e1Department of Informatics Current Address: Rua Cel. Francisco Her\u00e1clito dos Santos, 100Centro Polit\u00e9cnico &#8211; Jardim das Am\u00e9ricas81531-990 &#8211; Curitiba, PR, BrasilP.O. UFPR &#8211; 19061 (old 19097)Room 85Phone: +55 41 3361-3206menottid AT gmail.com \/ menotti AT inf.ufpr.br \/\u00a0 <a href=\"https:\/\/web.inf.ufpr.br\/menotti\/\" class=\"read-more\">Read More &#8230;<\/a><\/p>\n","protected":false},"author":16,"featured_media":0,"parent":0,"menu_order":0,"comment_status":"closed","ping_status":"open","template":"","meta":{"footnotes":""},"class_list":["post-2","page","type-page","status-publish","hentry"],"_links":{"self":[{"href":"https:\/\/web.inf.ufpr.br\/menotti\/wp-json\/wp\/v2\/pages\/2","targetHints":{"allow":["GET"]}}],"collection":[{"href":"https:\/\/web.inf.ufpr.br\/menotti\/wp-json\/wp\/v2\/pages"}],"about":[{"href":"https:\/\/web.inf.ufpr.br\/menotti\/wp-json\/wp\/v2\/types\/page"}],"author":[{"embeddable":true,"href":"https:\/\/web.inf.ufpr.br\/menotti\/wp-json\/wp\/v2\/users\/16"}],"replies":[{"embeddable":true,"href":"https:\/\/web.inf.ufpr.br\/menotti\/wp-json\/wp\/v2\/comments?post=2"}],"version-history":[{"count":7,"href":"https:\/\/web.inf.ufpr.br\/menotti\/wp-json\/wp\/v2\/pages\/2\/revisions"}],"predecessor-version":[{"id":180,"href":"https:\/\/web.inf.ufpr.br\/menotti\/wp-json\/wp\/v2\/pages\/2\/revisions\/180"}],"wp:attachment":[{"href":"https:\/\/web.inf.ufpr.br\/menotti\/wp-json\/wp\/v2\/media?parent=2"}],"curies":[{"name":"wp","href":"https:\/\/api.w.org\/{rel}","templated":true}]}}