{"id":603,"date":"2021-03-31T09:43:08","date_gmt":"2021-03-31T12:43:08","guid":{"rendered":"http:\/\/web.inf.ufpr.br\/mazalves\/?page_id=603"},"modified":"2021-03-31T10:36:29","modified_gmt":"2021-03-31T13:36:29","slug":"dis-programacao-paralela","status":"publish","type":"page","link":"https:\/\/web.inf.ufpr.br\/mazalves\/dis-programacao-paralela\/","title":{"rendered":"Disciplina de Programa\u00e7\u00e3o Paralela"},"content":{"rendered":"\t\t<div data-elementor-type=\"wp-page\" data-elementor-id=\"603\" class=\"elementor elementor-603\">\n\t\t\t\t\t\t<section class=\"elementor-section elementor-top-section elementor-element elementor-element-5ec3f9a0 elementor-section-boxed elementor-section-height-default elementor-section-height-default\" data-id=\"5ec3f9a0\" data-element_type=\"section\" data-e-type=\"section\">\n\t\t\t\t\t\t<div class=\"elementor-container elementor-column-gap-default\">\n\t\t\t\t\t<div class=\"elementor-column elementor-col-100 elementor-top-column elementor-element elementor-element-7ae2d734\" data-id=\"7ae2d734\" data-element_type=\"column\" data-e-type=\"column\">\n\t\t\t<div class=\"elementor-widget-wrap elementor-element-populated\">\n\t\t\t\t\t\t<div class=\"elementor-element elementor-element-72322db1 elementor-widget elementor-widget-heading\" data-id=\"72322db1\" data-element_type=\"widget\" data-e-type=\"widget\" data-widget_type=\"heading.default\">\n\t\t\t\t<div class=\"elementor-widget-container\">\n\t\t\t\t\t<h2 class=\"elementor-heading-title elementor-size-default\">Conte\u00fado Sugerido para <br>Disciplina de Programa\u00e7\u00e3o Paralela<\/h2>\t\t\t\t<\/div>\n\t\t\t\t<\/div>\n\t\t\t\t<div class=\"elementor-element elementor-element-2f30ca52 elementor-widget elementor-widget-text-editor\" data-id=\"2f30ca52\" data-element_type=\"widget\" data-e-type=\"widget\" data-widget_type=\"text-editor.default\">\n\t\t\t\t<div class=\"elementor-widget-container\">\n\t\t\t\t\t\t\t\t\t<ul><li>Apresenta\u00e7\u00e3o da disciplina<\/li><li>Arquiteturas Paralelas<\/li><li>Modelo PRAM \u2013 pt.1<\/li><li>Modelo PRAM \u2013 pt.2<\/li><li>Modelos LogP e BSP<\/li><li>Pthreads \u2013 T\u00f3picos b\u00e1sicos<\/li><li>Pthreads \u2013 Sincroniza\u00e7\u00e3o e Regi\u00f5es Cr\u00edticas<\/li><li>Pthreads \u2013 Sincroniza\u00e7\u00e3o e Regi\u00f5es Cr\u00edticas<\/li><li>Metodo Foster e M\u00e9tricas de desempenho, Amdahl e Gustafson-Barsis<\/li><li>OpenMP 01 \u2013 OpenMP B\u00e1sico &#8211; Trabalho Pr\u00e1tico<\/li><li>OpenMP 02 \u2013 OpenMP Divis\u00e3o de trabalho<\/li><li>OpenMP 03 \u2013 OpenMP Sincroniza\u00e7\u00e3o<\/li><li>OpenMP 04 \u2013 OpenMP Tasks<\/li><li>Mem\u00f3rias Cache, Vetoriza\u00e7\u00e3o e Thread bind\/pin\/affinity<\/li><li>Projeto de Experimento e boas pr\u00e1ticas de apresenta\u00e7\u00e3o<\/li><li>MPI 01 \u2013 Introdu\u00e7\u00e3o e comunica\u00e7\u00f5es ponto-a-ponto<\/li><li>MPI 02 \u2013 Comunica\u00e7\u00f5es coletivas<\/li><li>MPI 03 \u2013 Comunica\u00e7\u00f5es coletivas<\/li><\/ul>\t\t\t\t\t\t\t\t<\/div>\n\t\t\t\t<\/div>\n\t\t\t\t<div class=\"elementor-element elementor-element-ed4c325 elementor-widget elementor-widget-video\" data-id=\"ed4c325\" data-element_type=\"widget\" data-e-type=\"widget\" data-settings=\"{&quot;youtube_url&quot;:&quot;https:\\\/\\\/www.youtube.com\\\/watch?v=Q4Biti6q4XQ&amp;list=PL_9px37PNj6pyE7GbTyGyR598_T7T_cwG&quot;,&quot;autoplay&quot;:&quot;yes&quot;,&quot;mute&quot;:&quot;yes&quot;,&quot;video_type&quot;:&quot;youtube&quot;,&quot;controls&quot;:&quot;yes&quot;}\" data-widget_type=\"video.default\">\n\t\t\t\t<div class=\"elementor-widget-container\">\n\t\t\t\t\t\t\t<div class=\"elementor-wrapper elementor-open-inline\">\n\t\t\t<div class=\"elementor-video\"><\/div>\t\t<\/div>\n\t\t\t\t\t\t<\/div>\n\t\t\t\t<\/div>\n\t\t\t\t\t<\/div>\n\t\t<\/div>\n\t\t\t\t\t<\/div>\n\t\t<\/section>\n\t\t\t\t<\/div>\n\t\t","protected":false},"excerpt":{"rendered":"<p>Conte\u00fado Sugerido para Disciplina de Programa\u00e7\u00e3o Paralela Apresenta\u00e7\u00e3o da disciplina Arquiteturas Paralelas Modelo PRAM \u2013 pt.1 Modelo PRAM \u2013 pt.2 Modelos LogP e BSP Pthreads \u2013 T\u00f3picos b\u00e1sicos Pthreads \u2013 Sincroniza\u00e7\u00e3o e Regi\u00f5es Cr\u00edticas Pthreads \u2013 Sincroniza\u00e7\u00e3o e Regi\u00f5es Cr\u00edticas Metodo Foster e M\u00e9tricas de desempenho, Amdahl e Gustafson-Barsis OpenMP 01 \u2013 OpenMP B\u00e1sico &#8211;&hellip;<\/p>\n","protected":false},"author":13,"featured_media":0,"parent":0,"menu_order":0,"comment_status":"closed","ping_status":"closed","template":"","meta":{"footnotes":""},"class_list":["post-603","page","type-page","status-publish","hentry"],"_links":{"self":[{"href":"https:\/\/web.inf.ufpr.br\/mazalves\/wp-json\/wp\/v2\/pages\/603","targetHints":{"allow":["GET"]}}],"collection":[{"href":"https:\/\/web.inf.ufpr.br\/mazalves\/wp-json\/wp\/v2\/pages"}],"about":[{"href":"https:\/\/web.inf.ufpr.br\/mazalves\/wp-json\/wp\/v2\/types\/page"}],"author":[{"embeddable":true,"href":"https:\/\/web.inf.ufpr.br\/mazalves\/wp-json\/wp\/v2\/users\/13"}],"replies":[{"embeddable":true,"href":"https:\/\/web.inf.ufpr.br\/mazalves\/wp-json\/wp\/v2\/comments?post=603"}],"version-history":[{"count":5,"href":"https:\/\/web.inf.ufpr.br\/mazalves\/wp-json\/wp\/v2\/pages\/603\/revisions"}],"predecessor-version":[{"id":609,"href":"https:\/\/web.inf.ufpr.br\/mazalves\/wp-json\/wp\/v2\/pages\/603\/revisions\/609"}],"wp:attachment":[{"href":"https:\/\/web.inf.ufpr.br\/mazalves\/wp-json\/wp\/v2\/media?parent=603"}],"curies":[{"name":"wp","href":"https:\/\/api.w.org\/{rel}","templated":true}]}}

Disciplina de Programação Paralela

<div data-elementor-type="wp-page" data-elementor-id="603" class="elementor elementor-603">
						<section class="elementor-section elementor-top-section elementor-element elementor-element-5ec3f9a0 elementor-section-boxed elementor-section-height-default elementor-section-height-default" data-id="5ec3f9a0" data-element_type="section" data-e-type="section">
						<div class="elementor-container elementor-column-gap-default">
					<div class="elementor-column elementor-col-100 elementor-top-column elementor-element elementor-element-7ae2d734" data-id="7ae2d734" data-element_type="column" data-e-type="column">
			<div class="elementor-widget-wrap elementor-element-populated">
						<div class="elementor-element elementor-element-72322db1 elementor-widget elementor-widget-heading" data-id="72322db1" data-element_type="widget" data-e-type="widget" data-widget_type="heading.default">
				<div class="elementor-widget-container">
					<h2 class="elementor-heading-title elementor-size-default">Conteúdo Sugerido para <br>Disciplina de Programação Paralela</h2>				</div>
				</div>
				<div class="elementor-element elementor-element-2f30ca52 elementor-widget elementor-widget-text-editor" data-id="2f30ca52" data-element_type="widget" data-e-type="widget" data-widget_type="text-editor.default">
				<div class="elementor-widget-container">
									<ul><li>Apresentação da disciplina</li><li>Arquiteturas Paralelas</li><li>Modelo PRAM – pt.1</li><li>Modelo PRAM – pt.2</li><li>Modelos LogP e BSP</li><li>Pthreads – Tópicos básicos</li><li>Pthreads – Sincronização e Regiões Críticas</li><li>Pthreads – Sincronização e Regiões Críticas</li><li>Metodo Foster e Métricas de desempenho, Amdahl e Gustafson-Barsis</li><li>OpenMP 01 – OpenMP Básico &#8211; Trabalho Prático</li><li>OpenMP 02 – OpenMP Divisão de trabalho</li><li>OpenMP 03 – OpenMP Sincronização</li><li>OpenMP 04 – OpenMP Tasks</li><li>Memórias Cache, Vetorização e Thread bind/pin/affinity</li><li>Projeto de Experimento e boas práticas de apresentação</li><li>MPI 01 – Introdução e comunicações ponto-a-ponto</li><li>MPI 02 – Comunicações coletivas</li><li>MPI 03 – Comunicações coletivas</li></ul>								</div>
				</div>
				<div class="elementor-element elementor-element-ed4c325 elementor-widget elementor-widget-video" data-id="ed4c325" data-element_type="widget" data-e-type="widget" data-settings="{&quot;youtube_url&quot;:&quot;https:\/\/www.youtube.com\/watch?v=Q4Biti6q4XQ&amp;list=PL_9px37PNj6pyE7GbTyGyR598_T7T_cwG&quot;,&quot;autoplay&quot;:&quot;yes&quot;,&quot;mute&quot;:&quot;yes&quot;,&quot;video_type&quot;:&quot;youtube&quot;,&quot;controls&quot;:&quot;yes&quot;}" data-widget_type="video.default">
				<div class="elementor-widget-container">
							<div class="elementor-wrapper elementor-open-inline">
			<div class="elementor-video"></div>		</div>
						</div>
				</div>
					</div>
		</div>
					</div>
		</section>
				</div>

<p>Conteúdo Sugerido para Disciplina de Programação Paralela Apresentação da disciplina Arquiteturas Paralelas Modelo PRAM – pt.1 Modelo PRAM – pt.2 Modelos LogP e BSP Pthreads – Tópicos básicos Pthreads – Sincronização e Regiões Críticas Pthreads – Sincronização e Regiões Críticas Metodo Foster e Métricas de desempenho, Amdahl e Gustafson-Barsis OpenMP 01 – OpenMP Básico &#8211;&hellip;</p>
