{"id":100,"date":"2018-10-02T09:41:59","date_gmt":"2018-10-02T12:41:59","guid":{"rendered":"http:\/\/web.inf.ufpr.br\/mazalves\/?page_id=100"},"modified":"2021-03-25T20:31:42","modified_gmt":"2021-03-25T23:31:42","slug":"iniciacao-cientifica","status":"publish","type":"page","link":"https:\/\/web.inf.ufpr.br\/mazalves\/iniciacao-cientifica\/","title":{"rendered":"Inicia\u00e7\u00e3o Cient\u00edfica"},"content":{"rendered":"\t\t<div data-elementor-type=\"wp-page\" data-elementor-id=\"100\" class=\"elementor elementor-100\">\n\t\t\t\t\t\t<section class=\"elementor-section elementor-top-section elementor-element elementor-element-caad8f6 elementor-section-boxed elementor-section-height-default elementor-section-height-default\" data-id=\"caad8f6\" data-element_type=\"section\" data-e-type=\"section\">\n\t\t\t\t\t\t<div class=\"elementor-container elementor-column-gap-default\">\n\t\t\t\t\t<div class=\"elementor-column elementor-col-100 elementor-top-column elementor-element elementor-element-6bd0959\" data-id=\"6bd0959\" data-element_type=\"column\" data-e-type=\"column\">\n\t\t\t<div class=\"elementor-widget-wrap elementor-element-populated\">\n\t\t\t\t\t\t<div class=\"elementor-element elementor-element-68f1739 elementor-widget elementor-widget-heading\" data-id=\"68f1739\" data-element_type=\"widget\" data-e-type=\"widget\" data-widget_type=\"heading.default\">\n\t\t\t\t<div class=\"elementor-widget-container\">\n\t\t\t\t\t<h2 class=\"elementor-heading-title elementor-size-default\">o que \u00e9?<\/h2>\t\t\t\t<\/div>\n\t\t\t\t<\/div>\n\t\t\t\t<div class=\"elementor-element elementor-element-a6ef0d4 elementor-widget elementor-widget-text-editor\" data-id=\"a6ef0d4\" data-element_type=\"widget\" data-e-type=\"widget\" data-widget_type=\"text-editor.default\">\n\t\t\t\t<div class=\"elementor-widget-container\">\n\t\t\t\t\t\t\t\t\t<p style=\"text-align: justify\"><span style=\"font-size: 12pt\">A inicia\u00e7\u00e3o cient\u00edfica \u00e9 uma atividade acad\u00eamica voltada a alunos da gradua\u00e7\u00e3o. Esta atividade permite que o aluno aprenda a realizar e documentar pesquisas cient\u00edficas atrav\u00e9s do desenvolvimento de pequenos projetos de pesquisa.<\/span><\/p><p style=\"text-align: justify\"><span style=\"font-size: 12pt\">O projeto de inicia\u00e7\u00e3o cient\u00edfica \u00e9 o projeto de pesquisa a ser desenvolvido pelo aluno. O desenvolvimento do projeto \u00e9 supervisionado por um orientador, que tamb\u00e9m tem o papel de guiar o aluno durante a atividade. O orientador \u00e9 geralmente um professor da universidade com experi\u00eancia no t\u00f3pico de pesquisa.<\/span><\/p>\t\t\t\t\t\t\t\t<\/div>\n\t\t\t\t<\/div>\n\t\t\t\t\t<\/div>\n\t\t<\/div>\n\t\t\t\t\t<\/div>\n\t\t<\/section>\n\t\t\t\t<section class=\"elementor-section elementor-top-section elementor-element elementor-element-a33754d elementor-section-boxed elementor-section-height-default elementor-section-height-default\" data-id=\"a33754d\" data-element_type=\"section\" data-e-type=\"section\">\n\t\t\t\t\t\t<div class=\"elementor-container elementor-column-gap-default\">\n\t\t\t\t\t<div class=\"elementor-column elementor-col-100 elementor-top-column elementor-element elementor-element-b5cbc36\" data-id=\"b5cbc36\" data-element_type=\"column\" data-e-type=\"column\">\n\t\t\t<div class=\"elementor-widget-wrap elementor-element-populated\">\n\t\t\t\t\t\t<div class=\"elementor-element elementor-element-f5cb8bc elementor-widget elementor-widget-heading\" data-id=\"f5cb8bc\" data-element_type=\"widget\" data-e-type=\"widget\" data-widget_type=\"heading.default\">\n\t\t\t\t<div class=\"elementor-widget-container\">\n\t\t\t\t\t<h2 class=\"elementor-heading-title elementor-size-default\">POR QUE FAZER?\n<div><span><\/span><br><\/div><\/h2>\t\t\t\t<\/div>\n\t\t\t\t<\/div>\n\t\t\t\t<div class=\"elementor-element elementor-element-5d00f03 elementor-widget elementor-widget-text-editor\" data-id=\"5d00f03\" data-element_type=\"widget\" data-e-type=\"widget\" data-widget_type=\"text-editor.default\">\n\t\t\t\t<div class=\"elementor-widget-container\">\n\t\t\t\t\t\t\t\t\t<p><span style=\"font-size: 12pt\">Existem v\u00e1rios motivos para se fazer a inicia\u00e7\u00e3o cient\u00edfica. Alguns deles s\u00e3o citados abaixo.<\/span><\/p><ul><li style=\"text-align: justify\"><span style=\"font-size: 12pt\">\u00c9 uma oportunidade (muitas vezes\u00a0<span style=\"font-weight: bold\">\u00fanica<\/span>) para se aprender o que \u00e9 pesquisa cient\u00edfica e como realizar este tipo de pesquisa. Al\u00e9m disso, a exposi\u00e7\u00e3o \u00e0 pesquisa cient\u00edfica ajuda o aluno a decidir se ele deve seguir a carreira cient\u00edfica ap\u00f3s a gradua\u00e7\u00e3o. Caso decida seguir esta carreira, a realiza\u00e7\u00e3o de uma inicia\u00e7\u00e3o cient\u00edfica ainda o ajuda no processo de sele\u00e7\u00e3o de programas de mestrado.<\/span><\/li><li style=\"text-align: justify\"><span style=\"font-size: 12pt\">A universidade \u00e9 um ambiente prop\u00edcio para o desenvolvimento de projetos cient\u00edficos. O aluno de gradua\u00e7\u00e3o possui acesso a recursos como bibliotecas digitais (p.ex: ACM DL e IEEE Xplore), laborat\u00f3rios e principalmente o acesso a pessoas com experi\u00eancia em pesquisa cient\u00edfica, como o orientador e alunos de doutorado e mestrado.<\/span><\/li><li style=\"text-align: justify\"><span style=\"font-size: 12pt\">Muitos projetos de inicia\u00e7\u00e3o cient\u00edfica s\u00e3o conduzidos em laborat\u00f3rios com grupos de pesquisa que incluem alunos de mestrado e doutorado. Esta proximidade fomenta a intera\u00e7\u00e3o com estes pesquisadores e permite uma exposi\u00e7\u00e3o do aluno \u00e0s diferentes etapas da carreira cient\u00edfica.<\/span><\/li><li style=\"text-align: justify\"><span style=\"font-size: 12pt\">A inicia\u00e7\u00e3o cient\u00edfica exige que o aluno aprenda a lidar com o desconhecido. Ele aprende a analisar problemas, buscar o conhecimento existente na \u00e1rea e adequar as solu\u00e7\u00f5es existentes ao problema em quest\u00e3o. Este processo ainda o ajuda a exercitar e desenvolver a sua criatividade. Estas habilidades s\u00e3o valorizadas tanto em cientistas pesquisadores quanto em profissionais inseridos em outros segmentos do mercado de trabalho.<\/span><\/li><\/ul>\t\t\t\t\t\t\t\t<\/div>\n\t\t\t\t<\/div>\n\t\t\t\t\t<\/div>\n\t\t<\/div>\n\t\t\t\t\t<\/div>\n\t\t<\/section>\n\t\t\t\t<section class=\"elementor-section elementor-top-section elementor-element elementor-element-7c3f1da elementor-section-boxed elementor-section-height-default elementor-section-height-default\" data-id=\"7c3f1da\" data-element_type=\"section\" data-e-type=\"section\">\n\t\t\t\t\t\t<div class=\"elementor-container elementor-column-gap-default\">\n\t\t\t\t\t<div class=\"elementor-column elementor-col-100 elementor-top-column elementor-element elementor-element-520130e\" data-id=\"520130e\" data-element_type=\"column\" data-e-type=\"column\">\n\t\t\t<div class=\"elementor-widget-wrap elementor-element-populated\">\n\t\t\t\t\t\t<div class=\"elementor-element elementor-element-6a55328 elementor-widget elementor-widget-heading\" data-id=\"6a55328\" data-element_type=\"widget\" data-e-type=\"widget\" data-widget_type=\"heading.default\">\n\t\t\t\t<div class=\"elementor-widget-container\">\n\t\t\t\t\t<h2 class=\"elementor-heading-title elementor-size-default\">BOLSAS DE INICIA\u00c7\u00c3O CIENT\u00cdFICA<\/h2>\t\t\t\t<\/div>\n\t\t\t\t<\/div>\n\t\t\t\t<div class=\"elementor-element elementor-element-65212ab elementor-widget elementor-widget-text-editor\" data-id=\"65212ab\" data-element_type=\"widget\" data-e-type=\"widget\" data-widget_type=\"text-editor.default\">\n\t\t\t\t<div class=\"elementor-widget-container\">\n\t\t\t\t\t\t\t\t\t<p><span style=\"font-size: 12pt\">Algumas ag\u00eancias financiadoras de pesquisa, como a CAPES e o CNPq, oferecem bolsas de estudo para alunos que realizam a inicia\u00e7\u00e3o cient\u00edfica. O aluno, com o aux\u00edlio do orientador, pode submeter uma proposta de projeto de inicia\u00e7\u00e3o cient\u00edfica para a ag\u00eancia financiadora, a qual atribui a bolsa ao aluno diante da aprova\u00e7\u00e3o do projeto submetido. Al\u00e9m disso, alguns professores possuem projetos de pesquisa financiados que contemplam bolsas para financiar trabalhos de inicia\u00e7\u00e3o cient\u00edfica no escopo do projeto.<\/span><\/p><p><span style=\"font-size: 12pt\">Assim como o est\u00e1gio, o aprendizado adquirido na atividade de inicia\u00e7\u00e3o cient\u00edfica \u00e9 um complemento \u00e0 forma\u00e7\u00e3o do aluno. Muitas vezes, o aluno opta por uma destas atividades em fun\u00e7\u00e3o do valor da remunera\u00e7\u00e3o. Neste caso, o aluno corre o risco de sacrificar a qualidade da sua forma\u00e7\u00e3o em fun\u00e7\u00e3o de uma remunera\u00e7\u00e3o melhor, ainda que tempor\u00e1ria e pequena. <b>Vale lembrar que, o retorno a m\u00e9dio e longo prazo de uma forma\u00e7\u00e3o s\u00f3lida \u00e9 invariavelmente maior do que a remunera\u00e7\u00e3o tempor\u00e1ria de qualquer est\u00e1gio ou inicia\u00e7\u00e3o cient\u00edfica!<\/b> Leve isso em considera\u00e7\u00e3o quando for fazer sua escolha.<\/span><\/p>\t\t\t\t\t\t\t\t<\/div>\n\t\t\t\t<\/div>\n\t\t\t\t\t<\/div>\n\t\t<\/div>\n\t\t\t\t\t<\/div>\n\t\t<\/section>\n\t\t\t\t<section class=\"elementor-section elementor-top-section elementor-element elementor-element-571aa2b elementor-section-boxed elementor-section-height-default elementor-section-height-default\" data-id=\"571aa2b\" data-element_type=\"section\" data-e-type=\"section\">\n\t\t\t\t\t\t<div class=\"elementor-container elementor-column-gap-default\">\n\t\t\t\t\t<div class=\"elementor-column elementor-col-100 elementor-top-column elementor-element elementor-element-3db30c1\" data-id=\"3db30c1\" data-element_type=\"column\" data-e-type=\"column\">\n\t\t\t<div class=\"elementor-widget-wrap elementor-element-populated\">\n\t\t\t\t\t\t<div class=\"elementor-element elementor-element-c286675 elementor-widget elementor-widget-heading\" data-id=\"c286675\" data-element_type=\"widget\" data-e-type=\"widget\" data-widget_type=\"heading.default\">\n\t\t\t\t<div class=\"elementor-widget-container\">\n\t\t\t\t\t<h2 class=\"elementor-heading-title elementor-size-default\">decomenda\u00e7\u00f5es<\/h2>\t\t\t\t<\/div>\n\t\t\t\t<\/div>\n\t\t\t\t<div class=\"elementor-element elementor-element-88aa00e elementor-widget elementor-widget-text-editor\" data-id=\"88aa00e\" data-element_type=\"widget\" data-e-type=\"widget\" data-widget_type=\"text-editor.default\">\n\t\t\t\t<div class=\"elementor-widget-container\">\n\t\t\t\t\t\t\t\t\t<ul><li><span style=\"font-size: 12pt\">Realize pelo menos uma atividade de inicia\u00e7\u00e3o cient\u00edfica durante o curso de gradua\u00e7\u00e3o.<\/span><\/li><li><span style=\"font-size: 12pt\">Procure por oportunidades que permitam a intera\u00e7\u00e3o com alunos de mestrado e doutorado durante a inicia\u00e7\u00e3o cient\u00edfica.<\/span><\/li><li><span style=\"font-size: 12pt\">Aproveite a oportunidade: Explore os conhecimentos do orientador e aprenda com sua experi\u00eancia!<\/span><\/li><li><span style=\"font-size: 12pt\">Por fim, mas n\u00e3o menos importante: N\u00e3o se limite a fazer o suficiente. Fa\u00e7a algo extraordin\u00e1rio, surpreenda!<\/span><\/li><\/ul>\t\t\t\t\t\t\t\t<\/div>\n\t\t\t\t<\/div>\n\t\t\t\t\t<\/div>\n\t\t<\/div>\n\t\t\t\t\t<\/div>\n\t\t<\/section>\n\t\t\t\t<section class=\"elementor-section elementor-top-section elementor-element elementor-element-3b1cc8e elementor-section-boxed elementor-section-height-default elementor-section-height-default\" data-id=\"3b1cc8e\" data-element_type=\"section\" data-e-type=\"section\">\n\t\t\t\t\t\t<div class=\"elementor-container elementor-column-gap-default\">\n\t\t\t\t\t<div class=\"elementor-column elementor-col-100 elementor-top-column elementor-element elementor-element-fa4ca09\" data-id=\"fa4ca09\" data-element_type=\"column\" data-e-type=\"column\">\n\t\t\t<div class=\"elementor-widget-wrap elementor-element-populated\">\n\t\t\t\t\t\t<div class=\"elementor-element elementor-element-cabc1e1 elementor-widget elementor-widget-heading\" data-id=\"cabc1e1\" data-element_type=\"widget\" data-e-type=\"widget\" data-widget_type=\"heading.default\">\n\t\t\t\t<div class=\"elementor-widget-container\">\n\t\t\t\t\t<h2 class=\"elementor-heading-title elementor-size-default\">oportunidades<\/h2>\t\t\t\t<\/div>\n\t\t\t\t<\/div>\n\t\t\t\t<div class=\"elementor-element elementor-element-b11fb10 elementor-widget elementor-widget-text-editor\" data-id=\"b11fb10\" data-element_type=\"widget\" data-e-type=\"widget\" data-widget_type=\"text-editor.default\">\n\t\t\t\t<div class=\"elementor-widget-container\">\n\t\t\t\t\t\t\t\t\t<p style=\"text-align: justify\"><span style=\"font-size: 12pt\">O\u00a0<a href=\"https:\/\/web.inf.ufpr.br\/hipes\/\" target=\"_blank\" rel=\"noopener\">HiPES<\/a>\u00a0\u00e9 um laborat\u00f3rio de pesquisa em computa\u00e7\u00e3o aplicada que abordam diversas \u00e1reas da computa\u00e7\u00e3o, incluindo: computa\u00e7\u00e3o de alto desempenho, arquitetura de computadores, Big Data, computa\u00e7\u00e3o na n\u00favem, etc.<\/span><\/p><p style=\"text-align: justify\"><span style=\"font-size: 12pt\">N\u00f3s temos diversas oportunidades para alunos que buscam a inicia\u00e7\u00e3o cient\u00edfica. Se voc\u00ea \u00e9 aluno da UFPR e est\u00e1 interessado em fazer inicia\u00e7\u00e3o cient\u00edfica comigo em alguma destas \u00e1reas, entre em contato atrav\u00e9s do\u00a0<i>e-mail<\/i>:.<img decoding=\"async\" class=\"alignnone size-full wp-image-45\" src=\"http:\/\/web.inf.ufpr.br\/mazalves\/wp-content\/uploads\/sites\/13\/2018\/09\/email.png\" alt=\"\" width=\"172\" height=\"21\" \/><\/span><\/p>\t\t\t\t\t\t\t\t<\/div>\n\t\t\t\t<\/div>\n\t\t\t\t<div class=\"elementor-element elementor-element-b0a35f9 elementor-widget elementor-widget-text-editor\" data-id=\"b0a35f9\" data-element_type=\"widget\" data-e-type=\"widget\" data-widget_type=\"text-editor.default\">\n\t\t\t\t<div class=\"elementor-widget-container\">\n\t\t\t\t\t\t\t\t\t<p style=\"text-align: right\">Cr\u00e9dito texto: Prof. Edson Borin &#8211; Unicamp<\/p>\t\t\t\t\t\t\t\t<\/div>\n\t\t\t\t<\/div>\n\t\t\t\t\t<\/div>\n\t\t<\/div>\n\t\t\t\t\t<\/div>\n\t\t<\/section>\n\t\t\t\t<\/div>\n\t\t","protected":false},"excerpt":{"rendered":"<p>o que \u00e9? A inicia\u00e7\u00e3o cient\u00edfica \u00e9 uma atividade acad\u00eamica voltada a alunos da gradua\u00e7\u00e3o. Esta atividade permite que o aluno aprenda a realizar e documentar pesquisas cient\u00edficas atrav\u00e9s do desenvolvimento de pequenos projetos de pesquisa. O projeto de inicia\u00e7\u00e3o cient\u00edfica \u00e9 o projeto de pesquisa a ser desenvolvido pelo aluno. O desenvolvimento do projeto&hellip;<\/p>\n","protected":false},"author":13,"featured_media":0,"parent":0,"menu_order":0,"comment_status":"closed","ping_status":"closed","template":"","meta":{"footnotes":""},"class_list":["post-100","page","type-page","status-publish","hentry"],"_links":{"self":[{"href":"https:\/\/web.inf.ufpr.br\/mazalves\/wp-json\/wp\/v2\/pages\/100","targetHints":{"allow":["GET"]}}],"collection":[{"href":"https:\/\/web.inf.ufpr.br\/mazalves\/wp-json\/wp\/v2\/pages"}],"about":[{"href":"https:\/\/web.inf.ufpr.br\/mazalves\/wp-json\/wp\/v2\/types\/page"}],"author":[{"embeddable":true,"href":"https:\/\/web.inf.ufpr.br\/mazalves\/wp-json\/wp\/v2\/users\/13"}],"replies":[{"embeddable":true,"href":"https:\/\/web.inf.ufpr.br\/mazalves\/wp-json\/wp\/v2\/comments?post=100"}],"version-history":[{"count":12,"href":"https:\/\/web.inf.ufpr.br\/mazalves\/wp-json\/wp\/v2\/pages\/100\/revisions"}],"predecessor-version":[{"id":512,"href":"https:\/\/web.inf.ufpr.br\/mazalves\/wp-json\/wp\/v2\/pages\/100\/revisions\/512"}],"wp:attachment":[{"href":"https:\/\/web.inf.ufpr.br\/mazalves\/wp-json\/wp\/v2\/media?parent=100"}],"curies":[{"name":"wp","href":"https:\/\/api.w.org\/{rel}","templated":true}]}}