{"id":59,"date":"2017-06-22T15:07:04","date_gmt":"2017-06-22T18:07:04","guid":{"rendered":"http:\/\/web.inf.ufpr.br\/lferrari2\/?page_id=59"},"modified":"2020-03-10T12:51:24","modified_gmt":"2020-03-10T15:51:24","slug":"teaching","status":"publish","type":"page","link":"https:\/\/web.inf.ufpr.br\/lferrari\/teaching\/","title":{"rendered":"Teaching"},"content":{"rendered":"<h2>2020-1<\/h2>\n<ul>\n<li><a href=\"http:\/\/web.inf.ufpr.br\/lferrari\/teaching\/ci172-processamento-de-imagens-biomedicas\/\">CI172<\/a> &#8211; Processamento de Imagens Biom\u00e9dicas<\/li>\n<li>CI1002 &#8211; Programa\u00e7\u00e3o II<\/li>\n<\/ul>\n<h2>2019-2<\/h2>\n<ul>\n<li>CI1055\/CI055 &#8211; Algortimos e Estrutura de Dados I<\/li>\n<li>CI183 &#8211; Programa\u00e7\u00e3o de Computadores<\/li>\n<\/ul>\n<h2>2019-1<\/h2>\n<ul>\n<li>CI172 &#8211; Processamento de Imagens Biom\u00e9dicas<\/li>\n<li>CI394 &#8211; Processamento de Imagens<\/li>\n<\/ul>\n<h2>2018-2<\/h2>\n<ul>\n<li>CI055 &#8211; Alogritmos e Estrutura de Dados I<\/li>\n<\/ul>\n<h2>2018-1<\/h2>\n<ul>\n<li>CI172 &#8211; Processamento de Imagens Biom\u00e9dicas<\/li>\n<li>CI094 &#8211; T\u00f3picos em Processamento de Imagens<\/li>\n<li>Coordena\u00e7\u00e3o Inform\u00e1tica Biom\u00e9dica<\/li>\n<\/ul>\n<h2>2017-2<\/h2>\n<ul>\n<li>CI055 &#8211; Algoritmos e Estrutura de Dados I<\/li>\n<li>Coordena\u00e7\u00e3o Inform\u00e1tica Biom\u00e9dica<\/li>\n<\/ul>\n<h2><\/h2>\n<h2>2017-1<\/h2>\n<ul>\n<li>CI172 &#8211; Processamento de Imagens Biom\u00e9dicas<\/li>\n<li>Coordena\u00e7\u00e3o Inform\u00e1tica Biom\u00e9dica<\/li>\n<\/ul>\n<h2><\/h2>\n<h2>2016-2<\/h2>\n<ul>\n<li>CI055 &#8211; Algoritmos e Estrutura de Dados I<\/li>\n<li>Coordena\u00e7\u00e3o Inform\u00e1tica Biom\u00e9dica<\/li>\n<\/ul>\n<h2>2016-1<\/h2>\n<ul>\n<li>CI172 &#8211; Processamento de Imagens Biom\u00e9dicas<\/li>\n<li>Coordena\u00e7\u00e3o Inform\u00e1tica Biom\u00e9dica<\/li>\n<\/ul>\n<h2>2015-2<\/h2>\n<ul>\n<li>CI067 &#8211; Oficina de Computa\u00e7\u00e3o<\/li>\n<li>Coordena\u00e7\u00e3o Inform\u00e1tica Biom\u00e9dica<\/li>\n<\/ul>\n<h2>2015-1<\/h2>\n<ul>\n<li>CI394 &#8211; Processamento de Imagens<\/li>\n<li>Coordena\u00e7\u00e3o Inform\u00e1tica Biom\u00e9dica<\/li>\n<\/ul>\n<h2>2014-2<\/h2>\n<ul>\n<li>CI055 &#8211; Algoritmos e Estruturas de Dados I<\/li>\n<li>CI172 &#8211; Processamento de Imagens Biom\u00e9dicas<\/li>\n<\/ul>\n<h2><\/h2>\n<h2>2014-1<\/h2>\n<ul>\n<li>CI242 &#8211; T\u00f3picos em Pesquisa em Inform\u00e1tica<\/li>\n<li>CI055 &#8211; Algoritmos e Estruturas de Dados I<\/li>\n<li>TI140 &#8211; Linguagem de Programa\u00e7\u00e3o Estruturada (TADS &#8211; tarde)<\/li>\n<\/ul>\n<h2>2013-2<\/h2>\n<ul>\n<li>TI140 &#8211; Linguagem de Programa\u00e7\u00e3o Estruturada (TADS &#8211; tarde)<\/li>\n<li>TI108 &#8211; Estrutura de Dados (TADS &#8211; tarde)<\/li>\n<li>TI140 &#8211; Linguagem de Programa\u00e7\u00e3o Estruturada (TADS &#8211; noite)<\/li>\n<li>TI108 &#8211; Estrutura de Dados (TADS &#8211; noite)<\/li>\n<\/ul>\n<h2>2013-1<\/h2>\n<ul>\n<li>TI140 &#8211; Linguagem de Programa\u00e7\u00e3o Estruturada (TADS &#8211; tarde)<\/li>\n<li>TI108 &#8211; Estrutura de Dados (TADS &#8211; tarde)<\/li>\n<\/ul>\n<ul>\n<li>TI140 &#8211; Linguagem de Programa\u00e7\u00e3o Estruturada (TADS &#8211; noite)<\/li>\n<li>TI108 &#8211; Estrutura de Dados (TADS &#8211; noite)<\/li>\n<\/ul>\n<h2>2012-2<\/h2>\n<ul>\n<li>TI140 &#8211; Linguagem de Programa\u00e7\u00e3o Estruturada (TADS &#8211; tarde)<\/li>\n<li>TI108 &#8211; Estrutura de Dados (TADS &#8211; tarde)<\/li>\n<\/ul>\n<ul>\n<li>TI140 &#8211; Linguagem de Programa\u00e7\u00e3o Estruturada (TADS &#8211; noite)<\/li>\n<li>TI108 &#8211; Estrutura de Dados (TADS &#8211; noite)<\/li>\n<\/ul>\n<h2>2012-1<\/h2>\n<ul>\n<li>TI140 &#8211; Linguagem de Programa\u00e7\u00e3o Estruturada (TADS &#8211; tarde)<\/li>\n<li>TI108 &#8211; Estrutura de Dados (TADS &#8211; tarde)<\/li>\n<\/ul>\n<ul>\n<li>TI140 &#8211; Linguagem de Programa\u00e7\u00e3o Estruturada (TADS &#8211; noite)<\/li>\n<li>TI108 &#8211; Estrutura de Dados (TADS &#8211; noite)<\/li>\n<\/ul>\n<h2>2011-2<\/h2>\n<ul>\n<li><strong>TI140 &#8211; Linguagem de Programa\u00e7\u00e3o Estruturada (TADS &#8211; tarde)<\/strong><\/li>\n<li><strong>TI108 &#8211; Estrutura de Dados (TADS &#8211; tarde)<\/strong><\/li>\n<\/ul>\n<ul>\n<li><strong>TI140 &#8211; Linguagem de Programa\u00e7\u00e3o Estruturada (TADS &#8211; noite)<\/strong><\/li>\n<li><strong>TI108 &#8211; Estrutura de Dados (TADS &#8211; noite)<\/strong><\/li>\n<\/ul>\n","protected":false},"excerpt":{"rendered":"<p>2020-1 CI172 &#8211; Processamento de Imagens Biom\u00e9dicas CI1002 &#8211; Programa\u00e7\u00e3o II 2019-2 CI1055\/CI055 &#8211; Algortimos e Estrutura de Dados I CI183 &#8211; Programa\u00e7\u00e3o de Computadores 2019-1 CI172 &#8211; Processamento de Imagens Biom\u00e9dicas CI394 &#8211; Processamento de Imagens 2018-2 CI055 &#8211; <a href=\"https:\/\/web.inf.ufpr.br\/lferrari\/teaching\/\" class=\"read-more\">Read More &#8230;<\/a><\/p>\n","protected":false},"author":11,"featured_media":0,"parent":0,"menu_order":0,"comment_status":"closed","ping_status":"closed","template":"","meta":{"footnotes":""},"class_list":["post-59","page","type-page","status-publish","hentry"],"_links":{"self":[{"href":"https:\/\/web.inf.ufpr.br\/lferrari\/wp-json\/wp\/v2\/pages\/59","targetHints":{"allow":["GET"]}}],"collection":[{"href":"https:\/\/web.inf.ufpr.br\/lferrari\/wp-json\/wp\/v2\/pages"}],"about":[{"href":"https:\/\/web.inf.ufpr.br\/lferrari\/wp-json\/wp\/v2\/types\/page"}],"author":[{"embeddable":true,"href":"https:\/\/web.inf.ufpr.br\/lferrari\/wp-json\/wp\/v2\/users\/11"}],"replies":[{"embeddable":true,"href":"https:\/\/web.inf.ufpr.br\/lferrari\/wp-json\/wp\/v2\/comments?post=59"}],"version-history":[{"count":17,"href":"https:\/\/web.inf.ufpr.br\/lferrari\/wp-json\/wp\/v2\/pages\/59\/revisions"}],"predecessor-version":[{"id":325,"href":"https:\/\/web.inf.ufpr.br\/lferrari\/wp-json\/wp\/v2\/pages\/59\/revisions\/325"}],"wp:attachment":[{"href":"https:\/\/web.inf.ufpr.br\/lferrari\/wp-json\/wp\/v2\/media?parent=59"}],"curies":[{"name":"wp","href":"https:\/\/api.w.org\/{rel}","templated":true}]}}