{"id":27,"date":"2017-08-16T18:02:29","date_gmt":"2017-08-16T21:02:29","guid":{"rendered":"http:\/\/web.inf.ufpr.br\/infobiomedica\/?page_id=27"},"modified":"2023-02-18T14:22:33","modified_gmt":"2023-02-18T17:22:33","slug":"modulos-e-duracao-do-curso","status":"publish","type":"page","link":"https:\/\/web.inf.ufpr.br\/infobiomedica\/modulos-e-duracao-do-curso\/","title":{"rendered":"M\u00f3dulos e Dura\u00e7\u00e3o do Curso"},"content":{"rendered":"\n<div class=\"wp-block-columns is-layout-flex wp-container-core-columns-is-layout-9d6595d7 wp-block-columns-is-layout-flex\">\n<div class=\"wp-block-column is-layout-flow wp-block-column-is-layout-flow\">\n<p class=\"has-text-align-center\"><span style=\"color: #000000\"><span style=\"font-family: Georgia,serif\"><span style=\"font-size: medium\"><strong><strong><strong>Curr\u00edculo 2011<\/strong><\/strong><\/strong><\/span><\/span><\/span><\/p>\n<\/div>\n\n\n\n<div class=\"wp-block-column is-layout-flow wp-block-column-is-layout-flow\">\n<p class=\"has-text-align-center\"><span style=\"color: #000000\"><span style=\"font-family: Georgia,serif\"><span style=\"font-size: medium\"><strong><strong><strong>Curr\u00edculo 2023<\/strong><\/strong><\/strong><\/span><\/span><\/span><\/p>\n<\/div>\n<\/div>\n\n\n\n<div class=\"wp-block-columns is-layout-flex wp-container-core-columns-is-layout-9d6595d7 wp-block-columns-is-layout-flex\">\n<div class=\"wp-block-column is-layout-flow wp-block-column-is-layout-flow\">\n<p><span style=\"color: #000000\"><span style=\"font-family: Georgia,serif\"><span style=\"font-size: medium\">O curso de Inform\u00e1tica Biom\u00e9dica do Departamento de Inform\u00e1tica da UFPR tem dura\u00e7\u00e3o de 4 anos e consiste em 3000 horas, distribu\u00eddas em:<\/span><\/span><\/span><\/p>\n\n\n\n<ul class=\"wp-block-list\">\n<li><span style=\"color: #000000\"><span style=\"font-family: Georgia,serif\"><span style=\"font-size: medium\">2160 horas de disciplinas obrigat\u00f3rias;<\/span><\/span><\/span><\/li>\n\n\n\n<li><span style=\"color: #000000\"><span style=\"font-family: Georgia,serif\"><span style=\"font-size: medium\">240 horas de disciplinas optativas;<\/span><\/span><\/span><\/li>\n\n\n\n<li><span style=\"color: #000000\"><span style=\"font-family: Georgia,serif\"><span style=\"font-size: medium\">120 horas de trabalho de conclus\u00e3o de curso;<\/span><\/span><\/span><\/li>\n\n\n\n<li><span style=\"color: #000000\"><span style=\"font-family: Georgia,serif\"><span style=\"font-size: medium\">480 horas de atividades formativas interdisciplinares.<\/span><\/span><\/span><\/li>\n<\/ul>\n\n\n\n<p><span style=\"color: #000000\"><span style=\"font-family: Georgia,serif\"><span style=\"font-size: medium\">A carga hor\u00e1ria semanal do Curso de Inform\u00e1tica Biom\u00e9dica \u00e9 de, aproximadamente, 20 a 24 horas e o curr\u00edculo do curso est\u00e1 organizado em 5 m\u00f3dulos:<\/span><\/span><\/span><\/p>\n\n\n\n<p><span style=\"color: #000000\"><span style=\"font-family: Georgia,serif\"><span style=\"font-size: medium\"><b>1. M\u00f3dulo de forma\u00e7\u00e3o b\u00e1sica (900 horas)<\/b><\/span><\/span><\/span><\/p>\n\n\n\n<p><span style=\"color: #000000\"><span style=\"font-family: Georgia,serif\"><span style=\"font-size: medium\">Formado por disciplinas obrigat\u00f3rias concentradas nos primeiros per\u00edodos que fornecem s\u00f3lida base te\u00f3rica em Matem\u00e1tica, Computa\u00e7\u00e3o e Biologia. Essas disciplinas desenvolvem no aluno as capacidades de racioc\u00ednio e resolu\u00e7\u00e3o de problemas e o preparam para compreender profundamente o contexto em que os problemas da \u00e1rea das Ci\u00eancias Biol\u00f3gicas est\u00e3o inseridos.<\/span><\/span><\/span><\/p>\n\n\n\n<p><span style=\"color: #000000\"><span style=\"font-family: Georgia,serif\"><span style=\"font-size: medium\"><b>2. M\u00f3dulo de forma\u00e7\u00e3o geral (420 horas)<\/b><\/span><\/span><\/span><\/p>\n\n\n\n<p><span style=\"color: #000000\"><span style=\"font-family: Georgia,serif\"><span style=\"font-size: medium\">Formado por disciplinas obrigat\u00f3rias nas \u00e1reas de Estat\u00edstica, Ci\u00eancias Biol\u00f3gicas e Ci\u00eancias da Sa\u00fade voltadas especificamente para a \u00e1rea de Inform\u00e1tica Biom\u00e9dica, que complementam as disciplinas do m\u00f3dulo de forma\u00e7\u00e3o b\u00e1sica e fazem a liga\u00e7\u00e3o com as disciplinas do m\u00f3dulo de forma\u00e7\u00e3o profissional.<\/span><\/span><\/span><\/p>\n\n\n\n<p><span style=\"color: #000000\"><span style=\"font-family: Georgia,serif\"><span style=\"font-size: medium\"><b>3. M\u00f3dulo de forma\u00e7\u00e3o profissional geral (840 horas)<\/b><\/span><\/span><\/span><\/p>\n\n\n\n<p><span style=\"color: #000000\"><span style=\"font-family: Georgia,serif\"><span style=\"font-size: medium\">Formado por disciplinas obrigat\u00f3rias que fornecem a base para que o aluno domine os conceitos das diferentes sub\u00e1reas da Computa\u00e7\u00e3o e das 3 \u00e1reas da Inform\u00e1tica Biom\u00e9dica enfatizadas pelo curso: Bioinform\u00e1tica, Processamento de Imagens M\u00e9dicas e Sistemas de Informa\u00e7\u00e3o em Sa\u00fade. Este m\u00f3dulo propicia ao aluno uma vis\u00e3o clara do universo de problemas solucion\u00e1veis por um sistema de computa\u00e7\u00e3o nas \u00e1reas das Bioci\u00eancias e da Sa\u00fade, bem como o dom\u00ednio dos conhecimentos necess\u00e1rios \u00e0 compreens\u00e3o do funcionamento e ao desenvolvimento desses sistemas.<\/span><\/span><\/span><\/p>\n\n\n\n<p><span style=\"color: #000000\"><span style=\"font-family: Georgia,serif\"><span style=\"font-size: medium\"><b>4. M\u00f3dulo de forma\u00e7\u00e3o complementar obrigat\u00f3ria (600 horas)<\/b><\/span><\/span><\/span><\/p>\n\n\n\n<p><span style=\"color: #000000\"><span style=\"font-family: Georgia,serif\"><span style=\"font-size: medium\">Este m\u00f3dulo compreende 480 horas de <a href=\"https:\/\/web.inf.ufpr.br\/infobiomedica\/atividades-formativas\/\" target=\"_blank\" rel=\"noopener\"><span style=\"color: #008000\">atividades formativas<\/span><\/a> e 120 horas do Trabalho de Conclus\u00e3o de Curso, que o permitem adquirir experi\u00eancia e desenvolver novas habilidades em contato com o mercado de trabalho ou desenvolvendo atividade de pesquisa na UFPR.<\/span><\/span><\/span><\/p>\n\n\n\n<p><span style=\"color: #000000\"><span style=\"font-family: Georgia,serif\"><span style=\"font-size: medium\">5<b>. M\u00f3dulo de forma\u00e7\u00e3o complementar optativa (240 horas)<\/b><\/span><\/span><\/span><\/p>\n\n\n\n<p><span style=\"color: #000000\"><span style=\"font-family: Georgia,serif\"><span style=\"font-size: medium\">Formado por disciplinas que permitem ao aluno aprofundar-se em sub\u00e1reas de acordo com seus interesses e aptid\u00f5es. As disciplinas escolhidas pelo aluno com a orienta\u00e7\u00e3o dos docentes e da coordena\u00e7\u00e3o do curso fortalecer\u00e3o a defini\u00e7\u00e3o do seu <a rel=\"noopener\" href=\"https:\/\/web.inf.ufpr.br\/infobiomedica\/perfil-do-egresso\/\" target=\"_blank\"><span style=\"color: #008000\">perfil profisional<\/span><\/a><span style=\"color: #008000\">.<\/span><\/span><\/span><\/span><\/p>\n<\/div>\n\n\n\n<div class=\"wp-block-column is-layout-flow wp-block-column-is-layout-flow\">\n<p><span style=\"color: #000000\"><span style=\"font-family: Georgia,serif\"><span style=\"font-size: medium\">O curso de Inform\u00e1tica Biom\u00e9dica do Departamento de Inform\u00e1tica da UFPR tem dura\u00e7\u00e3o de 4 anos e consiste em 3200 horas, distribu\u00eddas em:<\/span><\/span><\/span><\/p>\n\n\n\n<ul class=\"wp-block-list\">\n<li><span style=\"color: #000000\"><span style=\"font-family: Georgia,serif\"><span style=\"font-size: medium\">1020 horas de forma\u00e7\u00e3o b\u00e1sica que compreende as mat\u00e9rias dos tr\u00eas primeiros per\u00edodos, totalizando 17 disciplinas; <\/span><\/span><\/span><\/li>\n\n\n\n<li><span style=\"color: #000000\"><span style=\"font-family: Georgia,serif\"><span style=\"font-size: medium\">1260 horas de forma\u00e7\u00e3o espec\u00edfica em 21 disciplinas;<\/span><\/span><\/span><\/li>\n\n\n\n<li><span style=\"color: #000000\"><span style=\"font-family: Georgia,serif\"><span style=\"font-size: medium\">300 horas de forma\u00e7\u00e3o optativa em 5 disciplinas; <\/span><\/span><\/span><\/li>\n\n\n\n<li><span style=\"color: #000000\"><span style=\"font-family: Georgia,serif\"><span style=\"font-size: medium\">220 horas de Est\u00e1gio Obrigat\u00f3rio &#8211; pode ser cursado em qualquer momento ap\u00f3s das disciplinas b\u00e1sicas. Dever\u00e1 ser cursado no per\u00edodo matutino;<\/span><\/span><\/span><\/li>\n\n\n\n<li><span style=\"color: #000000\"><span style=\"font-family: Georgia,serif\"><span style=\"font-size: medium\"> 80 horas de Atividades Formativas;<\/span><\/span><\/span><\/li>\n\n\n\n<li><span style=\"color: #000000\"><span style=\"font-family: Georgia,serif\"><span style=\"font-size: medium\"> 320 horas de Trabalho de Conclus\u00e3o de Curso, sendo divididos em TCC1 e TCC2, cada um na vers\u00e3o padr\u00e3o e extensionista.  <\/span><\/span><\/span><\/li>\n<\/ul>\n\n\n\n<p><span style=\"color: #000000\"><span style=\"font-family: Georgia,serif\"><span style=\"font-size: medium\">A carga hor\u00e1ria semanal do Curso de Inform\u00e1tica Biom\u00e9dica \u00e9 de, aproximadamente, 20 a 24 horas e o curr\u00edculo do curso est\u00e1 organizado em 5 m\u00f3dulos:<\/span><\/span><\/span><\/p>\n\n\n\n<p><span style=\"color: #000000\"><span style=\"font-family: Georgia,serif\"><span style=\"font-size: medium\"><b>1. M\u00f3dulo de forma\u00e7\u00e3o b\u00e1sica (1020 horas)<\/b><\/span><\/span><\/span><\/p>\n\n\n\n<p><span style=\"color: #000000\"><span style=\"font-family: Georgia,serif\"><span style=\"font-size: medium\">Formado por disciplinas obrigat\u00f3rias concentradas nos 3 primeiros per\u00edodos que fornecem s\u00f3lida base te\u00f3rica em Matem\u00e1tica, Computa\u00e7\u00e3o e Biologia. Essas disciplinas desenvolvem no aluno as capacidades de racioc\u00ednio e resolu\u00e7\u00e3o de problemas e o preparam para compreender profundamente o contexto em que os problemas das \u00e1reas das Ci\u00eancias Biol\u00f3gicas e de Sa\u00fade est\u00e3o inseridos.<\/span><\/span><\/span><\/p>\n\n\n\n<p><span style=\"color: #000000\"><span style=\"font-family: Georgia,serif\"><span style=\"font-size: medium\"><b>2. M\u00f3dulo de forma\u00e7\u00e3o geral (1260 horas)<\/b><\/span><\/span><\/span><\/p>\n\n\n\n<p><span style=\"color: #000000\"><span style=\"font-family: Georgia,serif\"><span style=\"font-size: medium\">Formado por disciplinas obrigat\u00f3rias nas \u00e1reas de Estat\u00edstica, Ci\u00eancias Biol\u00f3gicas e Ci\u00eancias da Sa\u00fade voltadas especificamente para a \u00e1rea de Inform\u00e1tica Biom\u00e9dica, que complementam as disciplinas do m\u00f3dulo de forma\u00e7\u00e3o b\u00e1sica e fazem a liga\u00e7\u00e3o com as disciplinas do m\u00f3dulo de forma\u00e7\u00e3o profissional.<\/span><\/span><\/span><\/p>\n\n\n\n<p><span style=\"color: #000000\"><span style=\"font-family: Georgia,serif\"><span style=\"font-size: medium\"><b>3. M\u00f3dulo de forma\u00e7\u00e3o profissional geral (220 horas)<\/b><\/span><\/span><\/span><\/p>\n\n\n\n<p><span style=\"color: #000000\"><span style=\"font-family: Georgia,serif\"><span style=\"font-size: medium\">Formado pela disciplina de Est\u00e1gio obrigat\u00f3rio. Compreende a aplica\u00e7\u00e3o te\u00f3rica-pratica, na qual o aluno deve desenvolver atividades para consolida\u00e7\u00e3o dos temas aprendidos em no curso e adquirir experi\u00eancia no mundo do trabalho.<\/span><\/span><\/span><\/p>\n\n\n\n<p><span style=\"color: #000000\"><span style=\"font-family: Georgia,serif\"><span style=\"font-size: medium\"><b>4. M\u00f3dulo de forma\u00e7\u00e3o complementar obrigat\u00f3ria (400 horas)<\/b><\/span><\/span><\/span><\/p>\n\n\n\n<p><span style=\"color: #000000\"><span style=\"font-family: Georgia,serif\"><span style=\"font-size: medium\">Este m\u00f3dulo compreende 80 horas de <a rel=\"noopener\" href=\"https:\/\/web.inf.ufpr.br\/infobiomedica\/atividades-formativas\/\" target=\"_blank\"><span style=\"color: #008000\">atividades formativas<\/span><\/a> e 320 horas do Trabalho de Conclus\u00e3o de Curso, que o permitem adquirir experi\u00eancia e desenvolver novas habilidades em contato com o mercado de trabalho ou desenvolvendo atividade de pesquisa na UFPR.<\/span><\/span><\/span><\/p>\n\n\n\n<p><span style=\"color: #000000\"><span style=\"font-family: Georgia,serif\"><span style=\"font-size: medium\">5<b>. M\u00f3dulo de forma\u00e7\u00e3o complementar optativa (300 horas)<\/b><\/span><\/span><\/span><\/p>\n\n\n\n<p><span style=\"color: #000000\"><span style=\"font-family: Georgia,serif\"><span style=\"font-size: medium\">Formado por disciplinas que permitem ao aluno aprofundar-se em sub\u00e1reas de acordo com seus interesses e aptid\u00f5es. As disciplinas escolhidas pelo aluno com a orienta\u00e7\u00e3o dos docentes e da coordena\u00e7\u00e3o do curso fortalecer\u00e3o a defini\u00e7\u00e3o do seu <a rel=\"noopener\" href=\"https:\/\/web.inf.ufpr.br\/infobiomedica\/perfil-do-egresso\/\" target=\"_blank\"><span style=\"color: #008000\">perfil profisional<\/span><\/a><span style=\"color: #008000\">.<\/span><\/span><\/span><\/span><\/p>\n<\/div>\n<\/div>\n\n\n\n<p><\/p>\n\n\n\n<div class=\"wp-block-columns is-layout-flex wp-container-core-columns-is-layout-9d6595d7 wp-block-columns-is-layout-flex\"><\/div>\n\n\n\n<div class=\"wp-block-columns is-layout-flex wp-container-core-columns-is-layout-9d6595d7 wp-block-columns-is-layout-flex\"><\/div>\n","protected":false},"excerpt":{"rendered":"<p>Curr\u00edculo 2011 Curr\u00edculo 2023 O curso de Inform\u00e1tica Biom\u00e9dica do Departamento de Inform\u00e1tica da UFPR tem dura\u00e7\u00e3o de 4 anos e consiste em 3000 horas, distribu\u00eddas em: A carga hor\u00e1ria semanal do Curso de Inform\u00e1tica Biom\u00e9dica \u00e9 de, aproximadamente, 20 a 24 horas e o curr\u00edculo do curso est\u00e1 organizado em 5 m\u00f3dulos: 1. M\u00f3dulo&hellip;<\/p>\n","protected":false},"author":7,"featured_media":0,"parent":0,"menu_order":0,"comment_status":"closed","ping_status":"closed","template":"","meta":{"footnotes":""},"class_list":["post-27","page","type-page","status-publish","hentry"],"_links":{"self":[{"href":"https:\/\/web.inf.ufpr.br\/infobiomedica\/wp-json\/wp\/v2\/pages\/27","targetHints":{"allow":["GET"]}}],"collection":[{"href":"https:\/\/web.inf.ufpr.br\/infobiomedica\/wp-json\/wp\/v2\/pages"}],"about":[{"href":"https:\/\/web.inf.ufpr.br\/infobiomedica\/wp-json\/wp\/v2\/types\/page"}],"author":[{"embeddable":true,"href":"https:\/\/web.inf.ufpr.br\/infobiomedica\/wp-json\/wp\/v2\/users\/7"}],"replies":[{"embeddable":true,"href":"https:\/\/web.inf.ufpr.br\/infobiomedica\/wp-json\/wp\/v2\/comments?post=27"}],"version-history":[{"count":6,"href":"https:\/\/web.inf.ufpr.br\/infobiomedica\/wp-json\/wp\/v2\/pages\/27\/revisions"}],"predecessor-version":[{"id":461,"href":"https:\/\/web.inf.ufpr.br\/infobiomedica\/wp-json\/wp\/v2\/pages\/27\/revisions\/461"}],"wp:attachment":[{"href":"https:\/\/web.inf.ufpr.br\/infobiomedica\/wp-json\/wp\/v2\/media?parent=27"}],"curies":[{"name":"wp","href":"https:\/\/api.w.org\/{rel}","templated":true}]}}