{"id":25,"date":"2017-08-16T18:01:15","date_gmt":"2017-08-16T21:01:15","guid":{"rendered":"http:\/\/web.inf.ufpr.br\/infobiomedica\/?page_id=25"},"modified":"2023-04-04T17:50:23","modified_gmt":"2023-04-04T20:50:23","slug":"apresentacao","status":"publish","type":"page","link":"https:\/\/web.inf.ufpr.br\/infobiomedica\/","title":{"rendered":"Curso"},"content":{"rendered":"\n<p><span style=\"color: #000000\"><span style=\"font-family: Georgia, serif\"><span style=\"font-size: large\">O curso de Inform\u00e1tica Biom\u00e9dica da UFPR re\u00fane e coloca \u00e0 disposi\u00e7\u00e3o do estudante um curr\u00edculo que proporciona uma forma\u00e7\u00e3o s\u00f3lida e integrada entre as \u00e1reas de Computa\u00e7\u00e3o, Bioci\u00eancias e Sa\u00fade. O curso de Inform\u00e1tica Biom\u00e9dica da UFPR conta como diferencial uma forma\u00e7\u00e3o predominante na \u00e1rea de Computa\u00e7\u00e3o. A din\u00e2mica de forma\u00e7\u00e3o do aluno contempla o conhecimento conceitual em Ci\u00eancias Exatas, Biol\u00f3gicas e Sa\u00fade ao longo dos 4 anos do curso. Assim, as tr\u00eas grandes \u00e1reas que representam os campos de maior evid\u00eancia dessa conjun\u00e7\u00e3o de conhecimentos s\u00e3o:<\/span><\/span><\/span><\/p>\n<ul>\n<li>\n<p><span style=\"color: #000000\"><span style=\"font-family: Georgia, serif\"><span style=\"font-size: large\">Bioinform\u00e1tica; <\/span><\/span><\/span><\/p>\n<\/li>\n<li>\n<p><span style=\"color: #000000\"><span style=\"font-family: Georgia, serif\"><span style=\"font-size: large\">Processamento de Imagens M\u00e9dicas; <\/span><\/span><\/span><\/p>\n<\/li>\n<li>\n<p><span style=\"color: #000000\"><span style=\"font-family: Georgia, serif\"><span style=\"font-size: large\">Gerenciamento de Registros Cl\u00ednicos e de Sa\u00fade P\u00fablica <\/span><\/span><\/span><\/p>\n<\/li>\n<\/ul>\n<p><span style=\"color: #000000\"><span style=\"font-family: Georgia, serif\"><span style=\"font-size: large\">O curso oferta 30 vagas anuais com ingresso no primeiro semestre e teve in\u00edcio em 2011. As aulas s\u00e3o realizadas no campus do Centro Polit\u00e9cnico e exigem dedica\u00e7\u00e3o em tempo integral, com aulas entre 13h30 e 19h30, sendo que eventualmente alguma disciplina conformar outro hor\u00e1rio.<\/span><\/span><\/span><\/p>\n","protected":false},"excerpt":{"rendered":"<p>O curso de Inform\u00e1tica Biom\u00e9dica da UFPR re\u00fane e coloca \u00e0 disposi\u00e7\u00e3o do estudante um curr\u00edculo que proporciona uma forma\u00e7\u00e3o s\u00f3lida e integrada entre as \u00e1reas de Computa\u00e7\u00e3o, Bioci\u00eancias e Sa\u00fade. O curso de Inform\u00e1tica Biom\u00e9dica da UFPR conta como diferencial uma forma\u00e7\u00e3o predominante na \u00e1rea de Computa\u00e7\u00e3o. A din\u00e2mica de forma\u00e7\u00e3o do aluno contempla&hellip;<\/p>\n","protected":false},"author":7,"featured_media":0,"parent":0,"menu_order":0,"comment_status":"closed","ping_status":"closed","template":"","meta":{"footnotes":""},"class_list":["post-25","page","type-page","status-publish","hentry"],"_links":{"self":[{"href":"https:\/\/web.inf.ufpr.br\/infobiomedica\/wp-json\/wp\/v2\/pages\/25","targetHints":{"allow":["GET"]}}],"collection":[{"href":"https:\/\/web.inf.ufpr.br\/infobiomedica\/wp-json\/wp\/v2\/pages"}],"about":[{"href":"https:\/\/web.inf.ufpr.br\/infobiomedica\/wp-json\/wp\/v2\/types\/page"}],"author":[{"embeddable":true,"href":"https:\/\/web.inf.ufpr.br\/infobiomedica\/wp-json\/wp\/v2\/users\/7"}],"replies":[{"embeddable":true,"href":"https:\/\/web.inf.ufpr.br\/infobiomedica\/wp-json\/wp\/v2\/comments?post=25"}],"version-history":[{"count":12,"href":"https:\/\/web.inf.ufpr.br\/infobiomedica\/wp-json\/wp\/v2\/pages\/25\/revisions"}],"predecessor-version":[{"id":457,"href":"https:\/\/web.inf.ufpr.br\/infobiomedica\/wp-json\/wp\/v2\/pages\/25\/revisions\/457"}],"wp:attachment":[{"href":"https:\/\/web.inf.ufpr.br\/infobiomedica\/wp-json\/wp\/v2\/media?parent=25"}],"curies":[{"name":"wp","href":"https:\/\/api.w.org\/{rel}","templated":true}]}}

<p><span style="color: #000000"><span style="font-family: Georgia, serif"><span style="font-size: large">O curso de Informática Biomédica da UFPR reúne e coloca à disposição do estudante um currículo que proporciona uma formação sólida e integrada entre as áreas de Computação, Biociências e Saúde. O curso de Informática Biomédica da UFPR conta como diferencial uma formação predominante na área de Computação. A dinâmica de formação do aluno contempla o conhecimento conceitual em Ciências Exatas, Biológicas e Saúde ao longo dos 4 anos do curso. Assim, as três grandes áreas que representam os campos de maior evidência dessa conjunção de conhecimentos são:</span></span></span></p>
<ul>
<li>
<p><span style="color: #000000"><span style="font-family: Georgia, serif"><span style="font-size: large">Bioinformática; </span></span></span></p>
</li>
<li>
<p><span style="color: #000000"><span style="font-family: Georgia, serif"><span style="font-size: large">Processamento de Imagens Médicas; </span></span></span></p>
</li>
<li>
<p><span style="color: #000000"><span style="font-family: Georgia, serif"><span style="font-size: large">Gerenciamento de Registros Clínicos e de Saúde Pública </span></span></span></p>
</li>
</ul>
<p><span style="color: #000000"><span style="font-family: Georgia, serif"><span style="font-size: large">O curso oferta 30 vagas anuais com ingresso no primeiro semestre e teve início em 2011. As aulas são realizadas no campus do Centro Politécnico e exigem dedicação em tempo integral, com aulas entre 13h30 e 19h30, sendo que eventualmente alguma disciplina conformar outro horário.</span></span></span></p>

<p>O curso de Informática Biomédica da UFPR reúne e coloca à disposição do estudante um currículo que proporciona uma formação sólida e integrada entre as áreas de Computação, Biociências e Saúde. O curso de Informática Biomédica da UFPR conta como diferencial uma formação predominante na área de Computação. A dinâmica de formação do aluno contempla&hellip;</p>
