{"id":486,"date":"2021-06-23T11:08:02","date_gmt":"2021-06-23T14:08:02","guid":{"rendered":"https:\/\/web.inf.ufpr.br\/ihc\/?page_id=486"},"modified":"2021-06-23T11:08:02","modified_gmt":"2021-06-23T14:08:02","slug":"alumni","status":"publish","type":"page","link":"https:\/\/web.inf.ufpr.br\/ihc\/alumni\/","title":{"rendered":"Alumni"},"content":{"rendered":"\n<p>Pesquisadoras e Pesquisadores que finalizaram seus mestrados e doutorados no grupos IHC UFPR<\/p>\n<h3><strong>Aline de Oliveira Sousa<\/strong><\/h3>\n<p><strong>Institui\u00e7\u00e3o<\/strong>: Universidade Federal do Paran\u00e1 \u2013 UFPR<br \/><strong>Cidade de origem<\/strong>: Maring\u00e1\u2013 PR<br \/><strong>Temas\/\u00e1reas de Interesse<\/strong>: Intera\u00e7\u00e3o Humano Computador, Engenharia de Software e Metodologias \u00e1geis<br \/><strong>Lattes<\/strong>:\u00a0<a href=\"http:\/\/lattes.cnpq.br\/0528663553667864\">http:\/\/lattes.cnpq.br\/0528663553667864<\/a><\/p>\n<h3><strong>Ant\u00f4nio Marcos Cardoso Silva<\/strong><\/h3>\n<p><strong>Institui\u00e7\u00e3o<\/strong>: Universidade do Estado do Par\u00e1 \u2013 UEPA<br \/><strong>Cidade de origem<\/strong>: Bel\u00e9m\/PA<br \/><strong>Temas\/\u00e1reas de Interesse<\/strong>: Design de Intera\u00e7\u00e3o para a inclus\u00e3o e o desenvolvimento social; Inform\u00e1tica e Educa\u00e7\u00e3o, Redes de Computadores, sistemas de informa\u00e7\u00e3o<br \/><strong>Lattes<\/strong>:\u00a0<a href=\"http:\/\/lattes.cnpq.br\/3949852619017976\">http:\/\/lattes.cnpq.br\/3949852619017976<\/a><\/p>\n<h3><strong>Carlos Eduardo Andrade Iatskiu<\/strong><\/h3>\n<p><strong>Cidade de origem<\/strong>: Guarapuava\/PR.<br \/><strong>Institui\u00e7\u00e3o<\/strong>: Universidade Federal do Paran\u00e1 \u2013 UFPR.<br \/><strong>Temas\/\u00e1reas de Interesse<\/strong>: Intera\u00e7\u00e3o Humano-Computador, Internet of Things, Engenharia de Software, Desenvolvimento WEB, Software Livre e Tecnologias Assistivas.<br \/><strong>Lattes<\/strong>:\u00a0<a href=\"http:\/\/lattes.cnpq.br\/7482735124269758\">http:\/\/lattes.cnpq.br\/7482735124269758<\/a><br \/><strong>Researchgate<\/strong>:<a href=\"https:\/\/www.researchgate.net\/profile\/Carlos_Eduardo_Andrade_Iatskiu\">\u00a0https:\/\/www.researchgate.net\/profile\/Carlos_Eduardo_Andrade_Iatskiu<\/a><\/p>\n<h3><strong>Diego Roberto Antunes<\/strong><\/h3>\n<p dir=\"ltr\"><strong>Cidade de origem<\/strong>: Ponta Grossa\/PR.<br \/><strong>Institui\u00e7\u00e3o<\/strong>: Universidade Tecnol\u00f3gica Federal do Paran\u00e1 \u2013\u00a0UTFPR.<br \/><strong>Temas\/\u00e1reas de Interesse<\/strong>: Intera\u00e7\u00e3o Humano Computador; Linguagens de Programa\u00e7\u00e3o; Arquitetura de Software; Padr\u00f5es de Projeto; Computa\u00e7\u00e3o Ub\u00edqua e Design de Antecipa\u00e7\u00e3o.<br \/><strong>Lattes<\/strong>:\u00a0<a title=\"\" href=\"http:\/\/buscatextual.cnpq.br\/buscatextual\/visualizacv.do?id=K4250023J2\" target=\"_self\" rel=\"noopener noreferrer\">http:\/\/buscatextual.cnpq.br\/buscatextual\/visualizacv.do?id=K4250023J2<\/a><\/p>\n<h3><strong>Ermelindo Paulo Breviglieri Schultz<\/strong><\/h3>\n<p><strong>Cidade de origem<\/strong>: Curitiba\/PR<br \/><strong>Institui\u00e7\u00e3o<\/strong>: Universidade Federal do Paran\u00e1 \u2013 UFPR<br \/><strong>Temas\/\u00e1reas de Interesse<\/strong>: Design participativo; Inform\u00e1tica na Educa\u00e7\u00e3o; Populariza\u00e7\u00e3o da Ci\u00eancia da Computa\u00e7\u00e3o; Educa\u00e7\u00e3o em Computa\u00e7\u00e3o<br \/><strong>Lattes<\/strong>:\u00a0<a href=\"http:\/\/lattes.cnpq.br\/9535187680118738\">http:\/\/lattes.cnpq.br\/9535187680118738<\/a><\/p>\n<h3><strong>Franciele Beal<\/strong><\/h3>\n<p><strong>Cidade de origem<\/strong>: Pato Branco\/PR<br \/><strong>Institui\u00e7\u00e3o<\/strong>: UTFPR \u2013 Universidade Tecnol\u00f3gica Federal do Paran\u00e1 \u2013 C\u00e2mpus Dois Vizinhos<br \/><strong>Temas\/\u00e1reas de Interesse<\/strong>: Design de Intera\u00e7\u00e3o para a inclus\u00e3o e o desenvolvimento social; Minera\u00e7\u00e3o de Dados; e Aprendizagem de M\u00e1quina.<br \/><strong>Lattes<\/strong>:\u00a0<a href=\"http:\/\/lattes.cnpq.br\/0143431637515430\">http:\/\/lattes.cnpq.br\/0143431637515430<\/a><\/p>\n<h3><strong>Guilherme Corredato Guerino<\/strong><\/h3>\n<p><strong>Cidade de origem<\/strong>: Paragua\u00e7u Paulista\/SP<br \/><strong>Institui\u00e7\u00e3o<\/strong>: Universidade Federal do Paran\u00e1 \u2013 UFPR<br \/><strong>Temas\/\u00e1reas de Interesse<\/strong>: Interfaces Naturais de Usu\u00e1rio, Avalia\u00e7\u00e3o de Usabilidade e UX, Agentes Conversacionais, Sistemas de Intera\u00e7\u00e3o Baseada em Voz<br \/><strong>Lattes<\/strong>:\u00a0<a href=\"http:\/\/lattes.cnpq.br\/1509833195572488\">http:\/\/lattes.cnpq.br\/1509833195572488<\/a><br \/><strong>Researchgate:\u00a0<\/strong><a href=\"https:\/\/www.researchgate.net\/profile\/Guilherme_Guerino\">https:\/\/www.researchgate.net\/profile\/Guilherme_Guerino<\/a><strong><br \/><\/strong><strong>Gooogle Scholar:\u00a0<\/strong><a href=\"https:\/\/scholar.google.com.br\/citations?user=Di_2bbQAAAAJ&amp;hl=pt-BR\">https:\/\/scholar.google.com.br\/citations?user=Di_2bbQAAAAJ&amp;hl=pt-BR<\/a><\/p>\n<p dir=\"ltr\">\u00a0<\/p>\n<h3><strong>Gustavo Ramon Bellettieri Herbig<\/strong><\/h3>\n<p><strong>Cidade de origem<\/strong>: Foz do Igua\u00e7u\/PR.<br \/><strong>Institui\u00e7\u00e3o<\/strong>: UFPR\/PTI<br \/><strong>Temas\/\u00e1reas de Interesse<\/strong>: Intera\u00e7\u00e3o Humano-Computador, Engenharia de Software.<br \/><strong>Lattes<\/strong>: \u00a0<a href=\"http:\/\/lattes.cnpq.br\/1584362568294722\">http:\/\/lattes.cnpq.br\/1584362568294722<\/a><\/p>\n<h3><strong>Ma\u00edra Codo Canal<\/strong><\/h3>\n<p><strong>Cidade de origem<\/strong>: Capivari\/SP.<br \/><strong>Institui\u00e7\u00e3o<\/strong>: Universidade Federal do Paran\u00e1\u00a0\u2013 UFPR.<br \/><strong>Temas\/\u00e1reas de Interesse<\/strong>: Intera\u00e7\u00e3o Humano-Computador e Inform\u00e1tica Aplicada a Educa\u00e7\u00e3o.<br \/><strong>Lattes<\/strong>:<a href=\"http:\/\/buscatextual.cnpq.br\/buscatextual\/visualizacv.do?id=K4407730P8\">http:\/\/buscatextual.cnpq.br\/buscatextual\/visualizacv.do?id=K4407730P8<br \/><\/a><strong>Researchgate<\/strong>:\u00a0<a href=\"https:\/\/www.researchgate.net\/profile\/Maira_Canal\">https:\/\/www.researchgate.net\/profile\/Maira_Canal<\/a><\/p>\n<h3><strong>M\u00e1rcia Val\u00e9ria Rodrigues Ferreira<\/strong><\/h3>\n<p><strong>Cidade de origem<\/strong>: Ipatinga\/MG.<br \/><strong>Institui\u00e7\u00e3o<\/strong>: Universidade Federal do Paran\u00e1\u00a0\u2013 UFPR.<br \/><strong>Temas\/\u00e1reas de Interesse<\/strong>: Tecnologias assistivas; Tecnologias educacionais acess\u00edveis; Intera\u00e7\u00e3o Humano-Computador; Interfaces Acess\u00edveis e Estrat\u00e9gia de ensino e aprendizagem de pessoas com defici\u00eancia.<br \/><strong>Lattes<\/strong>:\u00a0<a href=\"http:\/\/lattes.cnpq.br\/0091668862843924\">http:\/\/lattes.cnpq.br\/0091668862843924<\/a><br \/><strong>Google Scholar<\/strong>: https:\/\/scholar.google.com.br\/citations?user=4YWSrx0AAAAJ&amp;hl=pt-BR&amp;citsig=AMstHGRytADe1auX2mqbiXc9OKYIP1NEJQ<\/p>\n<h3><strong>Marlon Jonas de Oliveira Lima<\/strong><\/h3>\n<p><strong>Cidade de Origem<\/strong>: Lavras\/MG<br \/><strong>Institui\u00e7\u00e3o<\/strong>: Universidade Federal do Paran\u00e1 \u2013 UFPR.<br \/><strong>Temas\/\u00e1reas de Interesse<\/strong>: Interface Humano-Computador, Experi\u00eancia de Usu\u00e1rio, Sistemas Colaborativos e Jogos S\u00e9rios (Serious Games)<br \/><strong>Lattes<\/strong>:\u00a0<a href=\"http:\/\/lattes.cnpq.br\/2904382600459190\">http:\/\/lattes.cnpq.br\/2904382600459190<\/a><a href=\"http:\/\/lattes.cnpq.br\/2904382600459190\"><br \/><\/a><strong>Google Scholar<\/strong>:\u00a0<a href=\"https:\/\/scholar.google.com.br\/citations?user=0bdy45QAAAAJ\">https:\/\/scholar.google.com.br\/citations?user=0bdy45QAAAAJ<\/a><a href=\"https:\/\/scholar.google.com.br\/citations?user=39TDibQAAAAJ&amp;hl=pt-BR\"><br \/><\/a><strong>Academia<\/strong>:\u00a0<a href=\"https:\/\/ufpr.academia.edu\/MarlonLima\">https:\/\/ufpr.academia.edu\/MarlonLima<\/a><\/p>\n<h3><strong>Mateus Rambo Strey<\/strong><\/h3>\n<p><strong>Institui\u00e7\u00e3o<\/strong>: Universidade Federal do Paran\u00e1\u00a0\u2013 UFPR.<br \/><strong>Temas\/\u00e1reas de Interesse<\/strong>: Redes sociais, polariza\u00e7\u00e3o\/c\u00e2maras de eco.<br \/><strong>Lattes<\/strong>:\u00a0<a href=\"http:\/\/lattes.cnpq.br\/8843403659505781\">http:\/\/lattes.cnpq.br\/8843403659505781<\/a><\/p>\n<h3><strong>Patric G. Forcelini<\/strong><\/h3>\n<p><strong>Cidade de origem<\/strong>: Erechim\/RS.<br \/><strong>Institui\u00e7\u00e3o<\/strong>: Universidade Federal do Paran\u00e1\u00a0\u2013 UFPR.<br \/><strong>Temas\/\u00e1reas de Interesse<\/strong>: Intera\u00e7\u00e3o Humano-Computador, Interfaces Tang\u00edveis e Inform\u00e1tica e Educa\u00e7\u00e3o.<br \/><strong>Lattes<\/strong>:\u00a0<a href=\"http:\/\/buscatextual.cnpq.br\/buscatextual\/visualizacv.do?id=K8728871U5\">http:\/\/buscatextual.cnpq.br\/buscatextual\/visualizacv.do?id=K8728871U5<br \/><\/a><strong>Researchgate<\/strong>:\u00a0<a href=\"https:\/\/www.researchgate.net\/profile\/Patric_Forcelini\">https:\/\/www.researchgate.net\/profile\/Patric_Forcelini<\/a><\/p>\n<h3><strong>Rafael dos Passos Canteri<\/strong><\/h3>\n<p><strong>Cidade de origem<\/strong>: Ponta Grossa\/PR.<br \/><strong>Institui\u00e7\u00e3o<\/strong>: Universidade Federal do Paran\u00e1\u00a0\u2013 UFPR.<br \/><strong>Temas\/\u00e1reas de Interesse<\/strong>: Inform\u00e1tica na Educa\u00e7\u00e3o; Jogos Educativos; Intera\u00e7\u00e3o Humano Computador; Linguagens de Programa\u00e7\u00e3o.<br \/><strong>Lattes<\/strong>:<a href=\"http:\/\/lattes.cnpq.br\/2052836397078318\">\u00a0http:\/\/lattes.cnpq.br\/2052836397078318<\/a><br \/><strong>Researchgate<\/strong>:\u00a0<a href=\"https:\/\/www.researchgate.net\/profile\/Rafael_Canteri\">https:\/\/www.researchgate.net\/profile\/Rafael_Canteri<br \/><\/a><strong>Academia<\/strong>:\u00a0<a href=\"https:\/\/ufpr-br.academia.edu\/RafaelCanteri\">https:\/\/ufpr-br.academia.edu\/RafaelCanteri<\/a><\/p>\n<h3><strong>Tatiany Xavier de Godoi<\/strong><\/h3>\n<p><strong>Cidade de origem<\/strong>: Ribeir\u00e3o do Pinhal\/PR<br \/><strong>Institui\u00e7\u00e3o<\/strong>: Universidade Federal do Paran\u00e1\u00a0\u2013 UFPR.<br \/><strong>Temas\/\u00e1reas de Interesse<\/strong>: ntera\u00e7\u00e3o Humano Computador, Inform\u00e1tica na Educa\u00e7\u00e3o.<br \/><strong>Lattes:\u00a0<\/strong><a href=\"http:\/\/lattes.cnpq.br\/3641535556721564\">http:\/\/lattes.cnpq.br\/3641535556721564<\/a><a href=\"http:\/\/buscatextual.cnpq.br\/buscatextual\/visualizacv.do?id=K8728871U5\"><br \/><\/a><strong>Researchgate:\u00a0<\/strong><a href=\"https:\/\/www.researchgate.net\/profile\/Tatiany_Godoi2\">https:\/\/www.researchgate.net\/profile\/Tatiany_Godoi2<\/a><br \/><strong>Google Scholar:\u00a0<\/strong><a href=\"https:\/\/scholar.google.com.br\/citations?user=twLLdg4VeHQC\">https:\/\/scholar.google.com.br\/citations?user=twLLdg4VeHQC<\/a><\/p>\n","protected":false},"excerpt":{"rendered":"","protected":false},"author":20,"featured_media":0,"parent":0,"menu_order":0,"comment_status":"closed","ping_status":"closed","template":"","meta":{"colormag_page_container_layout":"default_layout","colormag_page_sidebar_layout":"default_layout","footnotes":""},"class_list":["post-486","page","type-page","status-publish","hentry"],"_links":{"self":[{"href":"https:\/\/web.inf.ufpr.br\/ihc\/wp-json\/wp\/v2\/pages\/486","targetHints":{"allow":["GET"]}}],"collection":[{"href":"https:\/\/web.inf.ufpr.br\/ihc\/wp-json\/wp\/v2\/pages"}],"about":[{"href":"https:\/\/web.inf.ufpr.br\/ihc\/wp-json\/wp\/v2\/types\/page"}],"author":[{"embeddable":true,"href":"https:\/\/web.inf.ufpr.br\/ihc\/wp-json\/wp\/v2\/users\/20"}],"replies":[{"embeddable":true,"href":"https:\/\/web.inf.ufpr.br\/ihc\/wp-json\/wp\/v2\/comments?post=486"}],"version-history":[{"count":8,"href":"https:\/\/web.inf.ufpr.br\/ihc\/wp-json\/wp\/v2\/pages\/486\/revisions"}],"predecessor-version":[{"id":607,"href":"https:\/\/web.inf.ufpr.br\/ihc\/wp-json\/wp\/v2\/pages\/486\/revisions\/607"}],"wp:attachment":[{"href":"https:\/\/web.inf.ufpr.br\/ihc\/wp-json\/wp\/v2\/media?parent=486"}],"curies":[{"name":"wp","href":"https:\/\/api.w.org\/{rel}","templated":true}]}}