{"id":93,"date":"2021-06-16T16:26:29","date_gmt":"2021-06-16T19:26:29","guid":{"rendered":"https:\/\/web.inf.ufpr.br\/forppgcc-pr\/?page_id=93"},"modified":"2023-04-25T19:55:09","modified_gmt":"2023-04-25T22:55:09","slug":"grupos-de-pesquisa","status":"publish","type":"page","link":"https:\/\/web.inf.ufpr.br\/forppgcc-pr\/?page_id=93","title":{"rendered":"Grupos de Pesquisa"},"content":{"rendered":"\n<ul class=\"wp-block-list\">\n<li><a href=\"https:\/\/www.ppgia.pucpr.br\/pt\/?q=node\/109\" target=\"_blank\" rel=\"noreferrer noopener\">Agentes de Software<\/a> (PUCPR)<\/li>\n\n\n\n<li><a href=\"https:\/\/www.c3sl.ufpr.br\/\" target=\"_blank\" rel=\"noreferrer noopener\">C3SL &#8211; Centro de Computa\u00e7\u00e3o Cient\u00edfica e Software Livre<\/a> (UFPR)<\/li>\n\n\n\n<li><a href=\"https:\/\/www.inf.ufpr.br\/cbio\/\" target=\"_blank\" rel=\"noreferrer noopener\">C-Bio &#8211; Computa\u00e7\u00e3o Bioinspirada, Meta-heur\u00edsticas e Aprendizagem de M\u00e1quina<\/a> (UFPR)<\/li>\n\n\n\n<li><a href=\"http:\/\/www.ccsc-research.org\/\" target=\"_blank\" rel=\"noreferrer noopener\">CCSC &#8211; Centro de Ci\u00eancia de Seguran\u00e7a Computacional<\/a> (UFPR)<\/li>\n\n\n\n<li><a href=\"https:\/\/www.ppgia.pucpr.br\/pt\/?q=node\/241\" target=\"_blank\" rel=\"noreferrer noopener\">Computa\u00e7\u00e3o Musical<\/a> (PUCPR)<\/li>\n\n\n\n<li><a href=\"https:\/\/dcam.ppgia.pucpr.br\/\" target=\"_blank\" rel=\"noreferrer noopener\">Descoberta de Conhecimento e Aprendizagem de M\u00e1quina<\/a> (PUCPR)<\/li>\n\n\n\n<li><a href=\"https:\/\/web.inf.ufpr.br\/dsbd\/\" title=\"https:\/\/web.inf.ufpr.br\/dsbd\/\" target=\"_blank\" rel=\"noreferrer noopener\">DSBD &#8211; Data Science and Big Data<\/a> (UFPR)<\/li>\n\n\n\n<li><a rel=\"noreferrer noopener\" href=\"https:\/\/www.ppgia.pucpr.br\/pt\/?q=node\/90\" target=\"_blank\">Engenharia de Software<\/a> (PUCPR)<\/li>\n\n\n\n<li><a href=\"https:\/\/bit.ly\/41Vc8FV\">Engenharia de Software Emp\u00edrica<\/a> (UTFPR)<\/li>\n\n\n\n<li><a href=\"https:\/\/www.inf.unioeste.br\/gia\" target=\"_blank\" rel=\"noreferrer noopener\">GIA &#8211; Grupo de Intelig\u00eancia Aplicada<\/a> (Unioeste)<\/li>\n\n\n\n<li><a href=\"http:\/\/dgp.cnpq.br\/dgp\/espelhogrupo\/6429230299588153\" target=\"_blank\" rel=\"noreferrer noopener\">GPCA &#8211; Grupo de Pesquisa em Computa\u00e7\u00e3o Aplicada<\/a> (Unioeste)<\/li>\n\n\n\n<li><a href=\"https:\/\/www.inf.ufpr.br\/gres\/\" target=\"_blank\" rel=\"noreferrer noopener\">GrES &#8211; Engenharia de Software <\/a>(UFPR)<\/li>\n\n\n\n<li><a href=\"https:\/\/web.inf.ufpr.br\/hipes\/\" target=\"_blank\" rel=\"noreferrer noopener\">HiPES &#8211; High Performance and Efficient Systems<\/a> (UFPR)<\/li>\n\n\n\n<li><a href=\"https:\/\/web.inf.ufpr.br\/ihc\/\" target=\"_blank\" rel=\"noreferrer noopener\">IHC &#8211; Intera\u00e7\u00e3o Humano-Computador <\/a>(UFPR)<\/li>\n\n\n\n<li><a href=\"http:\/\/www.imago.ufpr.br\/\" target=\"_blank\" rel=\"noreferrer noopener\">IMAGO &#8211; Vis\u00e3o Computacional, Computa\u00e7\u00e3o Gr\u00e1fica e Processamento de Imagens<\/a> (UFPR)<\/li>\n\n\n\n<li><a href=\"http:\/\/wiki.inf.ufpr.br\/larsis\/doku.php\" target=\"_blank\" rel=\"noreferrer noopener\">LARSIS &#8211; Laborat\u00f3rio de Redes, Sistemas Distribu\u00eddos e Seguran\u00e7a<\/a> (UFPR)<\/li>\n\n\n\n<li><a href=\"https:\/\/www.inf.unioeste.br\/les\" target=\"_blank\" rel=\"noreferrer noopener\">LES &#8211; Laborat\u00f3rio de Engenharia de Software<\/a> (Unioeste)<\/li>\n\n\n\n<li><a href=\"https:\/\/www.inf.ufpr.br\/liamf\/\" target=\"_blank\" rel=\"noreferrer noopener\">LIAMF &#8211; Intelig\u00eancia Artificial e M\u00e9todos Formais<\/a> (UFPR)<\/li>\n\n\n\n<li><a href=\"https:\/\/web.inf.ufpr.br\/lse\/\" target=\"_blank\" rel=\"noreferrer noopener\">LSE &#8211; Laborat\u00f3rio de Sistemas Embarcados<\/a> (UFPR)<\/li>\n\n\n\n<li><a href=\"https:\/\/www.ppgia.pucpr.br\/pt\/?q=node\/107\">Redes de Computadores e Telecomunica\u00e7\u00f5es<\/a> (PUCPR)<\/li>\n\n\n\n<li><a href=\"https:\/\/secplab.ppgia.pucpr.br\/\" target=\"_blank\" rel=\"noreferrer noopener\">Seguran\u00e7a e Privacidade<\/a> (PUCPR)<\/li>\n\n\n\n<li><a href=\"https:\/\/www.inf.ufpr.br\/teoria\/\" target=\"_blank\" rel=\"noreferrer noopener\">TEORIA &#8211; Teoria da Computa\u00e7\u00e3o, Otimiza\u00e7\u00e3o e Combinat\u00f3ria <\/a>(UFPR)<\/li>\n\n\n\n<li><a href=\"https:\/\/www.ppgia.pucpr.br\/pt\/?q=node\/114\" target=\"_blank\" rel=\"noreferrer noopener\">Vis\u00e3o Computacional e Reconhecimento de Padr\u00f5es<\/a> (PUCPR)<\/li>\n\n\n\n<li><a href=\"https:\/\/web.inf.ufpr.br\/vri\/\" target=\"_blank\" rel=\"noreferrer noopener\">VRI &#8211; Vis\u00e3o, Rob\u00f3tica e Imagem<\/a> (UFPR)<\/li>\n<\/ul>\n","protected":false},"excerpt":{"rendered":"","protected":false},"author":20,"featured_media":0,"parent":0,"menu_order":0,"comment_status":"closed","ping_status":"closed","template":"","meta":{"colormag_page_container_layout":"default_layout","colormag_page_sidebar_layout":"default_layout","footnotes":""},"class_list":["post-93","page","type-page","status-publish","hentry"],"_links":{"self":[{"href":"https:\/\/web.inf.ufpr.br\/forppgcc-pr\/index.php?rest_route=\/wp\/v2\/pages\/93","targetHints":{"allow":["GET"]}}],"collection":[{"href":"https:\/\/web.inf.ufpr.br\/forppgcc-pr\/index.php?rest_route=\/wp\/v2\/pages"}],"about":[{"href":"https:\/\/web.inf.ufpr.br\/forppgcc-pr\/index.php?rest_route=\/wp\/v2\/types\/page"}],"author":[{"embeddable":true,"href":"https:\/\/web.inf.ufpr.br\/forppgcc-pr\/index.php?rest_route=\/wp\/v2\/users\/20"}],"replies":[{"embeddable":true,"href":"https:\/\/web.inf.ufpr.br\/forppgcc-pr\/index.php?rest_route=%2Fwp%2Fv2%2Fcomments&post=93"}],"version-history":[{"count":7,"href":"https:\/\/web.inf.ufpr.br\/forppgcc-pr\/index.php?rest_route=\/wp\/v2\/pages\/93\/revisions"}],"predecessor-version":[{"id":761,"href":"https:\/\/web.inf.ufpr.br\/forppgcc-pr\/index.php?rest_route=\/wp\/v2\/pages\/93\/revisions\/761"}],"wp:attachment":[{"href":"https:\/\/web.inf.ufpr.br\/forppgcc-pr\/index.php?rest_route=%2Fwp%2Fv2%2Fmedia&parent=93"}],"curies":[{"name":"wp","href":"https:\/\/api.w.org\/{rel}","templated":true}]}}