{"id":245,"date":"2017-06-01T22:27:47","date_gmt":"2017-06-02T01:27:47","guid":{"rendered":"http:\/\/web.inf.ufpr.br\/dinf\/?page_id=245"},"modified":"2018-12-18T14:00:47","modified_gmt":"2018-12-18T16:00:47","slug":"exame-de-aproveitamento","status":"publish","type":"page","link":"https:\/\/web.inf.ufpr.br\/dinf\/?page_id=245","title":{"rendered":"Aproveitamento"},"content":{"rendered":"<p><span style=\"color: #000000\"><strong>O DEPARTAMENTO DE INFORM\u00c1TICA DA UNIVERSIDADE FEDERAL DO PARAN\u00c1,<\/strong> no uso de suas atribui\u00e7\u00f5es, torna p\u00fablico o edital com pedido de provas de Aproveitamento de Conhecimento para 2018-2\u00ba semestre. Notas abaixo de 50 ou aus\u00eancias no exame constar\u00e3o como Reprova\u00e7\u00e3o no hist\u00f3rico escolar. Conforme RES 37\/97 CEPE UFPR, Art\u00ba 105, \u00e9 de 3(tr\u00eas) dias uteis, contados da divulga\u00e7\u00e3o da nota, o prazo para pedido de revis\u00e3o de prova. Em caso de d\u00favidas com rela\u00e7\u00e3o aos deferimentos e indeferimentos, consulte as resolu\u00e7\u00f5es vigentes (92\/13-CEPE, IN 01\/14),ou entre em contato por e-mail com o professor da disciplina.<\/span><\/p>\n<p><a href=\"https:\/\/web.inf.ufpr.br\/dinf\/wp-content\/uploads\/sites\/2\/2018\/12\/aproveitamento-2018.2-1.pdf\"><strong><span style=\"color: #0000ff\">Para acessar o Edital com DATA HORA E LOCAL DA PROVA DE APROVEITAMENTO 2018\/2 e NOTAS clique AQUI.<\/span><\/strong><\/a><\/p>\n<p>\u00a0<\/p>\n<p>\u00a0<\/p>\n<p><span style=\"font-family: georgia,palatino,serif;font-size: 12pt\">\u00a0<\/span><\/p>\n\n\n<div class=\"wp-block-file\"><a href=\"https:\/\/web.inf.ufpr.br\/dinf\/wp-content\/uploads\/sites\/2\/2018\/12\/aproveitamento-2018.2-1.pdf\">aproveitamento-2018.2<\/a><a href=\"https:\/\/web.inf.ufpr.br\/dinf\/wp-content\/uploads\/sites\/2\/2018\/12\/aproveitamento-2018.2-1.pdf\" class=\"wp-block-file__button\" download>Download<\/a><\/div>\n","protected":false},"excerpt":{"rendered":"<p>O DEPARTAMENTO DE INFORM\u00c1TICA DA UNIVERSIDADE FEDERAL DO PARAN\u00c1, no uso de suas atribui\u00e7\u00f5es, torna p\u00fablico o edital com pedido de provas de Aproveitamento de Conhecimento para 2018-2\u00ba semestre. Notas abaixo de 50 ou aus\u00eancias no exame constar\u00e3o como Reprova\u00e7\u00e3o no hist\u00f3rico escolar. Conforme RES 37\/97 CEPE UFPR, Art\u00ba 105, \u00e9 de 3(tr\u00eas) dias uteis,&hellip;<\/p>\n","protected":false},"author":5,"featured_media":0,"parent":0,"menu_order":0,"comment_status":"closed","ping_status":"closed","template":"","meta":{"footnotes":""},"class_list":["post-245","page","type-page","status-publish","hentry"],"_links":{"self":[{"href":"https:\/\/web.inf.ufpr.br\/dinf\/index.php?rest_route=\/wp\/v2\/pages\/245","targetHints":{"allow":["GET"]}}],"collection":[{"href":"https:\/\/web.inf.ufpr.br\/dinf\/index.php?rest_route=\/wp\/v2\/pages"}],"about":[{"href":"https:\/\/web.inf.ufpr.br\/dinf\/index.php?rest_route=\/wp\/v2\/types\/page"}],"author":[{"embeddable":true,"href":"https:\/\/web.inf.ufpr.br\/dinf\/index.php?rest_route=\/wp\/v2\/users\/5"}],"replies":[{"embeddable":true,"href":"https:\/\/web.inf.ufpr.br\/dinf\/index.php?rest_route=%2Fwp%2Fv2%2Fcomments&post=245"}],"version-history":[{"count":60,"href":"https:\/\/web.inf.ufpr.br\/dinf\/index.php?rest_route=\/wp\/v2\/pages\/245\/revisions"}],"predecessor-version":[{"id":1171,"href":"https:\/\/web.inf.ufpr.br\/dinf\/index.php?rest_route=\/wp\/v2\/pages\/245\/revisions\/1171"}],"wp:attachment":[{"href":"https:\/\/web.inf.ufpr.br\/dinf\/index.php?rest_route=%2Fwp%2Fv2%2Fmedia&parent=245"}],"curies":[{"name":"wp","href":"https:\/\/api.w.org\/{rel}","templated":true}]}}

<p><span style="color: #000000"><strong>O DEPARTAMENTO DE INFORMÁTICA DA UNIVERSIDADE FEDERAL DO PARANÁ,</strong> no uso de suas atribuições, torna público o edital com pedido de provas de Aproveitamento de Conhecimento para 2018-2º semestre. Notas abaixo de 50 ou ausências no exame constarão como Reprovação no histórico escolar. Conforme RES 37/97 CEPE UFPR, Artº 105, é de 3(três) dias uteis, contados da divulgação da nota, o prazo para pedido de revisão de prova. Em caso de dúvidas com relação aos deferimentos e indeferimentos, consulte as resoluções vigentes (92/13-CEPE, IN 01/14),ou entre em contato por e-mail com o professor da disciplina.</span></p>
<p><a href="https://web.inf.ufpr.br/dinf/wp-content/uploads/sites/2/2018/12/aproveitamento-2018.2-1.pdf"><strong><span style="color: #0000ff">Para acessar o Edital com DATA HORA E LOCAL DA PROVA DE APROVEITAMENTO 2018/2 e NOTAS clique AQUI.</span></strong></a></p>
<p> </p>
<p> </p>
<p><span style="font-family: georgia,palatino,serif;font-size: 12pt"> </span></p>


<div class="wp-block-file"><a href="https://web.inf.ufpr.br/dinf/wp-content/uploads/sites/2/2018/12/aproveitamento-2018.2-1.pdf">aproveitamento-2018.2</a><a href="https://web.inf.ufpr.br/dinf/wp-content/uploads/sites/2/2018/12/aproveitamento-2018.2-1.pdf" class="wp-block-file__button" download>Download</a></div>

<p>O DEPARTAMENTO DE INFORMÁTICA DA UNIVERSIDADE FEDERAL DO PARANÁ, no uso de suas atribuições, torna público o edital com pedido de provas de Aproveitamento de Conhecimento para 2018-2º semestre. Notas abaixo de 50 ou ausências no exame constarão como Reprovação no histórico escolar. Conforme RES 37/97 CEPE UFPR, Artº 105, é de 3(três) dias uteis,&hellip;</p>
