{"id":40,"date":"2017-06-22T15:09:43","date_gmt":"2017-06-22T18:09:43","guid":{"rendered":"http:\/\/web.inf.ufpr.br\/didonet2\/?page_id=40"},"modified":"2017-06-22T15:10:26","modified_gmt":"2017-06-22T18:10:26","slug":"contact","status":"publish","type":"page","link":"https:\/\/web.inf.ufpr.br\/didonet\/contact\/","title":{"rendered":"Contact"},"content":{"rendered":"<div id=\"viewlet-below-content-title\"><\/div>\n<div id=\"content-core\">\n<div id=\"parent-fieldname-text-c51dcbdf-d8af-462e-9212-f6b561b717fb\" class=\"\">\n<p><b>Address<\/b><\/p>\n<p>Universidade Federal do Paran\u00e1<br \/>\nDepartamento de Inform\u00e1tica<br \/>\nRua Cel. Francisco Her\u00e1clito dos Santos, 100<br \/>\nCentro Polit\u00e9cnico &#8211; Jardim das Am\u00e9ricas<br \/>\n81531-990<br \/>\nCuritiba, PR, Brasil<\/p>\n<p><b>Email:<\/b><\/p>\n<p>marcos.ddf (at) inf.ufpr.br<\/p>\n<\/div>\n<\/div>\n","protected":false},"excerpt":{"rendered":"<p>Address Universidade Federal do Paran\u00e1 Departamento de Inform\u00e1tica Rua Cel. Francisco Her\u00e1clito dos Santos, 100 Centro Polit\u00e9cnico &#8211; Jardim das Am\u00e9ricas 81531-990 Curitiba, PR, Brasil Email: marcos.ddf (at) inf.ufpr.br<\/p>\n","protected":false},"author":21,"featured_media":0,"parent":0,"menu_order":0,"comment_status":"closed","ping_status":"closed","template":"","meta":{"footnotes":""},"class_list":["post-40","page","type-page","status-publish","hentry"],"_links":{"self":[{"href":"https:\/\/web.inf.ufpr.br\/didonet\/wp-json\/wp\/v2\/pages\/40","targetHints":{"allow":["GET"]}}],"collection":[{"href":"https:\/\/web.inf.ufpr.br\/didonet\/wp-json\/wp\/v2\/pages"}],"about":[{"href":"https:\/\/web.inf.ufpr.br\/didonet\/wp-json\/wp\/v2\/types\/page"}],"author":[{"embeddable":true,"href":"https:\/\/web.inf.ufpr.br\/didonet\/wp-json\/wp\/v2\/users\/21"}],"replies":[{"embeddable":true,"href":"https:\/\/web.inf.ufpr.br\/didonet\/wp-json\/wp\/v2\/comments?post=40"}],"version-history":[{"count":1,"href":"https:\/\/web.inf.ufpr.br\/didonet\/wp-json\/wp\/v2\/pages\/40\/revisions"}],"predecessor-version":[{"id":43,"href":"https:\/\/web.inf.ufpr.br\/didonet\/wp-json\/wp\/v2\/pages\/40\/revisions\/43"}],"wp:attachment":[{"href":"https:\/\/web.inf.ufpr.br\/didonet\/wp-json\/wp\/v2\/media?parent=40"}],"curies":[{"name":"wp","href":"https:\/\/api.w.org\/{rel}","templated":true}]}}