{"id":319,"date":"2017-10-11T14:57:23","date_gmt":"2017-10-11T17:57:23","guid":{"rendered":"http:\/\/web.inf.ufpr.br\/didonet\/?page_id=319"},"modified":"2017-12-13T09:03:24","modified_gmt":"2017-12-13T11:03:24","slug":"resultados-ci062-2017-2","status":"publish","type":"page","link":"https:\/\/web.inf.ufpr.br\/didonet\/teaching-disciplinas\/ci062-2017-2\/resultados-ci062-2017-2\/","title":{"rendered":"Resultados CI062 2017 2"},"content":{"rendered":"<p><strong>Resultado, 2o semestre de 2017<\/strong><\/p>\n<p><strong>CI062 &#8211; T\u00e9cnicas alternativas de programa\u00e7\u00e3o<\/strong><\/p>\n<p><strong>Professor:<\/strong> Marcos Didonet Del Fabro<\/p>\n<table border=\"0\" cellspacing=\"0\">\n<colgroup width=\"114\"><\/colgroup>\n<colgroup width=\"303\"><\/colgroup>\n<colgroup span=\"3\" width=\"85\"><\/colgroup>\n<colgroup width=\"130\"><\/colgroup>\n<colgroup width=\"85\"><\/colgroup>\n<tbody>\n<tr>\n<td align=\"left\" height=\"17\"><b><span style=\"font-family: 'Trebuchet MS'\">Matricula<\/span><\/b><\/td>\n<td align=\"left\"><b><span style=\"font-family: Arial\">Nome<\/span><\/b><\/td>\n<td align=\"center\"><b><span style=\"font-family: Arial\">P1<\/span><\/b><\/td>\n<td align=\"center\"><b><span style=\"font-family: Arial\">T\u00a01<\/span><\/b><\/td>\n<td align=\"center\"><b><span style=\"font-family: Arial\">P2<\/span><\/b><\/td>\n<td align=\"center\"><b><span style=\"font-family: Arial\">Prova final<\/span><\/b><\/td>\n<td align=\"center\"><b><span style=\"font-family: Arial\">Media final<\/span><\/b><\/td>\n<td align=\"center\"><b><span style=\"font-family: Arial\">Resultado<\/span><\/b><\/td>\n<\/tr>\n<tr>\n<td align=\"left\" height=\"17\"><span style=\"font-family: Tahoma\">GRR20166359<\/span><\/td>\n<td align=\"left\"><span style=\"font-family: Tahoma\">ALEXANDRE DE SOUZA CARNEIRO<\/span><\/td>\n<td align=\"center\">45<\/td>\n<td align=\"center\">85<\/td>\n<td align=\"center\">85<\/td>\n<td align=\"center\"><\/td>\n<td align=\"center\">73<\/td>\n<td align=\"center\"><span style=\"color: #000000;font-family: 'Trebuchet MS';font-size: xx-small\">Aprovado<\/span><\/td>\n<\/tr>\n<tr>\n<td align=\"left\" height=\"17\"><span style=\"font-family: Tahoma\">GRR20163061<\/span><\/td>\n<td align=\"left\"><span style=\"font-family: Tahoma\">ANDREI ALISSON FERREIRA JULIO<\/span><\/td>\n<td align=\"center\">65<\/td>\n<td align=\"center\">70<\/td>\n<td align=\"center\">75<\/td>\n<td align=\"center\"><\/td>\n<td align=\"center\">70,25<\/td>\n<td align=\"center\"><span style=\"color: #000000;font-family: 'Trebuchet MS';font-size: xx-small\">Aprovado<\/span><\/td>\n<\/tr>\n<tr>\n<td align=\"left\" height=\"17\"><span style=\"font-family: Tahoma\">GRR20151731<\/span><\/td>\n<td align=\"left\"><span style=\"font-family: Tahoma\">ANNELYSE SCHATZMANN<\/span><\/td>\n<td align=\"center\">60<\/td>\n<td align=\"center\">90<\/td>\n<td align=\"center\">70<\/td>\n<td align=\"center\"><\/td>\n<td align=\"center\">74<\/td>\n<td align=\"center\"><span style=\"color: #000000;font-family: 'Trebuchet MS';font-size: xx-small\">Aprovado<\/span><\/td>\n<\/tr>\n<tr>\n<td align=\"left\" height=\"17\"><span style=\"font-family: Tahoma\">GRR20154779<\/span><\/td>\n<td align=\"left\"><span style=\"font-family: Tahoma\">BRUNO BAGATIN MARBA<\/span><\/td>\n<td align=\"center\">15<\/td>\n<td align=\"center\">80<\/td>\n<td align=\"center\">15<\/td>\n<td align=\"center\">25<\/td>\n<td align=\"center\">32,5<\/td>\n<td align=\"center\"><span style=\"color: #000000;font-family: 'Trebuchet MS';font-size: xx-small\">Reprovado<\/span><\/td>\n<\/tr>\n<tr>\n<td align=\"left\" height=\"17\"><span style=\"font-family: Tahoma\">GRR20151503<\/span><\/td>\n<td align=\"left\"><span style=\"font-family: Tahoma\">CAROLINA DAMIN PANIAGO<\/span><\/td>\n<td align=\"center\">40<\/td>\n<td align=\"center\"><\/td>\n<td align=\"center\"><\/td>\n<td align=\"center\"><\/td>\n<td align=\"center\">12<\/td>\n<td align=\"center\"><span style=\"color: #800000;font-family: 'Trebuchet MS';font-size: xx-small\">Reprovado<\/span><\/td>\n<\/tr>\n<tr>\n<td align=\"left\" height=\"17\"><span style=\"font-family: Tahoma\">GRR20160169<\/span><\/td>\n<td align=\"left\"><span style=\"font-family: Tahoma\">CESAR AUGUSTO ALVES CAMILLO<\/span><\/td>\n<td align=\"center\">65<\/td>\n<td align=\"center\">75<\/td>\n<td align=\"center\">85<\/td>\n<td align=\"center\"><\/td>\n<td align=\"center\">75,5<\/td>\n<td align=\"center\"><span style=\"color: #000000;font-family: 'Trebuchet MS';font-size: xx-small\">Aprovado<\/span><\/td>\n<\/tr>\n<tr>\n<td align=\"left\" height=\"17\"><span style=\"font-family: Tahoma\">GRR20163078<\/span><\/td>\n<td align=\"left\"><span style=\"font-family: Tahoma\">FERNANDA CASSEMIRO<\/span><\/td>\n<td align=\"center\">65<\/td>\n<td align=\"center\">85<\/td>\n<td align=\"center\">80<\/td>\n<td align=\"center\"><\/td>\n<td align=\"center\">77,25<\/td>\n<td align=\"center\"><span style=\"color: #000000;font-family: 'Trebuchet MS';font-size: xx-small\">Aprovado<\/span><\/td>\n<\/tr>\n<tr>\n<td align=\"left\" height=\"17\"><span style=\"font-family: Tahoma\">GRR20165388<\/span><\/td>\n<td align=\"left\"><span style=\"font-family: Tahoma\">FERNANDO AOYAGUI SHINOHATA<\/span><\/td>\n<td align=\"center\">80<\/td>\n<td align=\"center\">80<\/td>\n<td align=\"center\">75<\/td>\n<td align=\"center\"><\/td>\n<td align=\"center\">78,25<\/td>\n<td align=\"center\"><span style=\"color: #000000;font-family: 'Trebuchet MS';font-size: xx-small\">Aprovado<\/span><\/td>\n<\/tr>\n<tr>\n<td align=\"left\" height=\"17\"><span style=\"font-family: Tahoma\">GRR20152936<\/span><\/td>\n<td align=\"left\"><span style=\"font-family: Tahoma\">FERNANDO CLAUDECIR ERD<\/span><\/td>\n<td align=\"center\">70<\/td>\n<td align=\"center\">80<\/td>\n<td align=\"center\">90<\/td>\n<td align=\"center\"><\/td>\n<td align=\"center\">80,5<\/td>\n<td align=\"center\"><span style=\"color: #000000;font-family: 'Trebuchet MS';font-size: xx-small\">Aprovado<\/span><\/td>\n<\/tr>\n<tr>\n<td align=\"left\" height=\"17\"><span style=\"font-family: Tahoma\">GRR20166812<\/span><\/td>\n<td align=\"left\"><span style=\"font-family: Tahoma\">GABRIEL DE SOUZA BARRETO<\/span><\/td>\n<td align=\"center\">55<\/td>\n<td align=\"center\">90<\/td>\n<td align=\"center\">85<\/td>\n<td align=\"center\"><\/td>\n<td align=\"center\">77,75<\/td>\n<td align=\"center\"><span style=\"color: #000000;font-family: 'Trebuchet MS';font-size: xx-small\">Aprovado<\/span><\/td>\n<\/tr>\n<tr>\n<td align=\"left\" height=\"17\"><span style=\"font-family: Tahoma\">GRR20152684<\/span><\/td>\n<td align=\"left\"><span style=\"font-family: Tahoma\">GABRIEL URBA ROLLE<\/span><\/td>\n<td align=\"center\">20<\/td>\n<td align=\"center\">90<\/td>\n<td align=\"center\">65<\/td>\n<td align=\"center\">40<\/td>\n<td align=\"center\">50,13<\/td>\n<td align=\"center\"><span style=\"color: #000000;font-family: 'Trebuchet MS';font-size: xx-small\">Aprovado<\/span><\/td>\n<\/tr>\n<tr>\n<td align=\"left\" height=\"17\"><span style=\"font-family: Tahoma\">GRR20166806<\/span><\/td>\n<td align=\"left\"><span style=\"font-family: Tahoma\">GLENDA PROENCA TRAIN<\/span><\/td>\n<td align=\"center\">80<\/td>\n<td align=\"center\">95<\/td>\n<td align=\"center\">95<\/td>\n<td align=\"center\"><\/td>\n<td align=\"center\">90,5<\/td>\n<td align=\"center\"><span style=\"color: #000000;font-family: 'Trebuchet MS';font-size: xx-small\">Aprovado<\/span><\/td>\n<\/tr>\n<tr>\n<td align=\"left\" height=\"17\"><span style=\"font-family: Tahoma\">GRR20167818<\/span><\/td>\n<td align=\"left\"><span style=\"font-family: Tahoma\">GUILHERME DE OLIVEIRA<\/span><\/td>\n<td align=\"center\">90<\/td>\n<td align=\"center\">90<\/td>\n<td align=\"center\">85<\/td>\n<td align=\"center\"><\/td>\n<td align=\"center\">88,25<\/td>\n<td align=\"center\"><span style=\"color: #000000;font-family: 'Trebuchet MS';font-size: xx-small\">Aprovado<\/span><\/td>\n<\/tr>\n<tr>\n<td align=\"left\" height=\"17\"><span style=\"font-family: Tahoma\">GRR20163086<\/span><\/td>\n<td align=\"left\"><span style=\"font-family: Tahoma\">GUILHERME SCARIOT RAMOS<\/span><\/td>\n<td align=\"center\">85<\/td>\n<td align=\"center\">95<\/td>\n<td align=\"center\">95<\/td>\n<td align=\"center\"><\/td>\n<td align=\"center\">92<\/td>\n<td align=\"center\"><span style=\"color: #000000;font-family: 'Trebuchet MS';font-size: xx-small\">Aprovado<\/span><\/td>\n<\/tr>\n<tr>\n<td align=\"left\" height=\"17\"><span style=\"font-family: Tahoma\">GRR20163065<\/span><\/td>\n<td align=\"left\"><span style=\"font-family: Tahoma\">GUSTAVO HORNIG DE MEIRA<\/span><\/td>\n<td align=\"center\">55<\/td>\n<td align=\"center\">85<\/td>\n<td align=\"center\">85<\/td>\n<td align=\"center\"><\/td>\n<td align=\"center\">76<\/td>\n<td align=\"center\"><span style=\"color: #000000;font-family: 'Trebuchet MS';font-size: xx-small\">Aprovado<\/span><\/td>\n<\/tr>\n<tr>\n<td align=\"left\" height=\"17\"><span style=\"font-family: Tahoma\">GRR20132109<\/span><\/td>\n<td align=\"left\"><span style=\"font-family: Tahoma\">ICARO NEVES MELO<\/span><\/td>\n<td align=\"center\">30<\/td>\n<td align=\"center\">50<\/td>\n<td align=\"center\">40<\/td>\n<td align=\"center\">50<\/td>\n<td align=\"center\">45,25<\/td>\n<td align=\"center\"><span style=\"color: #000000;font-family: 'Trebuchet MS';font-size: xx-small\">Reprovado<\/span><\/td>\n<\/tr>\n<tr>\n<td align=\"left\" height=\"17\"><span style=\"font-family: Tahoma\">GRR20154015<\/span><\/td>\n<td align=\"left\"><span style=\"font-family: Tahoma\">JULIO BACK<\/span><\/td>\n<td align=\"center\">75<\/td>\n<td align=\"center\">70<\/td>\n<td align=\"center\">80<\/td>\n<td align=\"center\"><\/td>\n<td align=\"center\">75<\/td>\n<td align=\"center\"><span style=\"color: #000000;font-family: 'Trebuchet MS';font-size: xx-small\">Aprovado<\/span><\/td>\n<\/tr>\n<tr>\n<td align=\"left\" height=\"17\"><span style=\"font-family: Tahoma\">GRR20166160<\/span><\/td>\n<td align=\"left\"><span style=\"font-family: Tahoma\">JULIO CESAR PEPPLOW PARODI<\/span><\/td>\n<td align=\"center\">50<\/td>\n<td align=\"center\">95<\/td>\n<td align=\"center\">95<\/td>\n<td align=\"center\"><\/td>\n<td align=\"center\">81,5<\/td>\n<td align=\"center\"><span style=\"color: #000000;font-family: 'Trebuchet MS';font-size: xx-small\">Aprovado<\/span><\/td>\n<\/tr>\n<tr>\n<td align=\"left\" height=\"17\"><span style=\"font-family: Tahoma\">GRR20143061<\/span><\/td>\n<td align=\"left\"><span style=\"font-family: Tahoma\">KAIO AUGUSTO DE CAMARGO<\/span><\/td>\n<td align=\"center\">90<\/td>\n<td align=\"center\">90<\/td>\n<td align=\"center\">70<\/td>\n<td align=\"center\"><\/td>\n<td align=\"center\">83<\/td>\n<td align=\"center\"><span style=\"color: #000000;font-family: 'Trebuchet MS';font-size: xx-small\">Aprovado<\/span><\/td>\n<\/tr>\n<tr>\n<td align=\"left\" height=\"17\"><span style=\"font-family: Tahoma\">GRR20163048<\/span><\/td>\n<td align=\"left\"><span style=\"font-family: Tahoma\">LAURA SILVA LOPES<\/span><\/td>\n<td align=\"center\">80<\/td>\n<td align=\"center\">85<\/td>\n<td align=\"center\">85<\/td>\n<td align=\"center\"><\/td>\n<td align=\"center\">83,5<\/td>\n<td align=\"center\"><span style=\"color: #000000;font-family: 'Trebuchet MS';font-size: xx-small\">Aprovado<\/span><\/td>\n<\/tr>\n<tr>\n<td align=\"left\" height=\"17\"><span style=\"font-family: Tahoma\">GRR20163395<\/span><\/td>\n<td align=\"left\"><span style=\"font-family: Tahoma\">LEGTON VICENTE DE SOUZA<\/span><\/td>\n<td align=\"center\">80<\/td>\n<td align=\"center\">95<\/td>\n<td align=\"center\">100<\/td>\n<td align=\"center\"><\/td>\n<td align=\"center\">92,25<\/td>\n<td align=\"center\"><span style=\"color: #000000;font-family: 'Trebuchet MS';font-size: xx-small\">Aprovado<\/span><\/td>\n<\/tr>\n<tr>\n<td align=\"left\" height=\"17\"><span style=\"font-family: Tahoma\">GRR20166598<\/span><\/td>\n<td align=\"left\"><span style=\"font-family: Tahoma\">LEONARDO AUGUSTO TEIXEIRA<\/span><\/td>\n<td align=\"center\">80<\/td>\n<td align=\"center\">85<\/td>\n<td align=\"center\">85<\/td>\n<td align=\"center\"><\/td>\n<td align=\"center\">83,5<\/td>\n<td align=\"center\"><span style=\"color: #000000;font-family: 'Trebuchet MS';font-size: xx-small\">Aprovado<\/span><\/td>\n<\/tr>\n<tr>\n<td align=\"left\" height=\"17\"><span style=\"font-family: Tahoma\">GRR20163052<\/span><\/td>\n<td align=\"left\"><span style=\"font-family: Tahoma\">LEONARDO STEFAN<\/span><\/td>\n<td align=\"center\">85<\/td>\n<td align=\"center\">75<\/td>\n<td align=\"center\">80<\/td>\n<td align=\"center\"><\/td>\n<td align=\"center\">79,75<\/td>\n<td align=\"center\"><span style=\"color: #000000;font-family: 'Trebuchet MS';font-size: xx-small\">Aprovado<\/span><\/td>\n<\/tr>\n<tr>\n<td align=\"left\" height=\"17\"><span style=\"font-family: Tahoma\">GRR20153408<\/span><\/td>\n<td align=\"left\"><span style=\"font-family: Tahoma\">LUCAS ALEIXO DE PAULA<\/span><\/td>\n<td align=\"center\">75<\/td>\n<td align=\"center\">70<\/td>\n<td align=\"center\">55<\/td>\n<td align=\"center\"><\/td>\n<td align=\"center\">66,25<\/td>\n<td align=\"center\"><span style=\"color: #000000;font-family: 'Trebuchet MS';font-size: xx-small\">Aprovado<\/span><\/td>\n<\/tr>\n<tr>\n<td align=\"left\" height=\"17\"><span style=\"font-family: Tahoma\">GRR20165297<\/span><\/td>\n<td align=\"left\"><span style=\"font-family: Tahoma\">LUCAS BRAZ CUNHA<\/span><\/td>\n<td align=\"center\">80<\/td>\n<td align=\"center\">95<\/td>\n<td align=\"center\">95<\/td>\n<td align=\"center\"><\/td>\n<td align=\"center\">90,5<\/td>\n<td align=\"center\"><span style=\"color: #000000;font-family: 'Trebuchet MS';font-size: xx-small\">Aprovado<\/span><\/td>\n<\/tr>\n<tr>\n<td align=\"left\" height=\"17\"><span style=\"font-family: Tahoma\">GRR20166836<\/span><\/td>\n<td align=\"left\"><span style=\"font-family: Tahoma\">LUCAS SAMPAIO FRANCO<\/span><\/td>\n<td align=\"center\"><\/td>\n<td align=\"center\"><\/td>\n<td align=\"center\"><\/td>\n<td align=\"center\"><\/td>\n<td align=\"center\">0<\/td>\n<td align=\"center\"><span style=\"color: #800000;font-family: 'Trebuchet MS';font-size: xx-small\">Reprovado<\/span><\/td>\n<\/tr>\n<tr>\n<td align=\"left\" height=\"17\"><span style=\"font-family: Tahoma\">GRR20166814<\/span><\/td>\n<td align=\"left\"><span style=\"font-family: Tahoma\">LUIZ FERNANDO AMORIM CHICONATO<\/span><\/td>\n<td align=\"center\">35<\/td>\n<td align=\"center\">90<\/td>\n<td align=\"center\">80<\/td>\n<td align=\"center\"><\/td>\n<td align=\"center\">70<\/td>\n<td align=\"center\"><span style=\"color: #000000;font-family: 'Trebuchet MS';font-size: xx-small\">Aprovado<\/span><\/td>\n<\/tr>\n<tr>\n<td align=\"left\" height=\"17\"><span style=\"font-family: Tahoma\">GRR20167282<\/span><\/td>\n<td align=\"left\"><span style=\"font-family: Tahoma\">MARIANA CARMIN<\/span><\/td>\n<td align=\"center\">85<\/td>\n<td align=\"center\">95<\/td>\n<td align=\"center\">80<\/td>\n<td align=\"center\"><\/td>\n<td align=\"center\">86,75<\/td>\n<td align=\"center\"><span style=\"color: #000000;font-family: 'Trebuchet MS';font-size: xx-small\">Aprovado<\/span><\/td>\n<\/tr>\n<tr>\n<td align=\"left\" height=\"17\"><span style=\"font-family: Tahoma\">GRR20163054<\/span><\/td>\n<td align=\"left\"><span style=\"font-family: Tahoma\">MATHEUS DE MORAES CAVAZOTTI<\/span><\/td>\n<td align=\"center\"><\/td>\n<td align=\"center\"><\/td>\n<td align=\"center\"><\/td>\n<td align=\"center\"><\/td>\n<td align=\"center\">0<\/td>\n<td align=\"center\"><span style=\"color: #800000;font-family: 'Trebuchet MS';font-size: xx-small\">Reprovado<\/span><\/td>\n<\/tr>\n<tr>\n<td align=\"left\" height=\"17\"><span style=\"font-family: Tahoma\">GRR20149927<\/span><\/td>\n<td align=\"left\"><span style=\"font-family: Tahoma\">NIKOLAS KOETHER<\/span><\/td>\n<td align=\"center\">50<\/td>\n<td align=\"center\"><\/td>\n<td align=\"center\"><\/td>\n<td align=\"center\"><\/td>\n<td align=\"center\">15<\/td>\n<td align=\"center\"><span style=\"color: #800000;font-family: 'Trebuchet MS';font-size: xx-small\">Reprovado<\/span><\/td>\n<\/tr>\n<tr>\n<td align=\"left\" height=\"17\"><span style=\"font-family: Tahoma\">GRR20150956<\/span><\/td>\n<td align=\"left\"><span style=\"font-family: Tahoma\">PATRICK EDUARDO MARCHOR KARVAT<\/span><\/td>\n<td align=\"center\">55<\/td>\n<td align=\"center\">85<\/td>\n<td align=\"center\">75<\/td>\n<td align=\"center\"><\/td>\n<td align=\"center\">72,5<\/td>\n<td align=\"center\"><span style=\"color: #000000;font-family: 'Trebuchet MS';font-size: xx-small\">Aprovado<\/span><\/td>\n<\/tr>\n<tr>\n<td align=\"left\" height=\"17\"><span style=\"font-family: Tahoma\">GRR20163090<\/span><\/td>\n<td align=\"left\"><span style=\"font-family: Tahoma\">PEDRO DEMARCHI GOMES<\/span><\/td>\n<td align=\"center\">75<\/td>\n<td align=\"center\">90<\/td>\n<td align=\"center\">90<\/td>\n<td align=\"center\"><\/td>\n<td align=\"center\">85,5<\/td>\n<td align=\"center\"><span style=\"color: #000000;font-family: 'Trebuchet MS';font-size: xx-small\">Aprovado<\/span><\/td>\n<\/tr>\n<tr>\n<td align=\"left\" height=\"17\"><span style=\"font-family: Tahoma\">GRR20163053<\/span><\/td>\n<td align=\"left\"><span style=\"font-family: Tahoma\">PETERSON WAGNER KAVA DE CARVALHO<\/span><\/td>\n<td align=\"center\">85<\/td>\n<td align=\"center\">90<\/td>\n<td align=\"center\">95<\/td>\n<td align=\"center\"><\/td>\n<td align=\"center\">90,25<\/td>\n<td align=\"center\"><span style=\"color: #000000;font-family: 'Trebuchet MS';font-size: xx-small\">Aprovado<\/span><\/td>\n<\/tr>\n<tr>\n<td align=\"left\" height=\"17\"><span style=\"font-family: Tahoma\">GRR20163060<\/span><\/td>\n<td align=\"left\"><span style=\"font-family: Tahoma\">RODRIGO LAUERTI<\/span><\/td>\n<td align=\"center\">80<\/td>\n<td align=\"center\">70<\/td>\n<td align=\"center\">80<\/td>\n<td align=\"center\"><\/td>\n<td align=\"center\">76,5<\/td>\n<td align=\"center\"><span style=\"color: #000000;font-family: 'Trebuchet MS';font-size: xx-small\">Aprovado<\/span><\/td>\n<\/tr>\n<tr>\n<td align=\"left\" height=\"17\"><span style=\"font-family: Tahoma\">GRR20163039<\/span><\/td>\n<td align=\"left\"><span style=\"font-family: Tahoma\">RODRIGO MACHNIEWICZ SOKULSKI<\/span><\/td>\n<td align=\"center\">70<\/td>\n<td align=\"center\">90<\/td>\n<td align=\"center\">95<\/td>\n<td align=\"center\"><\/td>\n<td align=\"center\">85,75<\/td>\n<td align=\"center\"><span style=\"color: #000000;font-family: 'Trebuchet MS';font-size: xx-small\">Aprovado<\/span><\/td>\n<\/tr>\n<tr>\n<td align=\"left\" height=\"17\"><span style=\"font-family: Tahoma\">GRR20163051<\/span><\/td>\n<td align=\"left\"><span style=\"font-family: Tahoma\">RUDOLF COPI ECKELBERG<\/span><\/td>\n<td align=\"center\">80<\/td>\n<td align=\"center\">80<\/td>\n<td align=\"center\">90<\/td>\n<td align=\"center\"><\/td>\n<td align=\"center\">83,5<\/td>\n<td align=\"center\"><span style=\"color: #000000;font-family: 'Trebuchet MS';font-size: xx-small\">Aprovado<\/span><\/td>\n<\/tr>\n<tr>\n<td align=\"left\" height=\"17\"><span style=\"font-family: Tahoma\">GRR20165313<\/span><\/td>\n<td align=\"left\"><span style=\"font-family: Tahoma\">STEPHANIE BRIERE AMERICO<\/span><\/td>\n<td align=\"center\">75<\/td>\n<td align=\"center\">80<\/td>\n<td align=\"center\">100<\/td>\n<td align=\"center\"><\/td>\n<td align=\"center\">85,5<\/td>\n<td align=\"center\"><span style=\"color: #000000;font-family: 'Trebuchet MS';font-size: xx-small\">Aprovado<\/span><\/td>\n<\/tr>\n<tr>\n<td align=\"left\" height=\"17\"><span style=\"font-family: Tahoma\">GRR20165399<\/span><\/td>\n<td align=\"left\"><span style=\"font-family: Tahoma\">TALITA HALBOTH CUNHA FERNANDES<\/span><\/td>\n<td align=\"center\">85<\/td>\n<td align=\"center\">80<\/td>\n<td align=\"center\">90<\/td>\n<td align=\"center\"><\/td>\n<td align=\"center\">85<\/td>\n<td align=\"center\"><span style=\"color: #000000;font-family: 'Trebuchet MS';font-size: xx-small\">Aprovado<\/span><\/td>\n<\/tr>\n<tr>\n<td align=\"left\" height=\"17\"><span style=\"font-family: Tahoma\">GRR20163068<\/span><\/td>\n<td align=\"left\"><span style=\"font-family: Tahoma\">VICTOR PICUSSA<\/span><\/td>\n<td align=\"center\">60<\/td>\n<td align=\"center\">85<\/td>\n<td align=\"center\">90<\/td>\n<td align=\"center\"><\/td>\n<td align=\"center\">79,25<\/td>\n<td align=\"center\"><span style=\"color: #000000;font-family: 'Trebuchet MS';font-size: xx-small\">Aprovado<\/span><\/td>\n<\/tr>\n<tr>\n<td align=\"left\" height=\"17\"><span style=\"font-family: Tahoma\">GRR20163081<\/span><\/td>\n<td align=\"left\"><span style=\"font-family: Tahoma\">WELLINGTON GABRIEL VICENTE DE SOUZA<\/span><\/td>\n<td align=\"center\">85<\/td>\n<td align=\"center\">95<\/td>\n<td align=\"center\">95<\/td>\n<td align=\"center\"><\/td>\n<td align=\"center\">92<\/td>\n<td align=\"center\"><span style=\"color: #000000;font-family: 'Trebuchet MS';font-size: xx-small\">Aprovado<\/span><\/td>\n<\/tr>\n<\/tbody>\n<\/table>\n<p>&nbsp;<\/p>\n","protected":false},"excerpt":{"rendered":"<p>Resultado, 2o semestre de 2017 CI062 &#8211; T\u00e9cnicas alternativas de programa\u00e7\u00e3o Professor: Marcos Didonet Del Fabro Matricula Nome P1 T\u00a01 P2 Prova final Media final Resultado GRR20166359 ALEXANDRE DE SOUZA CARNEIRO 45 85 85 73 Aprovado GRR20163061 ANDREI ALISSON FERREIRA JULIO 65 70 75 70,25 Aprovado GRR20151731 ANNELYSE SCHATZMANN 60 90 70 74 Aprovado GRR20154779&hellip;<\/p>\n","protected":false},"author":21,"featured_media":0,"parent":215,"menu_order":0,"comment_status":"closed","ping_status":"closed","template":"","meta":{"footnotes":""},"class_list":["post-319","page","type-page","status-publish","hentry"],"_links":{"self":[{"href":"https:\/\/web.inf.ufpr.br\/didonet\/wp-json\/wp\/v2\/pages\/319","targetHints":{"allow":["GET"]}}],"collection":[{"href":"https:\/\/web.inf.ufpr.br\/didonet\/wp-json\/wp\/v2\/pages"}],"about":[{"href":"https:\/\/web.inf.ufpr.br\/didonet\/wp-json\/wp\/v2\/types\/page"}],"author":[{"embeddable":true,"href":"https:\/\/web.inf.ufpr.br\/didonet\/wp-json\/wp\/v2\/users\/21"}],"replies":[{"embeddable":true,"href":"https:\/\/web.inf.ufpr.br\/didonet\/wp-json\/wp\/v2\/comments?post=319"}],"version-history":[{"count":7,"href":"https:\/\/web.inf.ufpr.br\/didonet\/wp-json\/wp\/v2\/pages\/319\/revisions"}],"predecessor-version":[{"id":390,"href":"https:\/\/web.inf.ufpr.br\/didonet\/wp-json\/wp\/v2\/pages\/319\/revisions\/390"}],"up":[{"embeddable":true,"href":"https:\/\/web.inf.ufpr.br\/didonet\/wp-json\/wp\/v2\/pages\/215"}],"wp:attachment":[{"href":"https:\/\/web.inf.ufpr.br\/didonet\/wp-json\/wp\/v2\/media?parent=319"}],"curies":[{"name":"wp","href":"https:\/\/api.w.org\/{rel}","templated":true}]}}