{"id":121,"date":"2019-08-01T07:54:56","date_gmt":"2019-08-01T10:54:56","guid":{"rendered":"http:\/\/web.inf.ufpr.br\/danielw\/?page_id=121"},"modified":"2021-02-21T19:40:56","modified_gmt":"2021-02-21T22:40:56","slug":"publications","status":"publish","type":"page","link":"https:\/\/web.inf.ufpr.br\/danielw\/publications\/","title":{"rendered":"Publications"},"content":{"rendered":"\n<p><strong>Copyright Policies:<\/strong> The documents contained in this page are included by the contributing authors as a means to ensure timely dissemination of scholarly and technical work on a non-commercial basis. Copyright and all rights therein are maintained by the authors and by other copyright holders, notwithstanding that they have offered their works here electronically. It is understood that all persons copying this information will adhere to the terms and constraints invoked by each author&#8217;s copyright. These works may not be reposted without the explicit permission of the copyright holder.<\/p>\n<p><a href=\"http:\/\/www.inf.ufpr.br\/danielw\/download\/publications.bib\">BibLaTex index<\/a><\/p>\n<h4>Books<\/h4>\n<div class=\"csl-bib-body\" style=\"line-height: 2; margin-left: 2em; text-indent: -2em;\">\n<div class=\"csl-entry\">Castilho, M.A., Weingaertner, D., Silva, F. (2020). <i>Algoritmos e Estruturas de Dados 1.<\/i> <em>UFPR, 345p.<\/em>. <a href=\"http:\/\/www.inf.ufpr.br\/marcos\/livro_alg1\">ISBN: 978-65-86233-62-9<\/a><\/div>\n<\/div>\n<h4>Articles<\/h4>\n<div class=\"csl-bib-body\" style=\"line-height: 2; margin-left: 2em; text-indent: -2em;\">\n<div><strong>2021<\/strong><\/div>\n<div class=\"csl-entry\">Martins, J. G., Oliveira, L. E. S., Weingaertner, D., Barison, A., Oliveira, G. A. R., &amp; Li\u00e3o, L. M. (2021). A database for automatic classification of gender in Araucaria angustifolia plants. <i>Soft Computing<\/i>. <a href=\"https:\/\/doi.org\/10.1007\/s00500-020-05551-x\">https:\/\/doi.org\/10.1007\/s00500-020-05551-x<\/a><\/div>\n<div><strong>2020<\/strong><\/div>\n<div class=\"csl-entry\">Brugnago, E. L., Hild, T. A., Weing\u00e4rtner, D., &amp; Beims, M. W. (2020). Classification strategies in machine learning techniques predicting regime changes and durations in the Lorenz system. <i>Chaos: An Interdisciplinary Journal of Nonlinear Science<\/i>, <i>30<\/i>(5), 053101. <a href=\"https:\/\/doi.org\/10.1063\/5.0003892\">https:\/\/doi.org\/10.1063\/5.0003892<\/a><\/div>\n<div>\n<div><strong>2015<\/strong><\/div>\n<div class=\"csl-entry\">Pahl, C., Zare, M., Nilashi, M., Borges, M. A. de F., Weingaertner, D., Detschew, V., Supriyanto, E., &amp; Ibrahim, O. (2015). Role of OpenEHR as an open source solution for the regional modelling of patient data in obstetrics. <i>Journal of Biomedical Informatics<\/i>, <i>55<\/i>, 174\u2013187. <a href=\"https:\/\/doi.org\/10.1016\/j.jbi.2015.04.004\">https:\/\/doi.org\/10.1016\/j.jbi.2015.04.004<\/a><\/div>\n<div><strong>Before 2010<\/strong><\/div>\n<div>Coelho, A. L. V., Weingaertner, D., Gudwin, R. R., &amp; Ricarte, I. L. M. (2001). Emergence of multiagent spatial coordination strategies through artificial coevolution. <i>Computers &amp; Graphics<\/i>, <i>25<\/i>(6), 1013\u20131023. <a href=\"https:\/\/doi.org\/10.1016\/S0097-8493(01)00155-8\">https:\/\/doi.org\/10.1016\/S0097-8493(01)00155-8<\/a><\/div>\n<\/div>\n<\/div>\n<h4>Conferences<\/h4>\n<div class=\"csl-bib-body\" style=\"line-height: 2; margin-left: 2em; text-indent: -2em;\">\n<div><strong>2019<\/strong><\/div>\n<div class=\"csl-entry\">Pecenin, M., Maidl, A. M., &amp; Weingaertner, D. (2019). Optimization of Halide Image Processing Schedules with Reinforcement Learning. <i>Simp\u00f3sio de Sistemas Computacionais de Alto Desempenho, WSCAD 2019<\/i>. <a href=\"https:\/\/doi.org\/10.5753\/wscad.2019.8655\">https:\/\/doi.org\/10.5753\/wscad.2019.8655<\/a><\/div>\n<div class=\"csl-entry\">Marcondes, E. J., Zanete, B. N., Perroni, P. F., &amp; Weingaertner, D. (2019). Evolutionary Algorithms with Constraint Handling for the Hydroelectric Dispatch Planning. <i>2019 Brazilian Conference on Intelligent Systems, BRACIS 2019]<\/i>. <a href=\"https:\/\/doi.org\/10.1109\/BRACIS.2019.00098\">https:\/\/doi.org\/10.1109\/BRACIS.2019.00098<\/a><\/div>\n<div class=\"csl-entry\">Risso, J. V. T., Bauer, M., Carvalho Jr, P. R. de, R\u00fcde, U., &amp; Weingaertner, D. (2019). Scalable GPU Communication with Code Generation on Stencil Applications. <i>International Symposium on Computer Architecture and High Performance Computing, SBAC-PAD 2019<\/i>. <a href=\"https:\/\/doi.org\/10.1109\/SBAC-PAD.2019.00026\">https:\/\/doi.org\/10.1109\/SBAC-PAD.2019.00026<\/a><\/div>\n<div class=\"csl-entry\">Machado, R. R. L., Maidl, A. M., &amp; Weingaertner, D. (2019). Profiling Halide DSL with CPU Performance Events for Schedule Optimization. <i>XXIII Brazilian Symposium on Programming Languages, SBLP 2019<\/i>. <a href=\"https:\/\/doi.org\/10.1145\/3355378.3355381\">https:\/\/doi.org\/10.1145\/3355378.3355381<\/a><\/div>\n<div>\n<div class=\"csl-entry\">Ehrenfried, H. V., Eckelberg, R., Iboshi, H., Todt, E., Weingaertner, D., &amp; Fabro, M. D. D. (2019). HOTMapper: Historical Open Data Table Mapper. <i>Advances in Database Technology &#8211; 22nd International Conference on Extending Database Technology, EDBT 2019<\/i>, 550\u2013553. <a href=\"https:\/\/doi.org\/10.5441\/002\/edbt.2019.53\">https:\/\/doi.org\/10.5441\/002\/edbt.2019.53<\/a><\/div>\n<div>\n<div><strong>2018<\/strong><\/div>\n<div class=\"csl-entry\">Severo, E., Laroca, R., Bezerra, C. S., Zanlorensi, L. A., Weingaertner, D., Moreira, G., &amp; Menotti, D. (2018). A Benchmark for Iris Location and a Deep Learning Detector Evaluation. <i>2018 International Joint Conference on Neural Networks, IJCNN 2018<\/i>, 1\u20137. <a href=\"https:\/\/doi.org\/10.1109\/IJCNN.2018.8489638\">https:\/\/doi.org\/10.1109\/IJCNN.2018.8489638<\/a><\/div>\n<div><strong>2017<\/strong><\/div>\n<div class=\"csl-entry\">Trois, C., Weingaertner, D., Pasqualin, D., Maciel, E., Almeida, E. C. de, Silva, F., Tissot, H., Bona, L. C. E., Castilho, M. A., Fabro, M. D. D., &amp; Sunye, M. S. (2017). Transparency Meets Management: A Monitoring and Evaluating Tool for Governmental Projects. <i>14th IEEE\/ACS International Conference on Computer Systems and Applications, AICCSA 2017<\/i>, 1429\u20131435. <a href=\"https:\/\/doi.org\/10.1109\/AICCSA.2017.17\">https:\/\/doi.org\/10.1109\/AICCSA.2017.17<\/a><\/div>\n<\/div>\n<div>\n<div class=\"csl-entry\">Perroni, P. F., Weingaertner, D., &amp; Delgado, M. R. (2017). Estimating stop conditions of swarm based stochastic metaheuristic algorithms. <i>Proceedings of the Genetic and Evolutionary Computation Conference, GECCO 2017<\/i>, 43\u201350. <a href=\"https:\/\/doi.org\/10.1145\/3071178.3071326\">https:\/\/doi.org\/10.1145\/3071178.3071326<\/a><\/div>\n<\/div>\n<div>\n<div class=\"csl-entry\">Pasqualin, D., Souza, G., Buratti, E. L., Almeida, E. C. de, Fabro, M. D. D., &amp; Weingaertner, D. (2016). A Case Study of the Aggregation Query Model in Read-Mostly NoSQL Document Stores. <i>Proceedings of the 20th International Database Engineering &amp; Applications Symposium, IDEAS 2016<\/i>, 224\u2013229. <a href=\"https:\/\/doi.org\/10.1145\/2938503.2938546\">https:\/\/doi.org\/10.1145\/2938503.2938546<\/a><\/div>\n<\/div>\n<\/div>\n<div><strong>2016<\/strong><\/div>\n<div class=\"csl-entry\">Sepka Junior, J. A., &amp; Weingaertner, D. (2016). <i>Extens\u00e3o em CUDA para o framework waLBerla<\/i>. Computer on the Beach, 2016, Florian\u00f3polis, Brazil. <a href=\"https:\/\/siaiap32.univali.br\/seer\/index.php\/acotb\/article\/view\/10729\">https:\/\/siaiap32.univali.br\/seer\/index.php\/acotb\/article\/view\/10729<\/a><\/div>\n<div>\n<div>Direne, A. I., Weingaertner, D., Junior, B. M., Carvalho, C. A. M. de, Trois, C., Possamai, C. L. B., Pasqualin, D. G., Maciel, E. R., Almeida, E. C. de, Todt, E., Silva, F., Tissot, H. C., Garc\u00eda, L. S., Peres, L. M., Bona, L. C. E. de, Castilho, M. A., Fabro, M. D. D., Sunye, M. S., &amp; Pimentel, M. A. H. (2016). {C3SL}\u2014From Education to Public Transparency, Fifteen Years Developing Computer Systems for the Brazilian Society. <i>European Space Project on Smart Systems, Big Data, Future Internet &#8211; Towards Serving the Grand Societal Challenges &#8211; Volume 1: EPS Rome 2016,<\/i> 50\u201372. <a href=\"https:\/\/doi.org\/10.5220\/0007902900500072\">https:\/\/doi.org\/10.5220\/0007902900500072<\/a><\/div>\n<div><strong>2015<\/strong><\/div>\n<div>Perroni, P. F., Weingaertner, D., &amp; Delgado, M. R. (2015). Automated Iterative Partitioning for Cooperatively Coevolving Particle Swarms in Large Scale Optimization. <i>2015 Brazilian Conference on Intelligent Systems, BRACIS 2015<\/i>, 19\u201324. <a href=\"https:\/\/doi.org\/10.1109\/BRACIS.2015.51\">https:\/\/doi.org\/10.1109\/BRACIS.2015.51<\/a><\/div>\n<div class=\"csl-entry\">Bagesteiro, L. D., Oliveira, L. F., &amp; Weingaertner, D. (2015). Blockwise Classification of Lung Patterns in Unsegmented CT Images. <i>28th IEEE International Symposium on Computer-Based Medical Systems, CBMS 2015<\/i>, 177\u2013182. <a href=\"https:\/\/doi.org\/10.1109\/CBMS.2015.32\">https:\/\/doi.org\/10.1109\/CBMS.2015.32<\/a><\/div>\n<div><strong>2014<\/strong><\/div>\n<div>Possamai, C. L. B., Pasqualin, D., Weingaertner, D., Todt, E., Castilho, M. A., Bona, L. C. E. D., &amp; Almeida, E. C. de. (2014). PROINFODATA: Monitoring a Large Park of Computational Laboratories. <i>Open Source Software: Mobile Open Source Technologies &#8211; 10th IFIP WG 2.13 International Conference on Open Source Systems, OSS 2014<\/i>, 226\u2013229. <a href=\"https:\/\/doi.org\/10.1007\/978-3-642-55128-4_34\">https:\/\/doi.org\/10.1007\/978-3-642-55128-4_34<\/a><\/div>\n<div><strong>2013<\/strong><\/div>\n<div class=\"csl-entry\">Porfirio, A. J., Wiggers, K. L., Oliveira, L. E. S., &amp; Weingaertner, D. (2013). LIBRAS Sign Language Hand Configuration Recognition Based on 3D Meshes. <i>IEEE International Conference on Systems, Man, and Cybernetics, Manchester, SMC 2013<\/i>, 1588\u20131593. <a href=\"https:\/\/doi.org\/10.1109\/SMC.2013.274\">https:\/\/doi.org\/10.1109\/SMC.2013.274<\/a><\/div>\n<\/div>\n<div>\n<div><strong>2012<\/strong><\/div>\n<div class=\"csl-entry\">Lourenco, L. H. A., Weingaertner, D., &amp; Todt, E. (2012). Efficient Implementation of Canny Edge Detection Filter for ITK Using CUDA. <i>2012 13th Symposium on Computer Systems<\/i>, 33\u201340. <a href=\"https:\/\/doi.org\/10.1109\/WSCAD-SSC.2012.21\">https:\/\/doi.org\/10.1109\/WSCAD-SSC.2012.21<\/a><\/div>\n<div>\n<div><strong>2011<\/strong><\/div>\n<div class=\"csl-entry\">Schmelzer, S., Suchodoletz, D. von, Schneider, G., Weingaertner, D., Bona, L. C. E. D., &amp; Carvalho, C. (2011). Universal remote boot and administration service. <i>7th Latin American Network Operations and Management Symposium, LANOMS 2011<\/i>, 1\u20136. <a href=\"https:\/\/doi.org\/10.1109\/LANOMS.2011.6102270\">https:\/\/doi.org\/10.1109\/LANOMS.2011.6102270<\/a><\/div>\n<div><strong>Before 2010<\/strong><\/div>\n<div>Weingaertner, D., Bellon, O. R. P., Silva, L., &amp; Cat, M. N. L. (2008). Newborn\u2019s Biometric Identification: Can it be done? <i>VISAPP 2008: Proceedings of the Third International Conference on Computer Vision Theory and Applications<\/i>, <i>1<\/i>, 200\u2013205. <a href=\"http:\/\/www.inf.ufpr.br\/danielw\/download\/2008-visapp.pdf\">http:\/\/www.inf.ufpr.br\/danielw\/download\/2008-visapp.pdf<\/a><\/div>\n<\/div>\n<\/div>\n<div class=\"csl-entry\">Bona, L. C. E. D., Castilho, M. A., Weingaertner, D., Silva, F., Sunye, M. S., Louren\u00e7o, L. H. A., &amp; Ribas, B. C. (2008). <i>Managing a Grid of Computer Laboratories for Educational Purposes<\/i>. 2nd International Workshop Latin American Grid, LAGRID 2008, Campo Grande, Brazil. <a href=\"https:\/\/www.inf.ufpr.br\/danielw\/download\/2008-lagrid.pdf\">https:\/\/www.inf.ufpr.br\/danielw\/download\/2008-lagrid.pdf<\/a><\/div>\n<div class=\"csl-entry\">Weingaertner, D. (2007). <i>Aquisi\u00e7\u00e3o de impress\u00f5es palmares em formato digital para a identifica\u00e7\u00e3o biom\u00e9trica de rec\u00e9m-nascidos<\/i> [Phdthesis, Universidade Federal do Paran\u00e1]. <a href=\"http:\/\/hdl.handle.net\/1884\/14044\">http:\/\/hdl.handle.net\/1884\/14044<\/a><\/div>\n<div>Weingaertner, D., Tatai, V. K., Gudwin, R. R., &amp; Von Zuben, F. J. (2002). Hierarchical evolution of heterogeneous neural networks. <i>Proceedings of the 2002 Congress on Evolutionary Computation. CEC\u201902<\/i>, <i>2<\/i>, 1775\u20131780. <a href=\"https:\/\/doi.org\/10.1109\/CEC.2002.1004511\">https:\/\/doi.org\/10.1109\/CEC.2002.1004511<\/a><\/div>\n<div class=\"csl-entry\">Coelho, A. L. V., &amp; Weingaertner, D. (2001). Evolving coordination strategies in simulated robot soccer. <i>Proceedings of the Fifth International Conference on Autonomous Agents, AGENTS 2001<\/i>, 147\u2013148. <a href=\"https:\/\/doi.org\/10.1145\/375735.376030\">https:\/\/doi.org\/10.1145\/375735.376030<\/a><\/div>\n<\/div>\n<h4>Thesis<\/h4>\n<div class=\"csl-bib-body\" style=\"line-height: 2; margin-left: 2em; text-indent: -2em;\">\n<div class=\"csl-entry\">Weingaertner, D. (2007). <i>Aquisi\u00e7\u00e3o de impress\u00f5es palmares em formato digital para a identifica\u00e7\u00e3o biom\u00e9trica de rec\u00e9m-nascidos<\/i> [Phd thesis, Universidade Federal do Paran\u00e1]. <a href=\"http:\/\/hdl.handle.net\/1884\/14044\">http:\/\/hdl.handle.net\/1884\/14044<\/a><\/div>\n<div class=\"csl-entry\">Weingaertner, D. (2003). <i>An\u00e1lise Semi\u00f3tica de Redes Neuroenerg\u00e9ticas para a Constru\u00e7\u00e3o de Agentes Inteligentes<\/i> [Master thesis, Universidade Estadual de Campinas]. <a href=\"http:\/\/repositorio.unicamp.br\/jspui\/handle\/REPOSIP\/259816\">http:\/\/repositorio.unicamp.br\/jspui\/handle\/REPOSIP\/259816<\/a><\/div>\n<\/div>\n","protected":false},"excerpt":{"rendered":"","protected":false},"author":3,"featured_media":0,"parent":0,"menu_order":0,"comment_status":"closed","ping_status":"closed","template":"","meta":{"footnotes":""},"class_list":["post-121","page","type-page","status-publish","hentry"],"_links":{"self":[{"href":"https:\/\/web.inf.ufpr.br\/danielw\/wp-json\/wp\/v2\/pages\/121","targetHints":{"allow":["GET"]}}],"collection":[{"href":"https:\/\/web.inf.ufpr.br\/danielw\/wp-json\/wp\/v2\/pages"}],"about":[{"href":"https:\/\/web.inf.ufpr.br\/danielw\/wp-json\/wp\/v2\/types\/page"}],"author":[{"embeddable":true,"href":"https:\/\/web.inf.ufpr.br\/danielw\/wp-json\/wp\/v2\/users\/3"}],"replies":[{"embeddable":true,"href":"https:\/\/web.inf.ufpr.br\/danielw\/wp-json\/wp\/v2\/comments?post=121"}],"version-history":[{"count":27,"href":"https:\/\/web.inf.ufpr.br\/danielw\/wp-json\/wp\/v2\/pages\/121\/revisions"}],"predecessor-version":[{"id":329,"href":"https:\/\/web.inf.ufpr.br\/danielw\/wp-json\/wp\/v2\/pages\/121\/revisions\/329"}],"wp:attachment":[{"href":"https:\/\/web.inf.ufpr.br\/danielw\/wp-json\/wp\/v2\/media?parent=121"}],"curies":[{"name":"wp","href":"https:\/\/api.w.org\/{rel}","templated":true}]}}