{"id":373,"date":"2017-08-14T18:01:24","date_gmt":"2017-08-14T21:01:24","guid":{"rendered":"http:\/\/web.inf.ufpr.br\/bcc\/?page_id=373"},"modified":"2026-03-24T13:07:08","modified_gmt":"2026-03-24T16:07:08","slug":"formularios-e-normas","status":"publish","type":"page","link":"https:\/\/web.inf.ufpr.br\/bcc\/formularios-e-normas\/","title":{"rendered":"Regras de est\u00e1gio"},"content":{"rendered":"<p>Est\u00e1gio \u00e9 uma atividade desenvolvida por um aluno em uma empresa ou outra institui\u00e7\u00e3o, na \u00e1rea do curso (ou seja, computa\u00e7\u00e3o), visando proporcionar ao aluno a oportunidade de <strong>colocar em pr\u00e1tica os conhecimentos adquiridos no curso<\/strong>. Um est\u00e1gio pode ter at\u00e9 6 horas di\u00e1rias, at\u00e9 30 horas semanais e at\u00e9 24 meses na mesma empresa.<\/p>\n<p>Os est\u00e1gios s\u00e3o regidos pela <a href=\"http:\/\/www.planalto.gov.br\/ccivil_03\/_ato2007-2010\/2008\/lei\/l11788.htm\">Lei Federal 11.788\/2008<\/a>. Todo est\u00e1gio deve ser <strong>previamente autorizado<\/strong> pelo curso e pela universidade. Sem essa autoriza\u00e7\u00e3o pr\u00e9via, seu est\u00e1gio n\u00e3o existe oficialmente e seu trabalho nele \u00e9 <strong>ilegal<\/strong>.<\/p>\n<p>Um est\u00e1gio pode ser:<\/p>\n<ul>\n<li><strong>N\u00e3o-obrigat\u00f3rio<\/strong>: n\u00e3o est\u00e1 vinculado a uma disciplina do curso, mas pode ser usado para pontuar Atividades Formativas; pode ser feito mais de uma vez.<\/li>\n<li><strong>Obrigat\u00f3rio<\/strong>: est\u00e1 associado a uma disciplina (CI1100) e s\u00f3 pode ser solicitado durante o per\u00edodo de matr\u00edcula em disciplinas, atendidos todos os pr\u00e9-requisitos (inclusive a barreira). N\u00e3o pontua em Atividades Formativas.<\/li>\n<\/ul>\n<p>Um est\u00e1gio compreende diversas entidades:<\/p>\n<ul>\n<li><strong>Estagi\u00e1rio<\/strong>: aluno regularmente matriculado no curso.<\/li>\n<li><strong>Empresa<\/strong>: local onde ser\u00e1 feito o est\u00e1gio.<\/li>\n<li><strong>Supervisor<\/strong>: profissional da empresa que ir\u00e1 acompanhar o est\u00e1gio (deve ter forma\u00e7\u00e3o ou atua\u00e7\u00e3o profissional na \u00e1rea de computa\u00e7\u00e3o).<\/li>\n<li><strong>Orientador<\/strong>: professor do curso, escolhido pelo aluno, que ir\u00e1 acompanhar o est\u00e1gio.<\/li>\n<li><strong>Coordenador<\/strong>: avalia\/autoriza\/nega pedidos de est\u00e1gio.<\/li>\n<li><strong>COE<\/strong>: comiss\u00e3o local do curso que avalia\/autoriza\/nega pedidos de est\u00e1gio.<\/li>\n<li><strong>COAFE<\/strong>: coordena\u00e7\u00e3o geral da UFPR que avalia\/autoriza\/nega pedidos de est\u00e1gio.<\/li>\n<li><strong>Secretaria<\/strong>: realiza os tr\u00e2mites administrativos do est\u00e1gio na UFPR.<\/li>\n<\/ul>\n<p>No curso de BCC os est\u00e1gios s\u00e3o regidos pelas seguintes regras:<\/p>\n<ul>\n<li><a href=\"http:\/\/www.planalto.gov.br\/ccivil_03\/_ato2007-2010\/2008\/lei\/l11788.htm\">Lei Federal 11.788\/2008<\/a><\/li>\n<li><a href=\"http:\/\/web.inf.ufpr.br\/bcc\/wp-content\/uploads\/sites\/4\/2024\/07\/2024-regulamento-estagio.pdf\">Regulamento de est\u00e1gios do curso<\/a><\/li>\n<li><a href=\"http:\/\/www.prograd.ufpr.br\/portal\/coafe\/wp-content\/uploads\/sites\/15\/2019\/08\/Manual-de-Est%C3%A1gios-Vers%C3%A3o-Final.pdf\">Manual de est\u00e1gios da COAFE\/UFPR<\/a><\/li>\n<\/ul>\n<p>Formul\u00e1rios:<\/p>\n<ul>\n<li><a href=\"http:\/\/web.inf.ufpr.br\/bcc\/wp-content\/uploads\/sites\/4\/2022\/06\/formulario-ic-estagio.pdf\">Formul\u00e1rio de valida\u00e7\u00e3o de Inicia\u00e7\u00e3o Cient\u00edfica<\/a> como est\u00e1gio obrigat\u00f3rio<\/li>\n<li><a href=\"http:\/\/www.prograd.ufpr.br\/portal\/coafe\/ue\">P\u00e1gina da COAFE\/PROGRAD<\/a> com formul\u00e1rios usados nos procedimentos de est\u00e1gio<\/li>\n<\/ul>\n<p>A Comiss\u00e3o Orientadora de Est\u00e1gios do curso (COE) \u00e9 formada atualmente pelos seguintes membros:<\/p>\n<ul>\n<li>Prof. Andrey Pimentel<\/li>\n<li>Prof. Eduardo Todt<\/li>\n<li>Prof. Eduardo Spinosa<\/li>\n<li>Prof. Giovanni Ven\u00e2ncio<\/li>\n<li>Prof. Lucas Ferrari Oliveira<\/li>\n<li>Profa. Rachel Reis<\/li>\n<\/ul>\n\n","protected":false},"excerpt":{"rendered":"<p>Est\u00e1gio \u00e9 uma atividade desenvolvida por um aluno em uma empresa ou outra institui\u00e7\u00e3o, na \u00e1rea do curso (ou seja,<\/p>\n","protected":false},"author":13,"featured_media":0,"parent":0,"menu_order":0,"comment_status":"closed","ping_status":"closed","template":"","meta":{"colormag_page_container_layout":"default_layout","colormag_page_sidebar_layout":"default_layout","footnotes":""},"class_list":["post-373","page","type-page","status-publish","hentry"],"_links":{"self":[{"href":"https:\/\/web.inf.ufpr.br\/bcc\/wp-json\/wp\/v2\/pages\/373","targetHints":{"allow":["GET"]}}],"collection":[{"href":"https:\/\/web.inf.ufpr.br\/bcc\/wp-json\/wp\/v2\/pages"}],"about":[{"href":"https:\/\/web.inf.ufpr.br\/bcc\/wp-json\/wp\/v2\/types\/page"}],"author":[{"embeddable":true,"href":"https:\/\/web.inf.ufpr.br\/bcc\/wp-json\/wp\/v2\/users\/13"}],"replies":[{"embeddable":true,"href":"https:\/\/web.inf.ufpr.br\/bcc\/wp-json\/wp\/v2\/comments?post=373"}],"version-history":[{"count":44,"href":"https:\/\/web.inf.ufpr.br\/bcc\/wp-json\/wp\/v2\/pages\/373\/revisions"}],"predecessor-version":[{"id":2371,"href":"https:\/\/web.inf.ufpr.br\/bcc\/wp-json\/wp\/v2\/pages\/373\/revisions\/2371"}],"wp:attachment":[{"href":"https:\/\/web.inf.ufpr.br\/bcc\/wp-json\/wp\/v2\/media?parent=373"}],"curies":[{"name":"wp","href":"https:\/\/api.w.org\/{rel}","templated":true}]}}