{"id":31,"date":"2017-05-31T17:28:44","date_gmt":"2017-05-31T20:28:44","guid":{"rendered":"http:\/\/web.inf.ufpr.br\/bcc\/?page_id=31"},"modified":"2025-03-11T11:21:41","modified_gmt":"2025-03-11T14:21:41","slug":"contato","status":"publish","type":"page","link":"https:\/\/web.inf.ufpr.br\/bcc\/contato\/","title":{"rendered":"Contato"},"content":{"rendered":"<h5>Coordena\u00e7\u00e3o<\/h5>\n<p>Prof\u00aa. Natasha Valentim (coordenadora)<br \/>Prof. Giovanni Ven\u00e2ncio (vice-coordenador)<\/p>\n<h5>Secretaria<\/h5>\n<p>Lucas Silva Costa<br \/>Fernando Viana<\/p>\n<h5>Contato<\/h5>\n<p>E-mail: <a href=\"mailto:Bcc@inf.ufpr.br\">bcc@inf.ufpr.br<\/a><br \/>Fone: (41) 3361-3572<\/p>\n<h5>Hor\u00e1rio de Funcionamento<\/h5>\n<p>Segunda a sexta no per\u00edodo das 7:30h at\u00e9 \u00e0s 22:30h<\/p>\n<h5>Endere\u00e7o<\/h5>\n<p>Bacharelado em Ci\u00eancia da Computa\u00e7\u00e3o<br \/>Departamento de Inform\u00e1tica &#8211; UFPR<br \/>Centro Polit\u00e9cnico<br \/>Rua Cel. Francisco H. dos Santos, 100<br \/>Jardim das Am\u00e9ricas &#8211; Curitiba &#8211; PR<br \/>CEP 81531-980<br \/>Caixa Postal: 19081<br \/><a href=\"https:\/\/goo.gl\/maps\/VLrBFzp9aE52\">Localiza\u00e7\u00e3o (Google Maps)<\/a><\/p>\n\n","protected":false},"excerpt":{"rendered":"<p>Coordena\u00e7\u00e3o Prof\u00aa. Natasha Valentim (coordenadora)Prof. Giovanni Ven\u00e2ncio (vice-coordenador) Secretaria Lucas Silva CostaFernando Viana Contato E-mail: bcc@inf.ufpr.brFone: (41) 3361-3572 Hor\u00e1rio de<\/p>\n","protected":false},"author":13,"featured_media":0,"parent":0,"menu_order":0,"comment_status":"closed","ping_status":"closed","template":"","meta":{"colormag_page_container_layout":"default_layout","colormag_page_sidebar_layout":"default_layout","footnotes":""},"class_list":["post-31","page","type-page","status-publish","hentry"],"_links":{"self":[{"href":"https:\/\/web.inf.ufpr.br\/bcc\/wp-json\/wp\/v2\/pages\/31","targetHints":{"allow":["GET"]}}],"collection":[{"href":"https:\/\/web.inf.ufpr.br\/bcc\/wp-json\/wp\/v2\/pages"}],"about":[{"href":"https:\/\/web.inf.ufpr.br\/bcc\/wp-json\/wp\/v2\/types\/page"}],"author":[{"embeddable":true,"href":"https:\/\/web.inf.ufpr.br\/bcc\/wp-json\/wp\/v2\/users\/13"}],"replies":[{"embeddable":true,"href":"https:\/\/web.inf.ufpr.br\/bcc\/wp-json\/wp\/v2\/comments?post=31"}],"version-history":[{"count":16,"href":"https:\/\/web.inf.ufpr.br\/bcc\/wp-json\/wp\/v2\/pages\/31\/revisions"}],"predecessor-version":[{"id":2231,"href":"https:\/\/web.inf.ufpr.br\/bcc\/wp-json\/wp\/v2\/pages\/31\/revisions\/2231"}],"wp:attachment":[{"href":"https:\/\/web.inf.ufpr.br\/bcc\/wp-json\/wp\/v2\/media?parent=31"}],"curies":[{"name":"wp","href":"https:\/\/api.w.org\/{rel}","templated":true}]}}