{"id":2318,"date":"2025-03-28T17:34:53","date_gmt":"2025-03-28T20:34:53","guid":{"rendered":"https:\/\/web.inf.ufpr.br\/bcc\/?page_id=2318"},"modified":"2025-03-28T17:34:54","modified_gmt":"2025-03-28T20:34:54","slug":"iniciacao-cientifica","status":"publish","type":"page","link":"https:\/\/web.inf.ufpr.br\/bcc\/iniciacao-cientifica\/","title":{"rendered":"Inicia\u00e7\u00e3o Cient\u00edfica"},"content":{"rendered":"\n<h2 class=\"wp-block-heading\">Sobre a Inicia\u00e7\u00e3o Cient\u00edfica<\/h2>\n\n\n\n<p>A inicia\u00e7\u00e3o cient\u00edfica \u00e9 uma atividade acad\u00eamica voltada a alunos da gradua\u00e7\u00e3o. Esta atividade permite que o aluno aprenda a realizar e documentar pesquisas cient\u00edficas atrav\u00e9s do desenvolvimento de pequenos projetos de pesquisa.<\/p>\n\n\n\n<p>O projeto de inicia\u00e7\u00e3o cient\u00edfica \u00e9 o projeto de pesquisa a ser desenvolvido pelo aluno. O desenvolvimento do projeto \u00e9 supervisionado por um orientador, que tamb\u00e9m tem o papel de guiar o aluno durante a atividade. O orientador \u00e9 geralmente um professor da universidade com experi\u00eancia no t\u00f3pico de pesquisa.<\/p>\n\n\n\n<p>Existem v\u00e1rios motivos para se fazer a inicia\u00e7\u00e3o cient\u00edfica. Alguns deles s\u00e3o citados abaixo.<\/p>\n\n\n\n<ul class=\"wp-block-list\">\n<li>\u00c9 uma oportunidade (muitas vezes \u00fanica) para se aprender o que \u00e9 pesquisa cient\u00edfica e como realizar este tipo de pesquisa. Al\u00e9m disso, a exposi\u00e7\u00e3o \u00e0 pesquisa cient\u00edfica ajuda o aluno a decidir se ele deve seguir a carreira cient\u00edfica ap\u00f3s a gradua\u00e7\u00e3o. Caso decida seguir esta carreira, a realiza\u00e7\u00e3o de uma inicia\u00e7\u00e3o cient\u00edfica ainda o ajuda no processo de sele\u00e7\u00e3o de programas de mestrado.<\/li>\n\n\n\n<li>A universidade \u00e9 um ambiente prop\u00edcio para o desenvolvimento de projetos cient\u00edficos. O aluno de gradua\u00e7\u00e3o possui acesso a recursos como bibliotecas digitais (p.ex: ACM DL e IEEE Xplore), laborat\u00f3rios e principalmente o acesso a pessoas com experi\u00eancia em pesquisa cient\u00edfica, como o orientador e alunos de doutorado e mestrado.<\/li>\n\n\n\n<li>Muitos projetos de inicia\u00e7\u00e3o cient\u00edfica s\u00e3o conduzidos em laborat\u00f3rios com grupos de pesquisa que incluem alunos de mestrado e doutorado. Esta proximidade fomenta a intera\u00e7\u00e3o com estes pesquisadores e permite uma exposi\u00e7\u00e3o do aluno \u00e0s diferentes etapas da carreira cient\u00edfica.<\/li>\n\n\n\n<li>A inicia\u00e7\u00e3o cient\u00edfica exige que o aluno aprenda a lidar com o desconhecido. Ele aprende a analisar problemas, buscar o conhecimento existente na \u00e1rea e adequar as solu\u00e7\u00f5es existentes ao problema em quest\u00e3o. Este processo ainda o ajuda a exercitar e desenvolver a sua criatividade. Estas habilidades s\u00e3o valorizadas tanto em cientistas pesquisadores quanto em profissionais inseridos em outros segmentos do mercado de trabalho.<br><br><br><\/li>\n<\/ul>\n\n\n\n<h2 class=\"wp-block-heading\">Bolsas de Inicia\u00e7\u00e3o Cient\u00edfica<\/h2>\n\n\n\n<p>Algumas ag\u00eancias financiadoras de pesquisa, como a CAPES e o CNPq, oferecem bolsas de estudo para alunos que realizam a inicia\u00e7\u00e3o cient\u00edfica. O aluno, com o aux\u00edlio do orientador, pode submeter uma proposta de projeto de inicia\u00e7\u00e3o cient\u00edfica para a ag\u00eancia financiadora, a qual atribui a bolsa ao aluno diante da aprova\u00e7\u00e3o do projeto submetido. Al\u00e9m disso, alguns professores possuem projetos de pesquisa financiados que contemplam bolsas para financiar trabalhos de inicia\u00e7\u00e3o cient\u00edfica no escopo do projeto.<\/p>\n\n\n\n<p>Assim como o est\u00e1gio, o aprendizado adquirido na atividade de inicia\u00e7\u00e3o cient\u00edfica \u00e9 um complemento \u00e0 forma\u00e7\u00e3o do aluno. Muitas vezes, o aluno opta por uma destas atividades em fun\u00e7\u00e3o do valor da remunera\u00e7\u00e3o. Neste caso, o aluno corre o risco de sacrificar a qualidade da sua forma\u00e7\u00e3o em fun\u00e7\u00e3o de uma remunera\u00e7\u00e3o melhor, ainda que tempor\u00e1ria e pequena. Vale lembrar que, o retorno a m\u00e9dio e longo prazo de uma forma\u00e7\u00e3o s\u00f3lida \u00e9 invariavelmente maior do que a remunera\u00e7\u00e3o tempor\u00e1ria de qualquer est\u00e1gio ou inicia\u00e7\u00e3o cient\u00edfica! Leve isso em considera\u00e7\u00e3o quando for fazer sua escolha.<\/p>\n\n\n\n<p><em>Cr\u00e9dito do texto: Marco Antonio Zanata Alves<\/em><\/p>\n\n\n\n<p><\/p>\n","protected":false},"excerpt":{"rendered":"<p>Sobre a Inicia\u00e7\u00e3o Cient\u00edfica A inicia\u00e7\u00e3o cient\u00edfica \u00e9 uma atividade acad\u00eamica voltada a alunos da gradua\u00e7\u00e3o. Esta atividade permite que<\/p>\n","protected":false},"author":71,"featured_media":0,"parent":0,"menu_order":0,"comment_status":"closed","ping_status":"closed","template":"","meta":{"colormag_page_container_layout":"default_layout","colormag_page_sidebar_layout":"default_layout","footnotes":""},"class_list":["post-2318","page","type-page","status-publish","hentry"],"_links":{"self":[{"href":"https:\/\/web.inf.ufpr.br\/bcc\/wp-json\/wp\/v2\/pages\/2318","targetHints":{"allow":["GET"]}}],"collection":[{"href":"https:\/\/web.inf.ufpr.br\/bcc\/wp-json\/wp\/v2\/pages"}],"about":[{"href":"https:\/\/web.inf.ufpr.br\/bcc\/wp-json\/wp\/v2\/types\/page"}],"author":[{"embeddable":true,"href":"https:\/\/web.inf.ufpr.br\/bcc\/wp-json\/wp\/v2\/users\/71"}],"replies":[{"embeddable":true,"href":"https:\/\/web.inf.ufpr.br\/bcc\/wp-json\/wp\/v2\/comments?post=2318"}],"version-history":[{"count":1,"href":"https:\/\/web.inf.ufpr.br\/bcc\/wp-json\/wp\/v2\/pages\/2318\/revisions"}],"predecessor-version":[{"id":2321,"href":"https:\/\/web.inf.ufpr.br\/bcc\/wp-json\/wp\/v2\/pages\/2318\/revisions\/2321"}],"wp:attachment":[{"href":"https:\/\/web.inf.ufpr.br\/bcc\/wp-json\/wp\/v2\/media?parent=2318"}],"curies":[{"name":"wp","href":"https:\/\/api.w.org\/{rel}","templated":true}]}}