{"id":2276,"date":"2025-03-11T16:51:31","date_gmt":"2025-03-11T19:51:31","guid":{"rendered":"https:\/\/web.inf.ufpr.br\/bcc\/?page_id=2276"},"modified":"2026-03-18T13:11:35","modified_gmt":"2026-03-18T16:11:35","slug":"colegiado","status":"publish","type":"page","link":"https:\/\/web.inf.ufpr.br\/bcc\/colegiado\/","title":{"rendered":"Colegiado"},"content":{"rendered":"\n<h2 class=\"wp-block-heading\"><strong>Membros do Colegiado do BCC<\/strong><\/h2>\n\n\n\n<ul class=\"wp-block-list\">\n<li>Natasha Valentim (Coordenadora)<\/li>\n\n\n\n<li>Giovanni Ven\u00e2ncio (Vice-coordenador)<\/li>\n\n\n\n<li>Andr\u00e9 Guedes (Suplente: Murilo Silva)<\/li>\n\n\n\n<li>Simone Dominico (Suplente: Guilherme Derenievicz)<\/li>\n\n\n\n<li>Luiz Albini (Suplente: Silva Vergilio)<\/li>\n\n\n\n<li>Marcos Castilho (Suplente: Paulo Ricardo)<br><\/li>\n<\/ul>\n\n\n\n<h2 class=\"wp-block-heading\"><strong>Representa\u00e7\u00e3o Discente<\/strong><\/h2>\n\n\n\n<ul class=\"wp-block-list\">\n<li>Sofia Barbosa Candiotto (Suplente: Amanda Pollyanna Da Silva Rodrigues)<\/li>\n\n\n\n<li>Roberto Sprengel Minozzo Tomchak (Suplente: Thiago Jos\u00e9 Barzotto)<\/li>\n\n\n\n<li>Antonio da Ressurrei\u00e7\u00e3o Filho (Suplente: Eduardo Camargo Neves)<br><\/li>\n<\/ul>\n\n\n\n<h2 class=\"wp-block-heading\"><strong>Atas<\/strong><\/h2>\n\n\n\n<p>As atas das reuni\u00f5es de colegiado do curso est\u00e3o dispon\u00edveis <a href=\"https:\/\/web.inf.ufpr.br\/bcc\/atas\/\" data-type=\"page\" data-id=\"709\">aqui<\/a>.<\/p>\n\n\n\n<p><\/p>\n","protected":false},"excerpt":{"rendered":"<p>Membros do Colegiado do BCC Representa\u00e7\u00e3o Discente Atas As atas das reuni\u00f5es de colegiado do curso est\u00e3o dispon\u00edveis aqui.<\/p>\n","protected":false},"author":71,"featured_media":0,"parent":0,"menu_order":0,"comment_status":"closed","ping_status":"closed","template":"","meta":{"colormag_page_container_layout":"default_layout","colormag_page_sidebar_layout":"default_layout","footnotes":""},"class_list":["post-2276","page","type-page","status-publish","hentry"],"_links":{"self":[{"href":"https:\/\/web.inf.ufpr.br\/bcc\/wp-json\/wp\/v2\/pages\/2276","targetHints":{"allow":["GET"]}}],"collection":[{"href":"https:\/\/web.inf.ufpr.br\/bcc\/wp-json\/wp\/v2\/pages"}],"about":[{"href":"https:\/\/web.inf.ufpr.br\/bcc\/wp-json\/wp\/v2\/types\/page"}],"author":[{"embeddable":true,"href":"https:\/\/web.inf.ufpr.br\/bcc\/wp-json\/wp\/v2\/users\/71"}],"replies":[{"embeddable":true,"href":"https:\/\/web.inf.ufpr.br\/bcc\/wp-json\/wp\/v2\/comments?post=2276"}],"version-history":[{"count":5,"href":"https:\/\/web.inf.ufpr.br\/bcc\/wp-json\/wp\/v2\/pages\/2276\/revisions"}],"predecessor-version":[{"id":2360,"href":"https:\/\/web.inf.ufpr.br\/bcc\/wp-json\/wp\/v2\/pages\/2276\/revisions\/2360"}],"wp:attachment":[{"href":"https:\/\/web.inf.ufpr.br\/bcc\/wp-json\/wp\/v2\/media?parent=2276"}],"curies":[{"name":"wp","href":"https:\/\/api.w.org\/{rel}","templated":true}]}}