{"id":2258,"date":"2025-03-11T14:37:13","date_gmt":"2025-03-11T17:37:13","guid":{"rendered":"https:\/\/web.inf.ufpr.br\/bcc\/?page_id=2258"},"modified":"2025-03-25T09:44:15","modified_gmt":"2025-03-25T12:44:15","slug":"plano-de-acao-da-coordenacao","status":"publish","type":"page","link":"https:\/\/web.inf.ufpr.br\/bcc\/plano-de-acao-da-coordenacao\/","title":{"rendered":"Plano de A\u00e7\u00e3o da Coordena\u00e7\u00e3o"},"content":{"rendered":"\n<p>O plano de a\u00e7\u00e3o da coordena\u00e7\u00e3o pode ser acessado <a href=\"https:\/\/web.inf.ufpr.br\/bcc\/wp-content\/uploads\/sites\/4\/2025\/03\/Plano-de-acao-da-Coordenacao-2025-2026_Natasha.docx.pdf\" data-type=\"attachment\" data-id=\"2300\">aqui<\/a>.<\/p>\n\n\n\n<p><\/p>\n","protected":false},"excerpt":{"rendered":"<p>O plano de a\u00e7\u00e3o da coordena\u00e7\u00e3o pode ser acessado aqui.<\/p>\n","protected":false},"author":71,"featured_media":0,"parent":0,"menu_order":0,"comment_status":"closed","ping_status":"closed","template":"","meta":{"colormag_page_container_layout":"default_layout","colormag_page_sidebar_layout":"default_layout","footnotes":""},"class_list":["post-2258","page","type-page","status-publish","hentry"],"_links":{"self":[{"href":"https:\/\/web.inf.ufpr.br\/bcc\/wp-json\/wp\/v2\/pages\/2258","targetHints":{"allow":["GET"]}}],"collection":[{"href":"https:\/\/web.inf.ufpr.br\/bcc\/wp-json\/wp\/v2\/pages"}],"about":[{"href":"https:\/\/web.inf.ufpr.br\/bcc\/wp-json\/wp\/v2\/types\/page"}],"author":[{"embeddable":true,"href":"https:\/\/web.inf.ufpr.br\/bcc\/wp-json\/wp\/v2\/users\/71"}],"replies":[{"embeddable":true,"href":"https:\/\/web.inf.ufpr.br\/bcc\/wp-json\/wp\/v2\/comments?post=2258"}],"version-history":[{"count":3,"href":"https:\/\/web.inf.ufpr.br\/bcc\/wp-json\/wp\/v2\/pages\/2258\/revisions"}],"predecessor-version":[{"id":2303,"href":"https:\/\/web.inf.ufpr.br\/bcc\/wp-json\/wp\/v2\/pages\/2258\/revisions\/2303"}],"wp:attachment":[{"href":"https:\/\/web.inf.ufpr.br\/bcc\/wp-json\/wp\/v2\/media?parent=2258"}],"curies":[{"name":"wp","href":"https:\/\/api.w.org\/{rel}","templated":true}]}}