{"id":1537,"date":"2021-12-08T14:19:17","date_gmt":"2021-12-08T17:19:17","guid":{"rendered":"https:\/\/web.inf.ufpr.br\/bcc\/?page_id=1537"},"modified":"2024-05-23T16:21:22","modified_gmt":"2024-05-23T19:21:22","slug":"tcc","status":"publish","type":"page","link":"https:\/\/web.inf.ufpr.br\/bcc\/tcc\/","title":{"rendered":"TCC"},"content":{"rendered":"\n<p>O <strong>Trabalho de Conclus\u00e3o de Curso<\/strong> (TCC) \u00e9 desenvolvido no final do curso e envolve a realiza\u00e7\u00e3o de pesquisa e desenvolvimento em uma \u00e1rea espec\u00edfica da Computa\u00e7\u00e3o, sob a orienta\u00e7\u00e3o de um docente da \u00e1rea. Ele pode ser feito individualmente ou em duplas.<\/p>\n\n\n\n<p>No curso de BCC, o TCC \u00e9 dividido nas disciplinas TCC1 e TCC2, sendo TCC1 pr\u00e9-requisito para TCC2. Usualmente em TCC1 se realiza a parte te\u00f3rica do trabalho, como estudo bibliogr\u00e1fico, defini\u00e7\u00e3o e detalhamento do projeto, enquanto em TCC2 desenvolve-se a parte pr\u00e1tica, com implementa\u00e7\u00e3o, valida\u00e7\u00e3o e avalia\u00e7\u00e3o dos resultados. Essa distribui\u00e7\u00e3o, contudo, pode variar conforme o orientador e o tema abordado.<\/p>\n\n\n\n<p>Ao final de TCC1 o aluno\/equipe deve produzir um relat\u00f3rio final, que ser\u00e1 avaliado pelo orientador para a defini\u00e7\u00e3o da nota na disciplina. Ao final de TCC2 o aluno\/equipe dever\u00e1 produzir uma monografia descrevendo todo o seu trabalho e defend\u00ea-la perante uma banca examinadora.<\/p>\n\n\n\n<p>Os TCCs produzidos pelos alunos do curso nos \u00faltimos anos est\u00e3o dispon\u00edveis <a href=\"https:\/\/www.inf.ufpr.br\/bcc\/tcc\/\">neste reposit\u00f3rio<\/a>. <\/p>\n\n\n\n<h4 class=\"wp-block-heading\">Orienta\u00e7\u00e3o<\/h4>\n\n\n\n<p>Cabe ao aluno contactar o docente de interesse para desenvolver seu TCC e matricular-se na disciplina correspondente (TCC1 ou TCC2, na turma do orientador), durante a fase de matr\u00edculas de cada per\u00edodo letivo.<\/p>\n\n\n\n<h4 class=\"wp-block-heading\">Formato do texto<\/h4>\n\n\n\n<p>O relat\u00f3rio final de TCC1 n\u00e3o tem formato espec\u00edfico, mas sugere-se usar o <a href=\"https:\/\/www.sbc.org.br\/documentos-da-sbc\/category\/169-templates-para-artigos-e-capitulos-de-livros\">formato de artigo da SBC<\/a>.<\/p>\n\n\n\n<p>A monografia resultante de TCC2 deve estar no formato definido pela biblioteca da UFPR (<a href=\"https:\/\/gitlab.c3sl.ufpr.br\/maziero\/tese\">modelo LaTeX<\/a>).<\/p>\n\n\n\n<h4 class=\"wp-block-heading\">Defesa<\/h4>\n\n\n\n<p>A banca de defesa de TTC2 \u00e9 definida pelo orientador, seguindo as regras do curso (vide abaixo). O aluno dever\u00e1 entregar sua monografia ao orientador e \u00e0 banca ao menos 2 semanas antes da defesa. Ap\u00f3s a defesa, o orientador deve enviar a ata de defesa assinada e a monografia revisada pelo aluno para a secretaria do curso, seguindo as instru\u00e7\u00f5es abaixo.<\/p>\n\n\n\n<p class=\"has-vivid-red-color has-text-color\"><strong>Orientador<\/strong>: n\u00e3o esque\u00e7a de lan\u00e7ar a nota do(s) aluno(s) no sistema acad\u00eamico!<\/p>\n\n\n\n<h4 class=\"wp-block-heading\">Instru\u00e7\u00f5es para entrega (orientador)<\/h4>\n\n\n\n<p>O colegiado do curso definiu as seguintes instru\u00e7\u00f5es para a entrega da vers\u00e3o final do TCC, <strong>a ser feita pelo professor orientador<\/strong>:<\/p>\n\n\n\n<ol class=\"wp-block-list\">\n<li>Criar um novo processo no sistema <a href=\"https:\/\/sei.ufpr.br\/\" data-type=\"URL\" data-id=\"https:\/\/sei.ufpr.br\/\" target=\"_blank\" rel=\"noreferrer noopener\">SEI<\/a>:\n<ul class=\"wp-block-list\">\n<li><strong>Tipo<\/strong>: &#8220;Gradua\u00e7\u00e3o\/Ensino T\u00e9cnico: Avalia\u00e7\u00e3o de Aluno (provas, exames e trabalhos, inclusive verifica\u00e7\u00f5es suplementares)&#8221;<\/li>\n\n\n\n<li><strong>Especifica\u00e7\u00e3o<\/strong>: Entrega de Trabalho de Conclus\u00e3o de Curso \u2013 GRRxxx, GRRxxx<\/li>\n\n\n\n<li><strong>Interessados<\/strong>: informar o(s) aluno(s), o orientador e os membros da banca<\/li>\n\n\n\n<li><strong>N\u00edvel de Acesso<\/strong>: P\u00fablico<\/li>\n\n\n\n<li>Salvar<\/li>\n<\/ul>\n<\/li>\n\n\n\n<li>Incluir o arquivo da vers\u00e3o final do TCC:\n<ul class=\"wp-block-list\">\n<li><strong>Incluir documento<\/strong>: Externo<\/li>\n\n\n\n<li><strong>Tipo de documento<\/strong>: Anexo<\/li>\n\n\n\n<li><strong>Nome na \u00e1rvore<\/strong>: TCC \u2013 nome do(s) aluno(s)<\/li>\n\n\n\n<li><strong>Formato<\/strong>: nato-digital<\/li>\n\n\n\n<li><strong>Remetente<\/strong>: Nome do orientador<\/li>\n\n\n\n<li><strong>N\u00edvel de Acesso<\/strong>: P\u00fablico<\/li>\n\n\n\n<li>Anexar o arquivo PDF da vers\u00e3o final do TCC<\/li>\n\n\n\n<li>Salvar<\/li>\n<\/ul>\n<\/li>\n\n\n\n<li>Incluir a ata de defesa:\n<ul class=\"wp-block-list\">\n<li><strong>Incluir documento<\/strong>: Externo<\/li>\n\n\n\n<li><strong>Tipo de documento<\/strong>: Ata<\/li>\n\n\n\n<li><strong>Nome na \u00e1rvore<\/strong>: Ata de Apresenta\u00e7\u00e3o de TCC<\/li>\n\n\n\n<li><strong>Formato<\/strong>: nato-digital<\/li>\n\n\n\n<li><strong>Remetente<\/strong>: Nome do orientador<\/li>\n\n\n\n<li><strong>N\u00edvel de Acesso<\/strong>: P\u00fablico<\/li>\n\n\n\n<li>Anexar o arquivo PDF da ata de defesa do TCC assinada<\/li>\n\n\n\n<li>Salvar<\/li>\n<\/ul>\n<\/li>\n\n\n\n<li>Autenticar os documentos TCC e Ata:\n<ul class=\"wp-block-list\">\n<li>Na lista de documentos do processo, selecionar cada documento<\/li>\n\n\n\n<li>Clicar em &#8220;Autenticar documento&#8221;<\/li>\n<\/ul>\n<\/li>\n\n\n\n<li>Enviar o processo \u00e0 coordena\u00e7\u00e3o do Curso \u2013 UFPR\/R\/ET\/CCOMP<\/li>\n<\/ol>\n\n\n\n<h4 class=\"wp-block-heading\">Links<\/h4>\n\n\n\n<ul class=\"wp-block-list\">\n<li><a href=\"http:\/\/web.inf.ufpr.br\/bcc\/wp-content\/uploads\/sites\/4\/2023\/11\/regulamento-tcc-2023.pdf\" title=\"\">Regras de TCC do curso<\/a><\/li>\n\n\n\n<li><a href=\"https:\/\/gitlab.c3sl.ufpr.br\/maziero\/tese\">Modelo de tese do PPGINF<\/a> (segue o modelo da Biblioteca da UFPR)<\/li>\n\n\n\n<li><a href=\"https:\/\/www.sbc.org.br\/documentos-da-sbc\/category\/169-templates-para-artigos-e-capitulos-de-livros\">Formato de artigo da SBC<\/a><\/li>\n\n\n\n<li>Ata de defesa (<a href=\"http:\/\/web.inf.ufpr.br\/bcc\/wp-content\/uploads\/sites\/4\/2021\/12\/Ata-TCC2-modelo-2021.odt\">formato ODT<\/a> e <a href=\"http:\/\/web.inf.ufpr.br\/bcc\/wp-content\/uploads\/sites\/4\/2021\/12\/Ata-TCC2-modelo-2021.pdf\">formato PDF<\/a>)<\/li>\n\n\n\n<li><a href=\"https:\/\/www.inf.ufpr.br\/bcc\/tcc\/\">Reposit\u00f3rio de TCCs defendidos<\/a><\/li>\n<\/ul>\n","protected":false},"excerpt":{"rendered":"<p>O Trabalho de Conclus\u00e3o de Curso (TCC) \u00e9 desenvolvido no final do curso e envolve a realiza\u00e7\u00e3o de pesquisa e<\/p>\n","protected":false},"author":71,"featured_media":0,"parent":0,"menu_order":0,"comment_status":"closed","ping_status":"closed","template":"","meta":{"colormag_page_container_layout":"default_layout","colormag_page_sidebar_layout":"default_layout","footnotes":""},"class_list":["post-1537","page","type-page","status-publish","hentry"],"_links":{"self":[{"href":"https:\/\/web.inf.ufpr.br\/bcc\/wp-json\/wp\/v2\/pages\/1537","targetHints":{"allow":["GET"]}}],"collection":[{"href":"https:\/\/web.inf.ufpr.br\/bcc\/wp-json\/wp\/v2\/pages"}],"about":[{"href":"https:\/\/web.inf.ufpr.br\/bcc\/wp-json\/wp\/v2\/types\/page"}],"author":[{"embeddable":true,"href":"https:\/\/web.inf.ufpr.br\/bcc\/wp-json\/wp\/v2\/users\/71"}],"replies":[{"embeddable":true,"href":"https:\/\/web.inf.ufpr.br\/bcc\/wp-json\/wp\/v2\/comments?post=1537"}],"version-history":[{"count":28,"href":"https:\/\/web.inf.ufpr.br\/bcc\/wp-json\/wp\/v2\/pages\/1537\/revisions"}],"predecessor-version":[{"id":2158,"href":"https:\/\/web.inf.ufpr.br\/bcc\/wp-json\/wp\/v2\/pages\/1537\/revisions\/2158"}],"wp:attachment":[{"href":"https:\/\/web.inf.ufpr.br\/bcc\/wp-json\/wp\/v2\/media?parent=1537"}],"curies":[{"name":"wp","href":"https:\/\/api.w.org\/{rel}","templated":true}]}}