{"id":1435,"date":"2021-10-27T16:18:58","date_gmt":"2021-10-27T19:18:58","guid":{"rendered":"https:\/\/web.inf.ufpr.br\/bcc\/?page_id=1435"},"modified":"2025-03-24T15:09:52","modified_gmt":"2025-03-24T18:09:52","slug":"docentes","status":"publish","type":"page","link":"https:\/\/web.inf.ufpr.br\/bcc\/docentes\/","title":{"rendered":"Docentes"},"content":{"rendered":"\t\t<div data-elementor-type=\"wp-page\" data-elementor-id=\"1435\" class=\"elementor elementor-1435\">\n\t\t\t\t\t\t<section class=\"elementor-section elementor-top-section elementor-element elementor-element-496311cf elementor-section-boxed elementor-section-height-default elementor-section-height-default\" data-id=\"496311cf\" data-element_type=\"section\" data-e-type=\"section\">\n\t\t\t\t\t\t<div class=\"elementor-container elementor-column-gap-default\">\n\t\t\t\t\t<div class=\"elementor-column elementor-col-100 elementor-top-column elementor-element elementor-element-2a4577b6\" data-id=\"2a4577b6\" data-element_type=\"column\" data-e-type=\"column\">\n\t\t\t<div class=\"elementor-widget-wrap elementor-element-populated\">\n\t\t\t\t\t\t<div class=\"elementor-element elementor-element-7fe14304 elementor-widget elementor-widget-text-editor\" data-id=\"7fe14304\" data-element_type=\"widget\" data-e-type=\"widget\" data-widget_type=\"text-editor.default\">\n\t\t\t\t<div class=\"elementor-widget-container\">\n\t\t\t\t\t\t\t\t\t<p><\/p>\n<p>As disciplinas do curso s\u00e3o ministradas por docentes dos Departamentos de Inform\u00e1tica, Matem\u00e1tica, Estat\u00edstica e Administra\u00e7\u00e3o da UFPR, quase todos com doutorado em suas \u00e1reas de atua\u00e7\u00e3o. O docente espec\u00edfico de cada disciplina \u00e9 designado por seu respectivo departamento e varia a cada per\u00edodo letivo, em fun\u00e7\u00e3o das disciplinas oferecidas e da carga hor\u00e1ria e demais atribui\u00e7\u00f5es dos docentes (aulas de p\u00f3s-gradua\u00e7\u00e3o, afastamentos, cargos administrativos, etc).<\/p>\n<p>A rela\u00e7\u00e3o de docentes dos respectivos departamentos, com suas informa\u00e7\u00f5es (titula\u00e7\u00e3o, tempo de casa, curr\u00edculo Lattes) pode ser encontrada aqui:<\/p>\n<ul>\n<li><a href=\"https:\/\/web.inf.ufpr.br\/dinf\/?page_id=63\">Docentes do Departamento de Inform\u00e1tica<\/a><\/li>\n<li><a href=\"http:\/\/www.mat.ufpr.br\/departamento\/Docentes.html\">Docentes do Departamento de Matem\u00e1tica<\/a><\/li>\n<li><a href=\"http:\/\/www.est.ufpr.br\/docentes.html\">Docentes do Departamento de Estat\u00edstica<\/a><\/li>\n<\/ul>\n<p>A defini\u00e7\u00e3o do docente espec\u00edfico de cada disciplina do curso a cada per\u00edodo letivo est\u00e1 dispon\u00edvel a todos alunos no sistema acad\u00eamico <a href=\"http:\/\/www.prppg.ufpr.br\/siga\/\">SIGA<\/a>.<\/p>\n<p><\/p>\t\t\t\t\t\t\t\t<\/div>\n\t\t\t\t<\/div>\n\t\t\t\t\t<\/div>\n\t\t<\/div>\n\t\t\t\t\t<\/div>\n\t\t<\/section>\n\t\t\t\t<\/div>\n\t\t","protected":false},"excerpt":{"rendered":"","protected":false},"author":71,"featured_media":0,"parent":0,"menu_order":0,"comment_status":"closed","ping_status":"closed","template":"","meta":{"colormag_page_container_layout":"default_layout","colormag_page_sidebar_layout":"default_layout","footnotes":""},"class_list":["post-1435","page","type-page","status-publish","hentry"],"_links":{"self":[{"href":"https:\/\/web.inf.ufpr.br\/bcc\/wp-json\/wp\/v2\/pages\/1435","targetHints":{"allow":["GET"]}}],"collection":[{"href":"https:\/\/web.inf.ufpr.br\/bcc\/wp-json\/wp\/v2\/pages"}],"about":[{"href":"https:\/\/web.inf.ufpr.br\/bcc\/wp-json\/wp\/v2\/types\/page"}],"author":[{"embeddable":true,"href":"https:\/\/web.inf.ufpr.br\/bcc\/wp-json\/wp\/v2\/users\/71"}],"replies":[{"embeddable":true,"href":"https:\/\/web.inf.ufpr.br\/bcc\/wp-json\/wp\/v2\/comments?post=1435"}],"version-history":[{"count":13,"href":"https:\/\/web.inf.ufpr.br\/bcc\/wp-json\/wp\/v2\/pages\/1435\/revisions"}],"predecessor-version":[{"id":2295,"href":"https:\/\/web.inf.ufpr.br\/bcc\/wp-json\/wp\/v2\/pages\/1435\/revisions\/2295"}],"wp:attachment":[{"href":"https:\/\/web.inf.ufpr.br\/bcc\/wp-json\/wp\/v2\/media?parent=1435"}],"curies":[{"name":"wp","href":"https:\/\/api.w.org\/{rel}","templated":true}]}}